Results for 3.4 20030228 (experimental) testsuite on sparc64-unknown-linux-gnu
c.christian.joensson@telia.com
c.christian.joensson@telia.com
Sat Mar 1 11:11:00 GMT 2003
Aurora SPARC Linux 1.0 (Ansel) Ultra1 single UltraSparc I sun4u:
binutils 2.13.90 20030227 sparc64-linux
bison-1.35-1
dejagnu-1.4.2-10 (ftp://ftp.redhat.com/pub/redhat/linux/rawhide/SRPMS/SRPMS)
expect-5.32.2-67
gcc-2.96-113
glibc-2.2.5-42
glibc-kernheaders-2.4-7.16sparc
glibc64-2.2.5-42
kernel-2.4.19-1.2sparc (from Aurora SPARC Linux 0.42)
tcl-8.3.3-67
LAST_UPDATED: Fri Feb 28 07:52:09 UTC 2003
Native configuration is sparc64-unknown-linux-gnu
=== binutils tests ===
Running target unix
=== binutils Summary ===
# of expected passes 31
# of expected failures 1
=== gas tests ===
Running target unix
=== gas Summary ===
# of expected passes 49
# of expected failures 2
=== g77 tests ===
Running target unix
=== g77 Summary ===
# of expected passes 1644
# of unsupported tests 8
/usr/local/src/gcc-binutils/trunk/objdir/gcc/testsuite/../g77 version 3.4 20030228 (experimental)
=== gcc tests ===
Running target unix
FAIL: gcc.c-torture/compile/20000922-1.c, -O2
FAIL: gcc.c-torture/compile/20000922-1.c, -O3 -fomit-frame-pointer
FAIL: gcc.c-torture/compile/20000922-1.c, -O3 -g
FAIL: gcc.c-torture/compile/20000922-1.c, -Os
FAIL: gcc.c-torture/compile/simd-5.c, -O0
FAIL: gcc.c-torture/compile/simd-5.c, -O1
FAIL: gcc.c-torture/compile/simd-5.c, -O2
FAIL: gcc.c-torture/compile/simd-5.c, -O3 -fomit-frame-pointer
FAIL: gcc.c-torture/compile/simd-5.c, -O3 -g
FAIL: gcc.c-torture/compile/simd-5.c, -Os
FAIL: gcc.c-torture/execute/20010119-1.c compilation, -O2
UNRESOLVED: gcc.c-torture/execute/20010119-1.c execution, -O2
FAIL: gcc.c-torture/execute/20010119-1.c compilation, -O3 -fomit-frame-pointer
UNRESOLVED: gcc.c-torture/execute/20010119-1.c execution, -O3 -fomit-frame-pointer
FAIL: gcc.c-torture/execute/20010119-1.c compilation, -O3 -fomit-frame-pointer -funroll-loops
UNRESOLVED: gcc.c-torture/execute/20010119-1.c execution, -O3 -fomit-frame-pointer -funroll-loops
FAIL: gcc.c-torture/execute/20010119-1.c compilation, -O3 -fomit-frame-pointer -funroll-all-loops -finline-functions
UNRESOLVED: gcc.c-torture/execute/20010119-1.c execution, -O3 -fomit-frame-pointer -funroll-all-loops -finline-functions
FAIL: gcc.c-torture/execute/20010119-1.c compilation, -O3 -g
UNRESOLVED: gcc.c-torture/execute/20010119-1.c execution, -O3 -g
FAIL: gcc.c-torture/execute/20010119-1.c compilation, -Os
UNRESOLVED: gcc.c-torture/execute/20010119-1.c execution, -Os
FAIL: gcc.c-torture/execute/20030125-1.c execution, -O1
FAIL: gcc.c-torture/execute/20030125-1.c execution, -O2
FAIL: gcc.c-torture/execute/20030125-1.c execution, -O3 -fomit-frame-pointer
FAIL: gcc.c-torture/execute/20030125-1.c execution, -O3 -g
FAIL: gcc.c-torture/execute/20030125-1.c execution, -Os
FAIL: gcc.c-torture/execute/bcp-1.c compilation, -O2
UNRESOLVED: gcc.c-torture/execute/bcp-1.c execution, -O2
FAIL: gcc.c-torture/execute/bcp-1.c compilation, -O3 -fomit-frame-pointer
UNRESOLVED: gcc.c-torture/execute/bcp-1.c execution, -O3 -fomit-frame-pointer
FAIL: gcc.c-torture/execute/bcp-1.c compilation, -O3 -fomit-frame-pointer -funroll-loops
UNRESOLVED: gcc.c-torture/execute/bcp-1.c execution, -O3 -fomit-frame-pointer -funroll-loops
FAIL: gcc.c-torture/execute/bcp-1.c compilation, -O3 -fomit-frame-pointer -funroll-all-loops -finline-functions
UNRESOLVED: gcc.c-torture/execute/bcp-1.c execution, -O3 -fomit-frame-pointer -funroll-all-loops -finline-functions
FAIL: gcc.c-torture/execute/bcp-1.c compilation, -O3 -g
UNRESOLVED: gcc.c-torture/execute/bcp-1.c execution, -O3 -g
FAIL: gcc.c-torture/execute/bcp-1.c compilation, -Os
UNRESOLVED: gcc.c-torture/execute/bcp-1.c execution, -Os
FAIL: gcc.c-torture/execute/conversion.c execution, -O0
FAIL: gcc.c-torture/execute/conversion.c execution, -O1
FAIL: gcc.c-torture/execute/conversion.c execution, -O2
FAIL: gcc.c-torture/execute/conversion.c execution, -Os
FAIL: gcc.c-torture/execute/memset-1.c compilation, -O2
UNRESOLVED: gcc.c-torture/execute/memset-1.c execution, -O2
FAIL: gcc.c-torture/execute/memset-1.c compilation, -O3 -fomit-frame-pointer
UNRESOLVED: gcc.c-torture/execute/memset-1.c execution, -O3 -fomit-frame-pointer
FAIL: gcc.c-torture/execute/memset-1.c compilation, -O3 -fomit-frame-pointer -funroll-loops
UNRESOLVED: gcc.c-torture/execute/memset-1.c execution, -O3 -fomit-frame-pointer -funroll-loops
FAIL: gcc.c-torture/execute/memset-1.c compilation, -O3 -fomit-frame-pointer -funroll-all-loops -finline-functions
UNRESOLVED: gcc.c-torture/execute/memset-1.c execution, -O3 -fomit-frame-pointer -funroll-all-loops -finline-functions
FAIL: gcc.c-torture/execute/memset-1.c compilation, -O3 -g
UNRESOLVED: gcc.c-torture/execute/memset-1.c execution, -O3 -g
FAIL: gcc.c-torture/execute/strncmp-1.c execution, -O0
FAIL: gcc.c-torture/execute/strncmp-1.c execution, -O1
FAIL: gcc.c-torture/execute/strncmp-1.c execution, -O2
FAIL: gcc.c-torture/execute/strncmp-1.c execution, -O3 -fomit-frame-pointer
FAIL: gcc.c-torture/execute/strncmp-1.c execution, -O3 -fomit-frame-pointer -funroll-loops
FAIL: gcc.c-torture/execute/strncmp-1.c execution, -O3 -fomit-frame-pointer -funroll-all-loops -finline-functions
FAIL: gcc.c-torture/execute/strncmp-1.c execution, -O3 -g
FAIL: gcc.c-torture/execute/strncmp-1.c execution, -Os
FAIL: gcc.dg/cpp/Wunused.c (test for excess errors)
FAIL: gcc.dg/cpp/trad/Wunused.c (test for excess errors)
FAIL: gcc.dg/20021014-1.c execution test
FAIL: gcc.dg/duff-2.c (test for excess errors)
FAIL: gcc.dg/nest.c execution test
FAIL: gcc.dg/noreturn-1.c detect falling off end of noreturn (test for warnings, line 11)
FAIL: gcc.dg/noreturn-1.c (test for excess errors)
FAIL: gcc.dg/return-type-1.c warning for falling off end of non-void function (test for warnings, line 9)
FAIL: gcc.dg/return-type-1.c (test for excess errors)
XPASS: gcc.dg/uninit-4.c uninitialized variable warning (test for bogus messages, line 26)
FAIL: gcc.dg/pch/inline-1.c (test for excess errors)
FAIL: pch/static-1.c -O0 assembly comparison
FAIL: pch/static-1.c -O1 assembly comparison
FAIL: pch/static-1.c -O2 assembly comparison
FAIL: pch/static-1.c -Os assembly comparison
FAIL: pch/static-2.c -O0 assembly comparison
FAIL: pch/static-2.c -O1 assembly comparison
FAIL: pch/static-2.c -O2 assembly comparison
FAIL: pch/static-2.c -Os assembly comparison
FAIL: linkage.c
=== gcc Summary ===
# of expected passes 21221
# of unexpected failures 63
# of unexpected successes 1
# of expected failures 72
# of unresolved testcases 17
# of untested testcases 1
# of unsupported tests 175
/usr/local/src/gcc-binutils/trunk/objdir/gcc/xgcc version 3.4 20030228 (experimental)
=== g++ tests ===
Running target unix
FAIL: g++.dg/other/error2.C (test for errors, line 14)
FAIL: g++.dg/other/error2.C (test for excess errors)
FAIL: g++.dg/parse/saved1.C (test for errors, line 6)
FAIL: g++.dg/parse/stack1.C (test for excess errors)
FAIL: g++.dg/warn/Wunused-2.C (test for warnings, line 5)
FAIL: g++.dg/warn/implicit-typename1.C (test for warnings, line 16)
FAIL: g++.dg/pch/empty.C (test for excess errors)
FAIL: g++.dg/pch/empty.C (test for excess errors)
FAIL: g++.dg/pch/empty.C (test for excess errors)
FAIL: g++.dg/pch/system-1.C (test for excess errors)
FAIL: g++.dg/pch/system-1.C (test for excess errors)
FAIL: g++.dg/pch/system-1.C (test for excess errors)
FAIL: g++.dg/pch/uninst.C (test for excess errors)
FAIL: g++.dg/pch/uninst.C (test for excess errors)
FAIL: g++.brendan/array-refs.C caused compiler crash
FAIL: g++.bugs/900519_07.C caused compiler crash
FAIL: g++.law/profile1.C Execution test
FAIL: g++.oliva/template9.C caused compiler crash
FAIL: g++.pt/defarg8.C caused compiler crash
=== g++ Summary ===
# of expected passes 8234
# of unexpected failures 19
# of expected failures 68
# of untested testcases 31
# of unsupported tests 17
/usr/local/src/gcc-binutils/trunk/objdir/gcc/testsuite/../g++ version 3.4 20030228 (experimental)
=== objc tests ===
Running target unix
=== objc Summary ===
# of expected passes 1153
/usr/local/src/gcc-binutils/trunk/objdir/gcc/xgcc version 3.4 20030228 (experimental)
=== ld tests ===
Running target unix
FAIL: visibility (hidden_normal) (non PIC)
FAIL: visibility (hidden_normal) (non PIC, load offset)
FAIL: visibility (hidden_normal) (PIC main, non PIC so)
FAIL: visibility (hidden_weak) (non PIC)
FAIL: visibility (hidden_weak) (non PIC, load offset)
FAIL: visibility (hidden_weak) (PIC main, non PIC so)
FAIL: visibility (protected) (non PIC)
FAIL: visibility (protected) (non PIC, load offset)
FAIL: visibility (protected) (PIC main, non PIC so)
FAIL: visibility (protected_undef_def) (non PIC)
FAIL: visibility (protected_undef_def) (non PIC, load offset)
FAIL: visibility (protected_undef_def) (PIC main, non PIC so)
FAIL: visibility (protected_weak) (non PIC)
FAIL: visibility (protected_weak) (non PIC, load offset)
FAIL: visibility (protected_weak) (PIC main, non PIC so)
FAIL: visibility (normal) (non PIC)
FAIL: visibility (normal) (non PIC, load offset)
FAIL: visibility (normal) (PIC main, non PIC so)
FAIL: selective1
FAIL: selective2
ERROR: /usr/local/src/gcc-binutils/trunk/gcc-binutils/ld/testsuite/ld-selective/3.cc: compilation failed
UNRESOLVED: selective4
ERROR: /usr/local/src/gcc-binutils/trunk/gcc-binutils/ld/testsuite/ld-selective/4.cc: compilation failed
UNRESOLVED: selective5
ERROR: /usr/local/src/gcc-binutils/trunk/gcc-binutils/ld/testsuite/ld-selective/5.cc: compilation failed
UNRESOLVED: selective6
FAIL: shared (non PIC)
FAIL: shared (non PIC, load offset)
FAIL: shared (PIC main, non PIC so)
FAIL: TLS -fpic -shared transitions
FAIL: TLS -fpic and -fno-pic exec transitions
FAIL: TLS -fno-pic -shared
=== ld Summary ===
# of expected passes 125
# of unexpected failures 26
# of expected failures 13
# of unresolved testcases 3
=== libjava tests ===
Running target unix
FAIL: SyncTest execution - gij test
WARNING: program timed out.
FAIL: SyncTest execution - bytecode->native test
FAIL: SyncTest execution - gij test
WARNING: program timed out.
FAIL: SyncTest -O execution - bytecode->native test
=== libjava Summary ===
# of expected passes 2935
# of unexpected failures 4
# of expected failures 16
# of untested testcases 16
=== libstdc++-v3 tests ===
Running target unix
FAIL: 22_locale/codecvt/encoding/wchar_t/wrapped_locale.cc execution test
FAIL: 22_locale/codecvt/max_length/wchar_t/wrapped_locale.cc execution test
WARNING: program timed out.
FAIL: thread/pthread4.cc execution test
=== libstdc++-v3 Summary ===
# of expected passes 1184
# of unexpected failures 3
# of expected failures 3
Compiler version: 3.4 20030228 (experimental)
Platform: sparc64-unknown-linux-gnu
configure flags: sparc64-linux --prefix=/usr/local/gcc-binutils --enable-shared --enable-threads=posix
Counting all warnings,
there are 388 warnings in stage0 of this bootstrap.
Number of warnings per file:
62 libiberty/regex.c
19 libjava/java/lang/mprec.c
16 libjava/java/awt/TextComponent.java
16 include/linux/sysctl.h
12 libjava/java/security/IdentityScope.java
12 libjava/java/awt/TextArea.java
12 libjava/gnu/java/nio/natSocketChannelImpl.cc
10 libjava/java/awt/ScrollPane.java
9 java/lang/Integer.h
8 libjava/java/security/Identity.java
8 libjava/java/lang/strtod.c
8 libjava/java/lang/dtoa.c
8 libjava/java/awt/TextField.java
8 libjava/java/awt/List.java
6 libjava/java/sql/Time.java
6 libjava/java/net/MulticastSocket.java
6 libjava/java/lang/ThreadGroup.java
6 libjava/java/lang/natClassLoader.cc
6 libjava/java/lang/e_exp.c
6 libjava/java/awt/Scrollbar.java
6 libjava/java/awt/datatransfer/StringSelection.java
6 libf2c/libI77/rsne.c
4 libobjc/linking.m
4 libjava/javax/swing/JComponent.java
4 libjava/java/security/Signer.java
4 libjava/java/security/Signature.java
4 libjava/java/security/DummySignature.java
4 libjava/java/lang/w_exp.c
4 libjava/java/awt/Window.java
4 libjava/gnu/java/rmi/server/RMIObjectInputStream.java
4 libjava/gnu/java/rmi/registry/RegistryImpl_Skel.java
4 libjava/gnu/java/rmi/dgc/DGCImpl_Skel.java
4 libjava/gnu/java/awt/peer/gtk/GtkClipboard.java
4 libffi/src/sparc/v8.S
4 include/xregex2.h
2 /usr/local/src/gcc-binutils/trunk/gcc-binutils/boehm-gc/mark_rts.c
2 runtime-info.h
2 libobjc/Protocol.m
2 libobjc/Object.m
2 libobjc/encoding.c
2 libjava/verify.cc
2 libjava/prims.cc
2 libjava/org/xml/sax/helpers/XMLReaderFactory.java
2 libjava/org/xml/sax/helpers/ParserAdapter.java
2 libjava/jni.cc
2 libjava/javax/swing/plaf/ComponentUI.java
2 libjava/javax/swing/JApplet.java
2 libjava/java/util/zip/ZipFile.java
2 libjava/java/sql/Date.java
2 libjava/java/net/natNetworkInterface.cc
2 libjava/java/lang/System.java
2 libjava/java/lang/e_rem_pio2.c
2 libjava/java/lang/e_asin.c
2 libjava/java/io/StringBufferInputStream.java
2 libjava/java/io/RandomAccessFile.java
2 libjava/java/io/ObjectInputStream.java
2 libjava/java/io/ByteArrayOutputStream.java
2 libjava/java/awt/Toolkit.java
2 libjava/java/awt/Font.java
2 libjava/java/awt/Container.java
2 libjava/gnu/java/nio/natFileChannelImpl.cc
2 libjava/gnu/java/awt/peer/gtk/GtkMenuPeer.java
2 libjava/gnu/java/awt/peer/gtk/GtkComponentPeer.java
2 libjava/gnu/gcj/runtime/natSharedLibLoader.cc
2 libjava/gnu/gcj/io/shs.cc
2 libjava/gnu/awt/xlib/XCanvasPeer.java
2 libiberty/md5.c
2 libffi/src/sparc/v9.S
2 libf2c/libI77/open.c
2 libf2c/libI77/inquire.c
2 include/linux/kernel.h
2 include/java-signal.h
1 libf2c/libU77/srand_.c
1 libf2c/libU77/chmod_.c
1 libf2c/libI77/uio.c
1 lex.yy.c
1 fastjar/jartool.c
1 configure
Number of warning types:
130 The method \`???' in class \`???' has been deprecated.
38 The class \`???' has been deprecated.
34 \`???' might be used uninitialized in this function
24 signed and unsigned type in conditional expression
20 unused
16 function \`???' was previously declared within a block
16 comma at end of enumerator list
12 suggest parentheses around + or - inside shift
9 this decimal constant is unsigned only in ISO
9 implicit declaration of function \`???'
9 \`???' defined but not used
8 dereferencing type-punned pointer will break strict-aliasing rules
6 useless keyword or type name in empty declaration
6 unused parameter \`???'
6 The field \`???' in class \`???' has been deprecated.
6 empty declaration
6 comparison
4 suggest parentheses around assignment used as truth value
4 ISO C90 does not support \`static' or type qualifiers in parameter array declarators
3 this is the location of the previous definition
3 suggest parentheses around arithmetic in operand of |
3 \`STACKFRAME' redefined
2 statement
2 ISO C forbids zero-size array \`???'
2 function returns address of local variable
2 \`???' defined but
2 comparison between signed and unsigned
2 cast
2 \`
1 string length \`???' is greater than the length \`???' ISO C89 compilers are required to support
1
Counting all warnings,
there are 10 warnings in stage3 of this bootstrap.
Number of warnings per file:
3 gcc/gcc.c
2 /usr/share/bison/bison.simple
2 gcc/f/sta.c
2 gcc/crtstuff.c
1 gcc/java/jvspec.c
Number of warning types:
3 string length \`???' is greater than the length \`???' ISO C89 compilers are required to support
2 passing arg ??? of \`???' discards qualifiers from pointer target type
2 label \`???' defined but not used
2 dereferencing type-punned pointer will break strict-aliasing rules
1 traditional C rejects string concatenation
More information about the Gcc-testresults
mailing list