Results for 3.4 20030626 (experimental) testsuite on ia64-suse-linux-gnu
Andreas Schwab
schwab@suse.de
Thu Jun 26 13:44:00 GMT 2003
LAST_UPDATED: Thu Jun 26 08:05:09 UTC 2003
Native configuration is ia64-suse-linux-gnu
=== g++ tests ===
Running target unix
FAIL: g++.dg/ext/pretty1.C scan-assembler top level
FAIL: g++.dg/ext/pretty2.C (test for excess errors)
WARNING: g++.dg/ext/pretty2.C compilation failed to produce executable
FAIL: g++.dg/init/array10.C (test for excess errors)
FAIL: g++.old-deja/g++.law/memoized1.C (test for excess errors)
FAIL: g++.old-deja/g++.mike/memoize1.C (test for excess errors)
WARNING: g++.old-deja/g++.mike/p10769a.C compilation failed to produce executable
WARNING: g++.old-deja/g++.other/enum5.C compilation failed to produce executable
WARNING: g++.old-deja/g++.pt/friend44.C compilation failed to produce executable
=== g++ Summary ===
# of expected passes 8347
# of unexpected failures 5
# of expected failures 67
# of unsupported tests 45
/tmp/cvs/gcc-20030626/Build/gcc/testsuite/../g++ version 3.4 20030626 (experimental)
=== g77 tests ===
Running target unix
FAIL: g77.f-torture/execute/980520-1.f compilation, -O0
=== g77 Summary ===
# of expected passes 1746
# of unexpected failures 1
# of untested testcases 1
# of unsupported tests 6
/tmp/cvs/gcc-20030626/Build/gcc/testsuite/../g77 version 3.4 20030626 (experimental)
=== gcc tests ===
Running target unix
XPASS: gcc.c-torture/compile/920625-1.c (test for excess errors)
XPASS: gcc.c-torture/compile/920625-1.c (test for excess errors)
XPASS: gcc.c-torture/compile/920625-1.c (test for excess errors)
XPASS: gcc.c-torture/compile/920625-1.c (test for excess errors)
XPASS: gcc.c-torture/compile/920625-1.c (test for excess errors)
XPASS: gcc.c-torture/execute/990208-1.c execution, -O3 -fomit-frame-pointer
XPASS: gcc.c-torture/execute/990208-1.c execution, -O3 -g
FAIL: gcc.dg/compat/scalar-by-value-3 c_compat_x_tst.o compile
UNRESOLVED: gcc.dg/compat/scalar-by-value-3 c_compat_x_tst.o-c_compat_y_tst.o link
UNRESOLVED: gcc.dg/compat/scalar-by-value-3 c_compat_x_tst.o-c_compat_y_tst.o execute
FAIL: gcc.dg/compat/scalar-by-value-4 c_compat_x_tst.o compile
UNRESOLVED: gcc.dg/compat/scalar-by-value-4 c_compat_x_tst.o-c_compat_y_tst.o link
UNRESOLVED: gcc.dg/compat/scalar-by-value-4 c_compat_x_tst.o-c_compat_y_tst.o execute
FAIL: gcc.dg/compat/scalar-return-3 c_compat_x_tst.o compile
UNRESOLVED: gcc.dg/compat/scalar-return-3 c_compat_x_tst.o-c_compat_y_tst.o link
UNRESOLVED: gcc.dg/compat/scalar-return-3 c_compat_x_tst.o-c_compat_y_tst.o execute
FAIL: gcc.dg/compat/struct-by-value-16 c_compat_x_tst.o compile
FAIL: gcc.dg/compat/struct-by-value-16 c_compat_y_tst.o compile
UNRESOLVED: gcc.dg/compat/struct-by-value-16 c_compat_x_tst.o-c_compat_y_tst.o link
UNRESOLVED: gcc.dg/compat/struct-by-value-16 c_compat_x_tst.o-c_compat_y_tst.o execute
FAIL: gcc.dg/compat/struct-by-value-18 c_compat_x_tst.o compile
UNRESOLVED: gcc.dg/compat/struct-by-value-18 c_compat_x_tst.o-c_compat_y_tst.o link
UNRESOLVED: gcc.dg/compat/struct-by-value-18 c_compat_x_tst.o-c_compat_y_tst.o execute
FAIL: gcc.dg/compat/struct-by-value-5 c_compat_x_tst.o compile
UNRESOLVED: gcc.dg/compat/struct-by-value-5 c_compat_x_tst.o-c_compat_y_tst.o link
UNRESOLVED: gcc.dg/compat/struct-by-value-5 c_compat_x_tst.o-c_compat_y_tst.o execute
FAIL: gcc.dg/builtins-18.c (test for excess errors)
FAIL: gcc.dg/warn-1.c (test for warnings, line 15)
FAIL: gcc.dg/pch/global-1.c -O3 -g assembly comparison
FAIL: gcc.dg/pch/inline-1.c -O3 -fomit-frame-pointer assembly comparison
FAIL: gcc.dg/pch/inline-1.c -O3 -g assembly comparison
=== gcc Summary ===
# of expected passes 22129
# of unexpected failures 12
# of unexpected successes 7
# of expected failures 82
# of unresolved testcases 12
# of unsupported tests 235
/tmp/cvs/gcc-20030626/Build/gcc/xgcc version 3.4 20030626 (experimental)
=== objc tests ===
Running target unix
=== objc Summary ===
# of expected passes 1156
/tmp/cvs/gcc-20030626/Build/gcc/xgcc version 3.4 20030626 (experimental)
=== libjava tests ===
Running target unix
=== libjava Summary ===
# of expected passes 3055
# of expected failures 16
# of untested testcases 12
=== libstdc++-v3 tests ===
Running target unix
FAIL: 22_locale/codecvt/encoding/wchar_t/wrapped_locale.cc execution test
FAIL: 22_locale/codecvt/max_length/wchar_t/wrapped_locale.cc execution test
FAIL: 22_locale/ctype/widen/wchar_t/2.cc execution test
FAIL: 25_algorithms/min_max.cc (test for excess errors)
XPASS: 26_numerics/c99_classification_macros_c.cc (test for excess errors)
FAIL: 27_io/basic_filebuf/underflow/wchar_t/9520.cc execution test
=== libstdc++-v3 Summary ===
# of expected passes 1965
# of unexpected failures 5
# of unexpected successes 1
Compiler version: 3.4 20030626 (experimental)
Platform: ia64-suse-linux-gnu
configure flags: --host=ia64-suse-linux --enable-shared --enable-threads --with-system-zlib
More information about the Gcc-testresults
mailing list