Results for 3.3 testsuite on sparc-sun-solaris2.8
Thornton, James
James.Thornton@BellSouth.com
Sun Jun 15 13:42:00 GMT 2003
System info:
u-238:/home/jamest %uname -a
SunOS u-238 5.8 Generic_108528-21 sun4u sparc SUNW,UltraSPARC-IIi-Engine
Build version:
u-238:/home/jamest %gcc -v
Reading specs from /usr/local/lib/gcc-lib/sparc-sun-solaris2.8/3.1/specs
Configured with: ../configure --with-as=/usr/ccs/bin/as
--with-ld=/usr/ccs/bin/ld --disable-nls
Thread model: posix
gcc version 3.1
3.3 Build:
u-238:/usr/local/src/gcc/pkgtest/usr/local/bin #./gcc -v
Reading specs from ./../lib/gcc-lib/sparc-sun-solaris2.8/3.3/specs
Configured with: /usr/local/src/gcc/gcc-3.3/configure --enable-threads=posix
--disable-nls --disable-libgcj --with-arch=sparcv9 --with-cpu=ultrasparc
--with-as=/usr/ccs/bin/as --with-ld=/usr/ccs/bin/ld
Thread model: posix
gcc version 3.3
LAST_UPDATED:
Native configuration is sparc-sun-solaris2.8
=== g++ tests ===
Running target unix
FAIL: g++.dg/compat/eh/unexpected1 x_tst.o-y_tst.o execute
FAIL: g++.dg/compat/init/array5 x_tst.o-y_tst.o execute
FAIL: g++.dg/eh/unexpected1.C execution test
FAIL: g++.eh/spec2.C Execution test
FAIL: g++.eh/spec3.C Execution test
FAIL: g++.eh/spec4.C Execution test
FAIL: g++.mike/eh33.C Execution test
FAIL: g++.mike/eh50.C Execution test
FAIL: g++.mike/eh51.C Execution test
=== g++ Summary ===
# of expected passes 7918
# of unexpected failures 9
# of expected failures 100
# of untested testcases 21
# of unsupported tests 16
/home/src/gcc/gcc3.3build/gcc/testsuite/../g++ version 3.3
=== g77 tests ===
Running target unix
=== g77 Summary ===
# of expected passes 1686
# of unsupported tests 8
/home/src/gcc/gcc3.3build/gcc/testsuite/../g77 version 3.3
=== gcc tests ===
Running target unix
FAIL: gcc.c-torture/execute/20000314-2.c execution, -O2
FAIL: gcc.c-torture/execute/20000314-2.c execution, -Os
FAIL: gcc.c-torture/execute/961122-1.c execution, -Os
WARNING: gcc.dg/20021014-1.c compilation failed to produce executable
FAIL: gcc.dg/duff-2.c (test for excess errors)
=== gcc Summary ===
# of expected passes 21213
# of unexpected failures 4
# of expected failures 67
# of unsupported tests 162
/home/src/gcc/gcc3.3build/gcc/xgcc version 3.3
=== objc tests ===
Running target unix
=== objc Summary ===
# of expected passes 1153
/home/src/gcc/gcc3.3build/gcc/xgcc version 3.3
=== libstdc++-v3 tests ===
Running target unix
FAIL: 27_io/ios_base_storage.cc execution test
WARNING: program timed out.
FAIL: thread/pthread4.cc execution test
=== libstdc++-v3 Summary ===
# of expected passes 427
# of unexpected failures 2
# of expected failures 18
Compiler version: 3.3
Platform: sparc-sun-solaris2.8
configure flags: --host=sparc-sun-solaris2.8 --enable-threads=posix
--disable-nls --disable-libgcj --with-arch=sparcv9 --with-cpu=ultrasparc
--with-as=/usr/ccs/bin/as --with-ld=/usr/ccs/bin/ld
*****
"The information transmitted is intended only for the person or entity to
which it is addressed and may contain confidential, proprietary, and/or
privileged material. Any review, retransmission, dissemination or other use
of, or taking of any action in reliance upon, this information by persons or
entities other than the intended recipient is prohibited. If you received
this in error, please contact the sender and delete the material from all
computers."
More information about the Gcc-testresults
mailing list