Results for 3.4 20030612 (experimental) testsuite on i386-unknown-netbsdelf1.6
Krister Walfridsson
cato@df.lth.se
Thu Jun 12 20:11:00 GMT 2003
LAST_UPDATED: Thu Jun 12 17:28:08 UTC 2003
Native configuration is i386-unknown-netbsdelf1.6
=== g++ tests ===
Running target unix
FAIL: g++.dg/eh/simd-2.C (test for excess errors)
WARNING: g++.dg/eh/simd-2.C compilation failed to produce executable
FAIL: g++.dg/ext/pretty1.C scan-assembler top level
FAIL: g++.dg/ext/pretty2.C (test for excess errors)
WARNING: g++.dg/ext/pretty2.C compilation failed to produce executable
FAIL: g++.dg/init/array10.C (test for excess errors)
WARNING: g++.old-deja/g++.mike/p10769a.C compilation failed to produce executable
WARNING: g++.old-deja/g++.other/enum5.C compilation failed to produce executable
WARNING: g++.old-deja/g++.pt/friend44.C compilation failed to produce executable
=== g++ Summary ===
# of expected passes 8597
# of unexpected failures 4
# of expected failures 68
# of unsupported tests 22
/gcctmp/gcc030612/build/gcc/testsuite/../g++ version 3.4 20030612 (experimental)
=== g77 tests ===
Running target unix
FAIL: g77.f-torture/compile/20010321-1.f, -O0
FAIL: g77.f-torture/compile/20010321-1.f, -O1
FAIL: g77.f-torture/compile/20010321-1.f, -O2
FAIL: g77.f-torture/compile/20010321-1.f, -O3 -fomit-frame-pointer
FAIL: g77.f-torture/compile/20010321-1.f, -O3 -g
FAIL: g77.f-torture/compile/20010321-1.f, -Os
FAIL: g77.f-torture/execute/980520-1.f compilation, -O0
=== g77 Summary ===
# of expected passes 1740
# of unexpected failures 7
# of untested testcases 1
# of unsupported tests 6
/gcctmp/gcc030612/build/gcc/testsuite/../g77 version 3.4 20030612 (experimental)
=== gcc tests ===
Running target unix
FAIL: gcc.c-torture/execute/960218-1.c compilation, -O0
UNRESOLVED: gcc.c-torture/execute/960218-1.c execution, -O0
FAIL: gcc.c-torture/execute/960218-1.c compilation, -O1
UNRESOLVED: gcc.c-torture/execute/960218-1.c execution, -O1
FAIL: gcc.c-torture/execute/960218-1.c compilation, -O2
UNRESOLVED: gcc.c-torture/execute/960218-1.c execution, -O2
FAIL: gcc.c-torture/execute/960218-1.c compilation, -O3 -fomit-frame-pointer
UNRESOLVED: gcc.c-torture/execute/960218-1.c execution, -O3 -fomit-frame-pointer
FAIL: gcc.c-torture/execute/960218-1.c compilation, -O3 -fomit-frame-pointer -funroll-loops
UNRESOLVED: gcc.c-torture/execute/960218-1.c execution, -O3 -fomit-frame-pointer -funroll-loops
FAIL: gcc.c-torture/execute/960218-1.c compilation, -O3 -fomit-frame-pointer -funroll-all-loops -finline-functions
UNRESOLVED: gcc.c-torture/execute/960218-1.c execution, -O3 -fomit-frame-pointer -funroll-all-loops -finline-functions
FAIL: gcc.c-torture/execute/960218-1.c compilation, -O3 -g
UNRESOLVED: gcc.c-torture/execute/960218-1.c execution, -O3 -g
FAIL: gcc.c-torture/execute/960218-1.c compilation, -Os
UNRESOLVED: gcc.c-torture/execute/960218-1.c execution, -Os
FAIL: gcc.c-torture/execute/conversion.c execution, -O0
FAIL: gcc.c-torture/execute/conversion.c execution, -O1
FAIL: gcc.c-torture/execute/conversion.c execution, -O2
FAIL: gcc.c-torture/execute/conversion.c execution, -Os
FAIL: gcc.c-torture/execute/ieee/rbug.c execution, -O0
FAIL: gcc.c-torture/execute/ieee/rbug.c execution, -O1
FAIL: gcc.c-torture/execute/ieee/rbug.c execution, -O2
FAIL: gcc.c-torture/execute/ieee/rbug.c execution, -Os
FAIL: gcc.dg/cpp/trad/maccom4.c (test for excess errors)
ERROR: gcc.dg/cpp/trad/maccom4.c: error executing dg-final: couldn't open "maccom4.i": no such file or directory
UNRESOLVED: gcc.dg/cpp/trad/maccom4.c: error executing dg-final: couldn't open "maccom4.i": no such file or directory
FAIL: gcc.dg/cpp/trad/maccom6.c (test for excess errors)
ERROR: gcc.dg/cpp/trad/maccom6.c: error executing dg-final: couldn't open "maccom6.i": no such file or directory
UNRESOLVED: gcc.dg/cpp/trad/maccom6.c: error executing dg-final: couldn't open "maccom6.i": no such file or directory
FAIL: gcc.dg/builtins-20.c (test for excess errors)
FAIL: gcc.dg/const-elim-1.c scan-assembler-not LC[^A-Z]
FAIL: gcc.dg/warn-1.c (test for warnings, line 15)
=== gcc Summary ===
# of expected passes 22593
# of unexpected failures 21
# of expected failures 74
# of unresolved testcases 10
# of unsupported tests 105
/gcctmp/gcc030612/build/gcc/xgcc version 3.4 20030612 (experimental)
=== objc tests ===
Running target unix
=== objc Summary ===
# of expected passes 1156
/gcctmp/gcc030612/build/gcc/xgcc version 3.4 20030612 (experimental)
=== libjava tests ===
Running target unix
FAIL: N19990310_4 -O execution - bytecode->native test
WARNING: program timed out.
FAIL: SyncGlobal -O execution - bytecode->native test
FAIL: Throw_2 execution - source compiled test
FAIL: Throw_2 execution - gij test
FAIL: Throw_2 execution - bytecode->native test
FAIL: Throw_2 -O execution - source compiled test
FAIL: Throw_2 execution - gij test
FAIL: Throw_2 -O execution - bytecode->native test
FAIL: err8 -O execution - bytecode->native test
=== libjava Summary ===
# of expected passes 2917
# of unexpected failures 9
# of expected failures 16
# of untested testcases 141
=== libstdc++-v3 tests ===
Running target unix
FAIL: 22_locale/ctype/cons/char/1.cc execution test
FAIL: 27_io/basic_filebuf/sgetn/char/1-in.cc execution test
FAIL: 27_io/basic_filebuf/sgetn/char/1-io.cc execution test
=== libstdc++-v3 Summary ===
# of expected passes 1482
# of unexpected failures 3
Compiler version: 3.4 20030612 (experimental)
Platform: i386-unknown-netbsdelf1.6
configure flags: none
More information about the Gcc-testresults
mailing list