Results for 3.4 20030611 (experimental) testsuite on i386-pc-solaris2.9
Rainer Orth
ro@TechFak.Uni-Bielefeld.DE
Thu Jun 12 17:44:00 GMT 2003
LAST_UPDATED: Wed Jun 11 17:14:25 UTC 2003
Native configuration is i386-pc-solaris2.9
=== g++ tests ===
Running target unix
FAIL: g++.dg/eh/simd-2.C (test for excess errors)
WARNING: g++.dg/eh/simd-2.C compilation failed to produce executable
FAIL: g++.dg/ext/pretty1.C scan-assembler top level
FAIL: g++.dg/ext/pretty2.C (test for excess errors)
WARNING: g++.dg/ext/pretty2.C compilation failed to produce executable
FAIL: g++.dg/init/array10.C (test for excess errors)
WARNING: program timed out.
FAIL: g++.dg/parse/stack1.C (test for excess errors)
FAIL: g++.dg/special/conpr-1.C execution test
FAIL: g++.dg/special/conpr-3.C execution test
FAIL: g++.dg/special/conpr-4.C execution test
WARNING: g++.old-deja/g++.mike/p10769a.C compilation failed to produce executable
WARNING: g++.old-deja/g++.other/enum5.C compilation failed to produce executable
WARNING: g++.old-deja/g++.pt/friend44.C compilation failed to produce executable
=== g++ Summary ===
# of expected passes 8591
# of unexpected failures 8
# of expected failures 70
# of unsupported tests 21
/amnt/figaro/volumes/obj-gcc/gcc/obj.sol86/gcc-3.4-20030611/9-gcc/gcc/testsuite/../g++ version 3.4 20030611 (experimental)
=== g77 tests ===
Running target unix
FAIL: g77.f-torture/compile/20010321-1.f, -O0
FAIL: g77.f-torture/compile/20010321-1.f, -O1
FAIL: g77.f-torture/compile/20010321-1.f, -O2
FAIL: g77.f-torture/compile/20010321-1.f, -O3 -fomit-frame-pointer
FAIL: g77.f-torture/compile/20010321-1.f, -O3 -g
FAIL: g77.f-torture/compile/20010321-1.f, -Os
FAIL: g77.f-torture/execute/980520-1.f compilation, -O0
=== g77 Summary ===
# of expected passes 1740
# of unexpected failures 7
# of untested testcases 1
# of unsupported tests 6
/amnt/figaro/volumes/obj-gcc/gcc/obj.sol86/gcc-3.4-20030611/9-gcc/gcc/testsuite/../g77 version 3.4 20030611 (experimental)
=== gcc tests ===
Running target unix
WARNING: program timed out.
FAIL: gcc.c-torture/compile/20001226-1.c, -O1
WARNING: program timed out.
FAIL: gcc.c-torture/compile/20001226-1.c, -O2
WARNING: program timed out.
FAIL: gcc.c-torture/compile/20001226-1.c, -O3 -fomit-frame-pointer
WARNING: program timed out.
FAIL: gcc.c-torture/compile/20001226-1.c, -O3 -g
WARNING: program timed out.
FAIL: gcc.c-torture/compile/20001226-1.c, -Os
FAIL: gcc.dg/20011009-1.c (test for excess errors)
WARNING: gcc.dg/20011009-1.c compilation failed to produce executable
WARNING: gcc.dg/20021014-1.c compilation failed to produce executable
FAIL: gcc.dg/builtins-20.c (test for excess errors)
FAIL: gcc.dg/const-elim-1.c scan-assembler-not LC[^A-Z]
FAIL: gcc.dg/warn-1.c (test for warnings, line 15)
FAIL: gcc.dg/pch/static-1.c -O0 -g assembly comparison
FAIL: gcc.dg/pch/static-2.c -O0 -g assembly comparison
FAIL: gcc.dg/pch/static-3.c -O0 -g assembly comparison
=== gcc Summary ===
# of expected passes 22554
# of unexpected failures 12
# of expected failures 74
# of unsupported tests 105
/amnt/figaro/volumes/obj-gcc/gcc/obj.sol86/gcc-3.4-20030611/9-gcc/gcc/xgcc version 3.4 20030611 (experimental)
=== objc tests ===
Running target unix
=== objc Summary ===
# of expected passes 1156
/amnt/figaro/volumes/obj-gcc/gcc/obj.sol86/gcc-3.4-20030611/9-gcc/gcc/xgcc version 3.4 20030611 (experimental)
=== libjava tests ===
Running target unix
FAIL: FileHandleGcTest execution - source compiled test
FAIL: FileHandleGcTest execution - gij test
FAIL: FileHandleGcTest execution - bytecode->native test
FAIL: FileHandleGcTest -O execution - source compiled test
FAIL: FileHandleGcTest execution - gij test
FAIL: FileHandleGcTest -O execution - bytecode->native test
FAIL: SyncGlobal -O execution - bytecode->native test
FAIL: SyncTest execution - gij test
WARNING: program timed out.
FAIL: SyncTest execution - bytecode->native test
FAIL: SyncTest execution - gij test
WARNING: program timed out.
FAIL: SyncTest -O execution - bytecode->native test
FAIL: Thread_Join execution - gij test
FAIL: Thread_Join execution - gij test
FAIL: Thread_Wait_2 execution - gij test
FAIL: Thread_Wait_2 execution - gij test
FAIL: Throw_2 execution - source compiled test
FAIL: Throw_2 execution - gij test
FAIL: Throw_2 execution - bytecode->native test
FAIL: Throw_2 -O execution - source compiled test
FAIL: Throw_2 execution - gij test
FAIL: Throw_2 -O execution - bytecode->native test
=== libjava Summary ===
# of expected passes 3013
# of unexpected failures 21
# of expected failures 16
# of untested testcases 33
=== libstdc++-v3 tests ===
Running target unix
FAIL: 27_io/basic_filebuf/sgetn/char/1-in.cc execution test
FAIL: 27_io/basic_filebuf/sgetn/char/1-io.cc execution test
FAIL: 27_io/basic_istream/extractors_arithmetic/char/12.cc execution test
=== libstdc++-v3 Summary ===
# of expected passes 1482
# of unexpected failures 3
Compiler version: 3.4 20030611 (experimental)
Platform: i386-pc-solaris2.9
configure flags: --prefix=/vol/gcc --with-local-prefix=/vol/gcc --disable-nls
More information about the Gcc-testresults
mailing list