Results for [trunk] gcc libstdc++-v3 testsuite on i686-pc-linux-gnu
Autocrasher
autocrasher@devphil.com
Wed Jun 11 21:36:00 GMT 2003
The configure/build/test log and libstdc++-v3 regression plots can be
found at http://www.devphil.com/build/
Host was specified as athlon_mp-pc-linux-gnu.
This particular run used standard (previously installed) binutils.
- The Autocrasher (Phil's Builder Bot, version 2.0)
LAST_UPDATED: Mon Feb 3 09:55:58 UTC 2003
Native configuration is i686-pc-linux-gnu
=== libstdc++-v3 tests ===
Running target unix
XPASS: 26_numerics/c99_classification_macros_c.cc (test for excess errors)
WARNING: program timed out.
FAIL: thread/pthread5.cc execution test
=== libstdc++-v3 Summary ===
# of expected passes 1955
# of unexpected failures 1
# of unexpected successes 1
Compiler version: gcc libstdc++-v3
Platform: i686-pc-linux-gnu
configure flags: --prefix=/mnt/build/install-2003-06-11-trunk --host=athlon_mp-pc-linux-gnu --enable-threads=posix --enable-__cxa_atexit --enable-languages=c++ --with-dwarf2 --enable-cxx-flags=-march=athlon-mp
More information about the Gcc-testresults
mailing list