Results for [unified] 3.420030604(experimental) testsuite on i686-pc-linux-gnu
Autocrasher
autocrasher@devphil.com
Wed Jun 4 13:15:00 GMT 2003
The configure/build/test log and libstdc++-v3 regression plots can be
found at http://www.devphil.com/build/
Host was specified as athlon_mp-pc-linux-gnu.
This particular run used a unified gcc+binutils tree.
- The Autocrasher (Phil's Builder Bot, version 1.2)
LAST_UPDATED: Mon Feb 3 08:33:41 UTC 2003
Native configuration is i686-pc-linux-gnu
=== libstdc++-v3 tests ===
Running target unix
FAIL: 23_containers/map_operators.cc (test for excess errors)
WARNING: 23_containers/map_operators.cc compilation failed to produce executable
XPASS: 26_numerics/c99_classification_macros_c.cc (test for excess errors)
FAIL: backward/header_deque_h.cc (test for excess errors)
WARNING: backward/header_deque_h.cc compilation failed to produce executable
FAIL: backward/header_hashtable_h.cc (test for excess errors)
WARNING: backward/header_hashtable_h.cc compilation failed to produce executable
FAIL: backward/header_rope_h.cc (test for excess errors)
WARNING: backward/header_rope_h.cc compilation failed to produce executable
FAIL: ext/allocators.cc (test for excess errors)
WARNING: ext/allocators.cc compilation failed to produce executable
FAIL: ext/rope.cc (test for excess errors)
WARNING: ext/rope.cc compilation failed to produce executable
FAIL: thread/pthread7-rope.cc (test for excess errors)
WARNING: thread/pthread7-rope.cc compilation failed to produce executable
=== libstdc++-v3 Summary ===
# of expected passes 1856
# of unexpected failures 7
# of unexpected successes 1
=== g++ tests ===
Running target unix
FAIL: g++.dg/eh/simd-2.C (test for excess errors)
WARNING: g++.dg/eh/simd-2.C compilation failed to produce executable
FAIL: g++.dg/ext/pretty1.C scan-assembler top level
FAIL: g++.dg/ext/pretty2.C (test for excess errors)
WARNING: g++.dg/ext/pretty2.C compilation failed to produce executable
FAIL: g++.dg/init/array10.C (test for excess errors)
WARNING: g++.old-deja/g++.mike/p10769a.C compilation failed to produce executable
FAIL: g++.old-deja/g++.oliva/template1.C (test for excess errors)
WARNING: g++.old-deja/g++.other/enum5.C compilation failed to produce executable
XPASS: g++.old-deja/g++.other/init5.C execution test
WARNING: g++.old-deja/g++.pt/friend44.C compilation failed to produce executable
=== g++ Summary ===
# of expected passes 8605
# of unexpected failures 5
# of unexpected successes 1
# of expected failures 68
# of unsupported tests 15
/mnt/build/build-2003-06-04/gcc/testsuite/../g++ version 3.4 20030604 (experimental)
Compiler version: 3.420030604(experimental)
Platform: i686-pc-linux-gnu
configure flags: --prefix=/mnt/build/install-2003-06-04 --host=athlon_mp-pc-linux-gnu --enable-threads=posix --enable-__cxa_atexit --enable-languages=c++ --with-dwarf2 --enable-cxx-flags=-march=athlon-mp --enable-install-libiberty --enable-concept-checks --enable-gdbtk --enable-debug
More information about the Gcc-testresults
mailing list