Results for 3.4 20030731 (experimental) testsuite on i686-pc-linux-gnu
Greg Schafer
gws@tigers-lfs.local
Thu Jul 31 03:56:00 GMT 2003
LAST_UPDATED: Thu Jul 31 02:17:47 UTC 2003
Native configuration is i686-pc-linux-gnu
=== g++ tests ===
Running target unix
FAIL: g++.dg/eh/simd-2.C (test for excess errors)
WARNING: g++.dg/eh/simd-2.C compilation failed to produce executable
FAIL: g++.dg/ext/pretty1.C scan-assembler top level
FAIL: g++.dg/ext/pretty2.C (test for excess errors)
WARNING: g++.dg/ext/pretty2.C compilation failed to produce executable
FAIL: g++.dg/init/array10.C (test for excess errors)
WARNING: g++.old-deja/g++.mike/p10769a.C compilation failed to produce executable
FAIL: g++.old-deja/g++.other/crash18.C (test for excess errors)
WARNING: g++.old-deja/g++.other/enum5.C compilation failed to produce executable
XPASS: g++.old-deja/g++.other/init5.C execution test
WARNING: g++.old-deja/g++.pt/friend44.C compilation failed to produce executable
=== g++ Summary ===
# of expected passes 8855
# of unexpected failures 5
# of unexpected successes 1
# of expected failures 66
# of unsupported tests 25
/mnt/hdb7/gcc/HEAD/gcc-build/gcc/testsuite/../g++ version 3.4 20030731 (experimental)
=== gcc tests ===
Running target unix
UNRESOLVED: gcc.c-torture/execute/wchar_t-1.c execution, -O0
UNRESOLVED: gcc.c-torture/execute/wchar_t-1.c execution, -O1
UNRESOLVED: gcc.c-torture/execute/wchar_t-1.c execution, -O2
UNRESOLVED: gcc.c-torture/execute/wchar_t-1.c execution, -O3 -fomit-frame-pointer
UNRESOLVED: gcc.c-torture/execute/wchar_t-1.c execution, -O3 -g
UNRESOLVED: gcc.c-torture/execute/wchar_t-1.c execution, -Os
FAIL: gcc.dg/compat/vector-1 c_compat_x_tst.o compile
FAIL: gcc.dg/compat/vector-1 c_compat_y_tst.o compile
UNRESOLVED: gcc.dg/compat/vector-1 c_compat_x_tst.o-c_compat_y_tst.o link
UNRESOLVED: gcc.dg/compat/vector-1 c_compat_x_tst.o-c_compat_y_tst.o execute
FAIL: gcc.dg/compat/vector-2 c_compat_x_tst.o compile
FAIL: gcc.dg/compat/vector-2 c_compat_y_tst.o compile
UNRESOLVED: gcc.dg/compat/vector-2 c_compat_x_tst.o-c_compat_y_tst.o link
UNRESOLVED: gcc.dg/compat/vector-2 c_compat_x_tst.o-c_compat_y_tst.o execute
FAIL: gcc.misc-tests/mg.c
=== gcc Summary ===
# of expected passes 24045
# of unexpected failures 5
# of expected failures 81
# of unresolved testcases 10
# of unsupported tests 138
/mnt/hdb7/gcc/HEAD/gcc-build/gcc/xgcc version 3.4 20030731 (experimental)
=== libstdc++-v3 tests ===
Running target unix
=== libstdc++-v3 Summary ===
# of expected passes 2024
# of expected failures 10
Compiler version: 3.4 20030731 (experimental)
Platform: i686-pc-linux-gnu
configure flags: --prefix=/opt/gcc-3.4 --enable-shared --enable-languages=c,c++ --enable-threads=posix --enable-__cxa_atexit --enable-clocale=gnu --disable-checking
More information about the Gcc-testresults
mailing list