Results for 3.5-tree-ssa 20030723 (merged 20030706) testsuite on powerpc-unknown-linux-gnu
Toon Moene
toon@moene.indiv.nluug.nl
Wed Jul 23 11:20:00 GMT 2003
LAST_UPDATED:
Native configuration is powerpc-unknown-linux-gnu
=== g77 tests ===
Running target unix
FAIL: g77.f-torture/execute/980520-1.f compilation, -O0
=== g77 Summary ===
# of expected passes 1746
# of unexpected failures 1
# of untested testcases 1
# of unsupported tests 6
/home/toon/gcc-g95/obj/gcc/testsuite/../g77 version 3.5-tree-ssa 20030723 (merged 20030706)
=== g95 tests ===
Running target unix
FAIL: g95.f95-torture/execute/forall_3.f90 execution, -O0
FAIL: g95.f95-torture/execute/forall_3.f90 execution, -O1
FAIL: g95.f95-torture/execute/forall_3.f90 execution, -O2
FAIL: g95.f95-torture/execute/forall_3.f90 execution, -O2 -fomit-frame-pointer -finline-functions
FAIL: g95.f95-torture/execute/forall_3.f90 execution, -O2 -fomit-frame-pointer -finline-functions -funroll-loops
FAIL: g95.f95-torture/execute/forall_3.f90 execution, -O2 -fomit-frame-pointer -finline-functions -funroll-all-loops
FAIL: g95.f95-torture/execute/forall_3.f90 execution, -O2 -fno-repack-arrays
FAIL: g95.f95-torture/execute/forall_3.f90 execution, -O2 -fg77-calls
FAIL: g95.f95-torture/execute/forall_3.f90 execution, -O3 -g
FAIL: g95.f95-torture/execute/forall_3.f90 execution, -Os
=== g95 Summary ===
# of expected passes 1780
# of unexpected failures 10
/home/toon/gcc-g95/obj/gcc/testsuite/../g95 version 3.5-tree-ssa 20030723 (merged 20030706)
=== gcc tests ===
Running target unix
XPASS: gcc.c-torture/execute/builtins/string-4.c execution, -O0
XPASS: gcc.c-torture/execute/builtins/string-4.c execution, -O1
XPASS: gcc.c-torture/execute/builtins/string-4.c execution, -O2
XPASS: gcc.c-torture/execute/builtins/string-4.c execution, -O3 -fomit-frame-pointer
XPASS: gcc.c-torture/execute/builtins/string-4.c execution, -O3 -g
XPASS: gcc.c-torture/execute/builtins/string-4.c execution, -Os
XPASS: gcc.c-torture/execute/builtins/string-5.c execution, -O0
FAIL: gcc.c-torture/execute/builtins/string-8.c execution, -O1
FAIL: gcc.c-torture/execute/builtins/string-8.c execution, -O2
FAIL: gcc.c-torture/execute/builtins/string-8.c execution, -O3 -fomit-frame-pointer
FAIL: gcc.c-torture/execute/builtins/string-8.c execution, -O3 -g
FAIL: gcc.c-torture/execute/builtins/string-8.c execution, -Os
XPASS: gcc.c-torture/execute/builtins/string-4.c execution, -O0
XPASS: gcc.c-torture/execute/builtins/string-4.c execution, -O1
XPASS: gcc.c-torture/execute/builtins/string-4.c execution, -O2
XPASS: gcc.c-torture/execute/builtins/string-4.c execution, -O3 -fomit-frame-pointer
XPASS: gcc.c-torture/execute/builtins/string-4.c execution, -O3 -g
XPASS: gcc.c-torture/execute/builtins/string-4.c execution, -Os
XPASS: gcc.c-torture/execute/builtins/string-5.c execution, -O0
FAIL: gcc.c-torture/execute/builtins/string-8.c execution, -O1
FAIL: gcc.c-torture/execute/builtins/string-8.c execution, -O2
FAIL: gcc.c-torture/execute/builtins/string-8.c execution, -O3 -fomit-frame-pointer
FAIL: gcc.c-torture/execute/builtins/string-8.c execution, -O3 -g
FAIL: gcc.c-torture/execute/builtins/string-8.c execution, -Os
FAIL: gcc.c-torture/execute/20030125-1.c execution, -O1
FAIL: gcc.c-torture/execute/20030125-1.c execution, -O2
FAIL: gcc.c-torture/execute/20030125-1.c execution, -O3 -fomit-frame-pointer
FAIL: gcc.c-torture/execute/20030125-1.c execution, -O3 -g
FAIL: gcc.c-torture/execute/20030125-1.c execution, -Os
FAIL: gcc.c-torture/execute/stdio-opt-1.c execution, -O1
FAIL: gcc.c-torture/execute/stdio-opt-1.c execution, -O2
FAIL: gcc.c-torture/execute/stdio-opt-1.c execution, -O3 -fomit-frame-pointer
FAIL: gcc.c-torture/execute/stdio-opt-1.c execution, -O3 -g
FAIL: gcc.c-torture/execute/string-opt-16.c execution, -O3 -fomit-frame-pointer
FAIL: gcc.c-torture/execute/string-opt-16.c execution, -O3 -g
FAIL: gcc.c-torture/execute/string-opt-17.c execution, -O0
FAIL: gcc.c-torture/execute/string-opt-17.c execution, -O1
FAIL: gcc.c-torture/execute/string-opt-17.c execution, -O2
FAIL: gcc.c-torture/execute/string-opt-17.c execution, -O3 -fomit-frame-pointer
FAIL: gcc.c-torture/execute/string-opt-17.c execution, -O3 -g
FAIL: gcc.c-torture/execute/string-opt-17.c execution, -Os
FAIL: gcc.c-torture/execute/string-opt-7.c execution, -O1
FAIL: gcc.c-torture/execute/string-opt-7.c execution, -O2
FAIL: gcc.c-torture/execute/string-opt-7.c execution, -O3 -fomit-frame-pointer
FAIL: gcc.c-torture/execute/string-opt-7.c execution, -O3 -g
FAIL: gcc.c-torture/execute/string-opt-7.c execution, -Os
UNRESOLVED: gcc.c-torture/execute/wchar_t-1.c execution, -O0
UNRESOLVED: gcc.c-torture/execute/wchar_t-1.c execution, -O1
UNRESOLVED: gcc.c-torture/execute/wchar_t-1.c execution, -O2
UNRESOLVED: gcc.c-torture/execute/wchar_t-1.c execution, -O3 -fomit-frame-pointer
UNRESOLVED: gcc.c-torture/execute/wchar_t-1.c execution, -O3 -g
UNRESOLVED: gcc.c-torture/execute/wchar_t-1.c execution, -Os
FAIL: gcc.dg/compat/scalar-by-value-3 c_compat_x_tst.o-c_compat_y_tst.o execute
FAIL: gcc.dg/compat/scalar-return-3 c_compat_x_tst.o-c_compat_y_tst.o execute
FAIL: gcc.dg/cpp/cmdlne-M.c (test for excess errors)
FAIL: gcc.dg/cpp/cmdlne-dD-M.c (test for excess errors)
ERROR: gcc.dg/cpp/cmdlne-dD-M.c: error executing dg-final: couldn't open "cmdlne-dD-M.i": no such file or directory
UNRESOLVED: gcc.dg/cpp/cmdlne-dD-M.c: error executing dg-final: couldn't open "cmdlne-dD-M.i": no such file or directory
FAIL: gcc.dg/cpp/cmdlne-dI-M.c (test for excess errors)
ERROR: gcc.dg/cpp/cmdlne-dI-M.c: error executing dg-final: couldn't open "cmdlne-dI-M.i": no such file or directory
UNRESOLVED: gcc.dg/cpp/cmdlne-dI-M.c: error executing dg-final: couldn't open "cmdlne-dI-M.i": no such file or directory
FAIL: gcc.dg/cpp/cmdlne-dM-M.c (test for excess errors)
ERROR: gcc.dg/cpp/cmdlne-dM-M.c: error executing dg-final: couldn't open "cmdlne-dM-M.i": no such file or directory
UNRESOLVED: gcc.dg/cpp/cmdlne-dM-M.c: error executing dg-final: couldn't open "cmdlne-dM-M.i": no such file or directory
FAIL: gcc.dg/cpp/cmdlne-dN-M.c (test for excess errors)
ERROR: gcc.dg/cpp/cmdlne-dN-M.c: error executing dg-final: couldn't open "cmdlne-dN-M.i": no such file or directory
UNRESOLVED: gcc.dg/cpp/cmdlne-dN-M.c: error executing dg-final: couldn't open "cmdlne-dN-M.i": no such file or directory
FAIL: gcc.dg/20010516-1.c (test for excess errors)
FAIL: gcc.dg/20020103-1.c scan-assembler-not LC
FAIL: gcc.dg/20020118-1.c execution test
FAIL: gcc.dg/20020304-1.c (test for excess errors)
FAIL: gcc.dg/20030331-2.c (test for excess errors)
FAIL: gcc.dg/Wunreachable-2.c (test for bogus messages, line 16)
FAIL: gcc.dg/Wunreachable-2.c (test for excess errors)
FAIL: gcc.dg/Wunreachable-4.c (test for excess errors)
FAIL: gcc.dg/altivec-4.c (test for excess errors)
FAIL: gcc.dg/altivec-5.c (test for excess errors)
FAIL: gcc.dg/asm-7.c (test for warnings, line 12)
FAIL: gcc.dg/asm-7.c (test for warnings, line 15)
FAIL: gcc.dg/asm-7.c (test for warnings, line 16)
FAIL: gcc.dg/asm-7.c (test for warnings, line 25)
FAIL: gcc.dg/asm-7.c (test for excess errors)
FAIL: gcc.dg/builtins-18.c (test for excess errors)
FAIL: gcc.dg/builtins-20.c (test for excess errors)
FAIL: gcc.dg/doloop-1.c scan-assembler bdnz
FAIL: gcc.dg/doloop-1.c scan-assembler-not blt
FAIL: gcc.dg/ppc-sdata-1.c scan-assembler sdat@sdarel\\(13\\)
FAIL: gcc.dg/ppc-sdata-1.c scan-assembler sdat2@sda21\\(2\\)
XPASS: gcc.dg/uninit-4.c uninitialized variable warning (test for bogus messages, line 26)
XPASS: gcc.dg/uninit-5.c uninitialized variable warning (test for bogus messages, line 13)
XPASS: gcc.dg/uninit-5.c uninitialized variable warning (test for bogus messages, line 27)
XPASS: gcc.dg/uninit-8.c uninitialized variable warning (test for bogus messages, line 14)
FAIL: gcc.dg/warn-1.c (test for warnings, line 8)
FAIL: gcc.dg/warn-1.c (test for warnings, line 15)
FAIL: gcc.dg/warn-1.c (test for excess errors)
FAIL: gcc.dg/pch/static-3.c -O2 assembly comparison
FAIL: gcc.dg/tree-ssa/20030708-1.c scan-tree-dump-times \\(short unsigned int\\) 1
FAIL: gcc.dg/tree-ssa/20030708-1.c scan-tree-dump-times if 2
FAIL: gcc.dg/tree-ssa/20030709-1.c scan-tree-dump-times if 0
FAIL: gcc.dg/tree-ssa/20030709-2.c scan-tree-dump-times .rtmem 1
FAIL: gcc.dg/tree-ssa/20030710-1.c scan-tree-dump-times if 2
FAIL: gcc.dg/tree-ssa/20030710-1.c scan-tree-dump-times type\\.binfo 1
FAIL: gcc.dg/tree-ssa/20030710-1.c scan-tree-dump-times vec.length 2
FAIL: gcc.dg/tree-ssa/20030711-2.c scan-tree-dump-times if 3
FAIL: gcc.dg/tree-ssa/20030711-2.c scan-tree-dump-times decl\\.rtl 1
FAIL: gcc.dg/tree-ssa/20030711-3.c scan-tree-dump-times if 2
FAIL: gcc.dg/tree-ssa/20030711-3.c scan-tree-dump-times decl\\.rtl 1
FAIL: gcc.dg/tree-ssa/ssa-ccp-2.c scan-tree-dump-times link_error 0
FAIL: gcc.dg/tree-ssa/ssa-ccp-3.c scan-tree-dump-times link_error 0
FAIL: gcc.dg/tree-ssa/ssa-ccp-4.c scan-tree-dump-times link_error 0
FAIL: gcc.dg/tree-ssa/ssa-ccp-5.c scan-tree-dump-times link_error 0
FAIL: gcc.dg/tree-ssa/ssa-ccp-6.c scan-tree-dump-times link_error 0
FAIL: gcc.dg/tree-ssa/ssa-ccp-7.c scan-tree-dump-times link_error 0
FAIL: gcc.dg/tree-ssa/ssa-ccp-8.c scan-tree-dump-times link_error 0
FAIL: gcc.dg/tree-ssa/ssa-ccp-9.c scan-tree-dump-times link_error 0
=== gcc Summary ===
# of expected passes 23550
# of unexpected failures 83
# of unexpected successes 18
# of expected failures 81
# of unresolved testcases 10
# of unsupported tests 228
/home/toon/gcc-g95/obj/gcc/xgcc version 3.5-tree-ssa 20030723 (merged 20030706)
=== libmudflap tests ===
Running target unix
FAIL: libmudflap.c++/fail24-frag.cxx (test for excess errors)
WARNING: libmudflap.c++/fail24-frag.cxx compilation failed to produce executable
FAIL: libmudflap.c++/pass27-frag.cxx (test for excess errors)
WARNING: libmudflap.c++/pass27-frag.cxx compilation failed to produce executable
FAIL: libmudflap.c++/pass28-frag.cxx (test for excess errors)
WARNING: libmudflap.c++/pass28-frag.cxx compilation failed to produce executable
FAIL: libmudflap.c++/pass31-frag.cxx (test for excess errors)
WARNING: libmudflap.c++/pass31-frag.cxx compilation failed to produce executable
FAIL: libmudflap.c++/fail24-frag.cxx (-static) (test for excess errors)
WARNING: libmudflap.c++/fail24-frag.cxx (-static) compilation failed to produce executable
FAIL: libmudflap.c++/pass27-frag.cxx (-static) (test for excess errors)
WARNING: libmudflap.c++/pass27-frag.cxx (-static) compilation failed to produce executable
FAIL: libmudflap.c++/pass28-frag.cxx (-static) (test for excess errors)
WARNING: libmudflap.c++/pass28-frag.cxx (-static) compilation failed to produce executable
FAIL: libmudflap.c++/pass31-frag.cxx (-static) (test for excess errors)
WARNING: libmudflap.c++/pass31-frag.cxx (-static) compilation failed to produce executable
FAIL: libmudflap.c++/fail24-frag.cxx (-O2) (test for excess errors)
WARNING: libmudflap.c++/fail24-frag.cxx (-O2) compilation failed to produce executable
FAIL: libmudflap.c++/pass27-frag.cxx (-O2) (test for excess errors)
WARNING: libmudflap.c++/pass27-frag.cxx (-O2) compilation failed to produce executable
FAIL: libmudflap.c++/pass28-frag.cxx (-O2) (test for excess errors)
WARNING: libmudflap.c++/pass28-frag.cxx (-O2) compilation failed to produce executable
FAIL: libmudflap.c++/pass31-frag.cxx (-O2) (test for excess errors)
WARNING: libmudflap.c++/pass31-frag.cxx (-O2) compilation failed to produce executable
FAIL: libmudflap.c++/fail24-frag.cxx (-O3) (test for excess errors)
WARNING: libmudflap.c++/fail24-frag.cxx (-O3) compilation failed to produce executable
FAIL: libmudflap.c++/pass27-frag.cxx (-O3) (test for excess errors)
WARNING: libmudflap.c++/pass27-frag.cxx (-O3) compilation failed to produce executable
FAIL: libmudflap.c++/pass28-frag.cxx (-O3) (test for excess errors)
WARNING: libmudflap.c++/pass28-frag.cxx (-O3) compilation failed to produce executable
FAIL: libmudflap.c++/pass31-frag.cxx (-O3) (test for excess errors)
WARNING: libmudflap.c++/pass31-frag.cxx (-O3) compilation failed to produce executable
=== libmudflap Summary ===
# of expected passes 940
# of unexpected failures 16
Compiler version: 3.5-tree-ssa 20030723 (merged 20030706)
Platform: powerpc-unknown-linux-gnu
configure flags: --prefix=/home/toon/gcc-g95/install --disable-nls --disable-multilib --enable-languages=f77,f95 --with-libbanshee
More information about the Gcc-testresults
mailing list