Results for 3.4 20030719 (experimental) testsuite on powerpc-unknown-linux-gnu
Mark Wielaard
mark@wildebeest.org
Sun Jul 20 14:58:00 GMT 2003
Debian GNU/Linux 3.0
Linux 2.4.18-powerpc
binutils Version: 2.12.90.0.15-1
glibc Version: 2.2.5-15
Test results for libjava include the results of the Mauve testsuite
(see http://sources.redhat.com/mauve/)
LAST_UPDATED: Sat Jul 19 19:36:29 UTC 2003
Native configuration is powerpc-unknown-linux-gnu
=== g++ tests ===
Running target unix
FAIL: g++.dg/ext/pretty1.C scan-assembler top level
FAIL: g++.dg/ext/pretty2.C (test for excess errors)
WARNING: g++.dg/ext/pretty2.C compilation failed to produce executable
FAIL: g++.dg/init/array10.C (test for excess errors)
FAIL: g++.dg/opt/template1.C scan-assembler-not foo1
XPASS: g++.dg/other/packed1.C execution test
FAIL: g++.dg/parse/non-dependent2.C (test for excess errors)
WARNING: g++.old-deja/g++.mike/p10769a.C compilation failed to produce executable
WARNING: g++.old-deja/g++.other/enum5.C compilation failed to produce executable
WARNING: g++.old-deja/g++.pt/friend44.C compilation failed to produce executable
FAIL: g++.old-deja/g++.robertl/eb42.C (test for excess errors)
=== g++ Summary ===
# of expected passes 8730
# of unexpected failures 6
# of unexpected successes 1
# of expected failures 67
# of unsupported tests 56
/home/mark/src/gcc34/obj/gcc/testsuite/../g++ version 3.4 20030719 (experimental)
=== gcc tests ===
Running target unix
WARNING: program timed out.
FAIL: gcc.c-torture/compile/20001226-1.c (test for excess errors)
WARNING: program timed out.
FAIL: gcc.c-torture/compile/20001226-1.c (test for excess errors)
WARNING: program timed out.
FAIL: gcc.c-torture/compile/20001226-1.c (test for excess errors)
WARNING: program timed out.
FAIL: gcc.c-torture/compile/20001226-1.c (test for excess errors)
WARNING: program timed out.
FAIL: gcc.c-torture/compile/20001226-1.c (test for excess errors)
WARNING: program timed out.
FAIL: gcc.c-torture/compile/20011229-2.c (test for excess errors)
WARNING: program timed out.
FAIL: gcc.c-torture/compile/20011229-2.c (test for excess errors)
WARNING: program timed out.
FAIL: gcc.c-torture/compile/20011229-2.c (test for excess errors)
WARNING: program timed out.
FAIL: gcc.c-torture/compile/20011229-2.c (test for excess errors)
WARNING: program timed out.
FAIL: gcc.c-torture/compile/20011229-2.c (test for excess errors)
WARNING: program timed out.
FAIL: gcc.c-torture/compile/20011229-2.c (test for excess errors)
WARNING: program timed out.
FAIL: gcc.c-torture/compile/20020927-1.c (test for excess errors)
WARNING: program timed out.
FAIL: gcc.c-torture/compile/20020927-1.c (test for excess errors)
WARNING: program timed out.
FAIL: gcc.c-torture/compile/20020927-1.c (test for excess errors)
WARNING: program timed out.
FAIL: gcc.c-torture/compile/20020927-1.c (test for excess errors)
WARNING: program timed out.
FAIL: gcc.c-torture/compile/20020927-1.c (test for excess errors)
WARNING: program timed out.
FAIL: gcc.c-torture/compile/20020927-1.c (test for excess errors)
WARNING: program timed out.
FAIL: gcc.c-torture/compile/920410-2.c (test for excess errors)
WARNING: program timed out.
FAIL: gcc.c-torture/compile/920410-2.c (test for excess errors)
WARNING: program timed out.
FAIL: gcc.c-torture/compile/921021-1.c (test for excess errors)
WARNING: program timed out.
FAIL: gcc.c-torture/compile/921021-1.c (test for excess errors)
WARNING: program timed out.
FAIL: gcc.c-torture/compile/921021-1.c (test for excess errors)
WARNING: program timed out.
FAIL: gcc.c-torture/compile/921021-1.c (test for excess errors)
WARNING: program timed out.
FAIL: gcc.c-torture/compile/921021-1.c (test for excess errors)
WARNING: program timed out.
FAIL: gcc.c-torture/compile/921021-1.c (test for excess errors)
WARNING: program timed out.
FAIL: gcc.c-torture/compile/921202-1.c (test for excess errors)
WARNING: program timed out.
FAIL: gcc.c-torture/compile/930210-1.c (test for excess errors)
WARNING: program timed out.
FAIL: gcc.c-torture/compile/930210-1.c (test for excess errors)
WARNING: program timed out.
FAIL: gcc.c-torture/compile/930210-1.c (test for excess errors)
WARNING: program timed out.
FAIL: gcc.c-torture/compile/930210-1.c (test for excess errors)
WARNING: program timed out.
FAIL: gcc.c-torture/compile/930210-1.c (test for excess errors)
WARNING: program timed out.
FAIL: gcc.c-torture/compile/930210-1.c (test for excess errors)
WARNING: program timed out.
FAIL: gcc.c-torture/compile/931102-1.c (test for excess errors)
WARNING: program timed out.
FAIL: gcc.c-torture/compile/991229-3.c (test for excess errors)
WARNING: program timed out.
FAIL: gcc.c-torture/execute/20000205-1.c compilation, -O3 -fomit-frame-pointer
UNRESOLVED: gcc.c-torture/execute/20000205-1.c execution, -O3 -fomit-frame-pointer
WARNING: program timed out.
FAIL: gcc.c-torture/execute/20000205-1.c compilation, -O3 -fomit-frame-pointer -funroll-loops
UNRESOLVED: gcc.c-torture/execute/20000205-1.c execution, -O3 -fomit-frame-pointer -funroll-loops
WARNING: program timed out.
FAIL: gcc.c-torture/execute/20000205-1.c compilation, -O3 -fomit-frame-pointer -funroll-all-loops -finline-functions
UNRESOLVED: gcc.c-torture/execute/20000205-1.c execution, -O3 -fomit-frame-pointer -funroll-all-loops -finline-functions
WARNING: program timed out.
FAIL: gcc.c-torture/execute/20000205-1.c compilation, -O3 -g
UNRESOLVED: gcc.c-torture/execute/20000205-1.c execution, -O3 -g
WARNING: program timed out.
FAIL: gcc.c-torture/execute/20000818-1.c compilation, -Os
UNRESOLVED: gcc.c-torture/execute/20000818-1.c execution, -Os
FAIL: gcc.c-torture/execute/20030125-1.c execution, -O1
FAIL: gcc.c-torture/execute/20030125-1.c execution, -O2
FAIL: gcc.c-torture/execute/20030125-1.c execution, -O3 -fomit-frame-pointer
FAIL: gcc.c-torture/execute/20030125-1.c execution, -O3 -g
FAIL: gcc.c-torture/execute/20030125-1.c execution, -Os
WARNING: program timed out.
FAIL: gcc.c-torture/execute/921202-1.c compilation, -Os
UNRESOLVED: gcc.c-torture/execute/921202-1.c execution, -Os
UNRESOLVED: gcc.c-torture/execute/wchar_t-1.c execution, -O0
UNRESOLVED: gcc.c-torture/execute/wchar_t-1.c execution, -O1
UNRESOLVED: gcc.c-torture/execute/wchar_t-1.c execution, -O2
UNRESOLVED: gcc.c-torture/execute/wchar_t-1.c execution, -O3 -fomit-frame-pointer
UNRESOLVED: gcc.c-torture/execute/wchar_t-1.c execution, -O3 -g
UNRESOLVED: gcc.c-torture/execute/wchar_t-1.c execution, -Os
WARNING: program timed out.
FAIL: gcc.c-torture/unsorted/xlop.c, -O2
WARNING: program timed out.
FAIL: gcc.c-torture/unsorted/xlop.c, -O3 -fomit-frame-pointer
WARNING: program timed out.
FAIL: gcc.c-torture/unsorted/xlop.c, -O3 -fomit-frame-pointer -funroll-loops
WARNING: program timed out.
FAIL: gcc.c-torture/unsorted/xlop.c, -O3 -fomit-frame-pointer -funroll-all-loops -finline-functions
WARNING: program timed out.
FAIL: gcc.c-torture/unsorted/xlop.c, -O3 -g
WARNING: program timed out.
FAIL: gcc.c-torture/unsorted/xlop.c, -Os
FAIL: gcc.dg/compat/scalar-by-value-3 c_compat_x_tst.o-c_compat_y_tst.o execute
FAIL: gcc.dg/compat/scalar-return-3 c_compat_x_tst.o-c_compat_y_tst.o execute
FAIL: gcc.dg/20020103-1.c scan-assembler-not LC
FAIL: gcc.dg/20020118-1.c execution test
FAIL: gcc.dg/altivec-5.c (test for excess errors)
FAIL: gcc.dg/builtins-18.c (test for excess errors)
FAIL: gcc.dg/builtins-20.c (test for excess errors)
WARNING: program timed out.
FAIL: gcc.dg/inline-3.c (test for excess errors)
ERROR: gcc.dg/inline-3.c: error executing dg-final: couldn't open "inline-3.s": no such file or directory
UNRESOLVED: gcc.dg/inline-3.c: error executing dg-final: couldn't open "inline-3.s": no such file or directory
FAIL: gcc.dg/ppc-sdata-1.c scan-assembler sdat@sdarel\\(13\\)
FAIL: gcc.dg/ppc-sdata-1.c scan-assembler sdat2@sda21\\(2\\)
FAIL: gcc.dg/warn-1.c (test for warnings, line 15)
FAIL: gcc.dg/format/ext-3.c bad %^# (test for warnings, line 215)
FAIL: gcc.dg/format/ext-3.c (test for excess errors)
=== gcc Summary ===
# of expected passes 22855
# of unexpected failures 64
# of expected failures 79
# of unresolved testcases 13
# of unsupported tests 234
/home/mark/src/gcc34/obj/gcc/xgcc version 3.4 20030719 (experimental)
=== libjava tests ===
Running target unix
FAIL: running jacks
FAIL: Array_3 -O execution - source compiled test
FAIL: Thread_Interrupt output - source compiled test
FAIL: gnu.testlet.java.io.ObjectInputOutput.InputTest: gnu.testlet.java.io.ObjectInputOutput.Test\$GetPutField (number 1)
FAIL: gnu.testlet.java.io.ObjectInputOutput.OutputTest: Serializable: gnu.testlet.java.io.ObjectInputOutput.Test\$Extern () (number 2)
FAIL: gnu.testlet.java.io.ObjectInputOutput.OutputTest: Serializable: test(str=null, x=0) (number 2)
FAIL: gnu.testlet.java.io.OutputStreamWriter.jdk11: OutputStreamWriter(writer, encoding) (number 1)
FAIL: gnu.testlet.java.io.OutputStreamWriter.jdk11: OutputStreamWriter(writer, encoding) // alias (number 1)
FAIL: gnu.testlet.java.io.PrintStream.subclass (number 1)
FAIL: gnu.testlet.java.lang.Double.DoubleTest: Error: test_longValue returned wrong results CYGNUS: Float to int conversions - 1 (number 1)
FAIL: gnu.testlet.java.math.BigDecimal.setScale: quinn (number 2)
FAIL: gnu.testlet.java.net.DatagramSocket.DatagramSocketTest2: Expected IOException (number 1)
FAIL: gnu.testlet.java.net.DatagramSocket.DatagramSocketTest2: uncaught exception at "invalid_send_data" number 4: java.lang.IllegalArgumentException: Invalid length: -1
FAIL: gnu.testlet.java.net.Socket.jdk13: unexpected error: Success (number 1)
XPASS: gnu.testlet.java.net.URL.URLTest: sameFile (number 2)
FAIL: gnu.testlet.java.net.URL.URLTest: toString (number 2)
XPASS: gnu.testlet.java.text.SimpleDateFormat.Test: equals() (number 1)
FAIL: gnu.testlet.java.util.zip.InflaterInputStream.basic: compressing string (number 2)
=== libjava Summary ===
# of expected passes 11641
# of unexpected failures 16
# of unexpected successes 2
# of expected failures 130
# of untested testcases 13
=== libstdc++-v3 tests ===
Running target unix
FAIL: 22_locale/codecvt/encoding/wchar_t/wrapped_locale.cc execution test
FAIL: 22_locale/codecvt/max_length/wchar_t/wrapped_locale.cc execution test
FAIL: 22_locale/ctype/widen/wchar_t/2.cc execution test
XPASS: 26_numerics/c99_classification_macros_c.cc (test for excess errors)
FAIL: 27_io/basic_filebuf/underflow/wchar_t/9520.cc execution test
=== libstdc++-v3 Summary ===
# of expected passes 2019
# of unexpected failures 4
# of unexpected successes 1
# of expected failures 9
Compiler version: 3.4 20030719 (experimental)
Platform: powerpc-unknown-linux-gnu
configure flags: --enable-languages=c++,java --disable-multilib --prefix /usr/local/gcc34
time make bootstrap
real 25879.52
user 21772.26
sys 3168.21
time check
Command exited with non-zero status 2
real 43157.61
user 13532.46
sys 5282.88
More information about the Gcc-testresults
mailing list