Results for 3.4 20030719 (experimental) testsuite on sparc-sun-solaris2.8
Brad Lucier
lucier@math.purdue.edu
Sat Jul 19 11:46:00 GMT 2003
LAST_UPDATED: Sat Jul 19 01:54:03 UTC 2003
Native configuration is sparc-sun-solaris2.8
=== g++ tests ===
Running target unix
FAIL: g++.dg/eh/simd-1.C (test for excess errors)
WARNING: g++.dg/eh/simd-1.C compilation failed to produce executable
FAIL: g++.dg/eh/simd-2.C (test for excess errors)
WARNING: g++.dg/eh/simd-2.C compilation failed to produce executable
FAIL: g++.dg/ext/pretty1.C scan-assembler top level
FAIL: g++.dg/ext/pretty2.C (test for excess errors)
WARNING: g++.dg/ext/pretty2.C compilation failed to produce executable
FAIL: g++.dg/init/array10.C (test for excess errors)
FAIL: g++.dg/opt/template1.C scan-assembler-not foo1
FAIL: g++.dg/opt/vtgc1.C scan-assembler-dem .vtable_inherit[ ]*vtable for Multivv3.*0
FAIL: g++.dg/opt/vtgc1.C scan-assembler-dem .vtable_inherit[ ]*VTT for Multivv3.*0
FAIL: g++.dg/opt/vtgc1.C scan-assembler-dem .vtable_inherit[ ]*vtable for Multiss2.*vtable for Base2
FAIL: g++.dg/opt/vtgc1.C scan-assembler-dem .vtable_inherit[ ]*vtable for Multivs1.*vtable for Base2
FAIL: g++.dg/opt/vtgc1.C scan-assembler-dem .vtable_inherit[ ]*VTT for Multivs1.*vtable for Base2
FAIL: g++.dg/opt/vtgc1.C scan-assembler-dem .vtable_inherit[ ]*vtable for Multisv0.*vtable for Side0
FAIL: g++.dg/opt/vtgc1.C scan-assembler-dem .vtable_inherit[ ]*VTT for Multisv0.*vtable for Side0
FAIL: g++.dg/opt/vtgc1.C scan-assembler-dem .vtable_inherit[ ]*vtable for Side0.*0
FAIL: g++.dg/opt/vtgc1.C scan-assembler-dem .vtable_inherit[ ]*vtable for VbasedA.*0
FAIL: g++.dg/opt/vtgc1.C scan-assembler-dem .vtable_inherit[ ]*VTT for VbasedA.*0
FAIL: g++.dg/opt/vtgc1.C scan-assembler-dem .vtable_inherit[ ]*vtable for Base2.*vtable for Base1
FAIL: g++.dg/opt/vtgc1.C scan-assembler-dem .vtable_inherit[ ]*vtable for Base1.*vtable for Base0
FAIL: g++.dg/opt/vtgc1.C scan-assembler-dem .vtable_inherit[ ]*vtable for Base0.*0
FAIL: g++.dg/parse/non-dependent2.C (test for excess errors)
FAIL: g++.dg/special/conpr-4.C execution test
WARNING: g++.old-deja/g++.mike/p10769a.C compilation failed to produce executable
FAIL: g++.old-deja/g++.other/comdat1.C (test for excess errors)
WARNING: g++.old-deja/g++.other/comdat1.C compilation failed to produce executable
FAIL: g++.old-deja/g++.other/comdat2.C (test for excess errors)
WARNING: g++.old-deja/g++.other/comdat2.C compilation failed to produce executable
FAIL: g++.old-deja/g++.other/comdat3.C (test for excess errors)
WARNING: g++.old-deja/g++.other/comdat3.C compilation failed to produce executable
FAIL: g++.old-deja/g++.other/ctor1.C (test for excess errors)
WARNING: g++.old-deja/g++.other/ctor1.C compilation failed to produce executable
WARNING: g++.old-deja/g++.other/enum5.C compilation failed to produce executable
WARNING: g++.old-deja/g++.pt/friend44.C compilation failed to produce executable
FAIL: g++.old-deja/g++.pt/instantiate5.C (test for excess errors)
=== g++ Summary ===
# of expected passes 8711
# of unexpected failures 26
# of expected failures 70
# of unsupported tests 52
/export/mdd0/users/lucier/programs/gcc/gcc-3.4/objdir-sparc/gcc/testsuite/../g++ version 3.4 20030719 (experimental)
=== g77 tests ===
Running target unix
FAIL: g77.f-torture/execute/980520-1.f compilation, -O0
=== g77 Summary ===
# of expected passes 1746
# of unexpected failures 1
# of untested testcases 1
# of unsupported tests 6
/export/mdd0/users/lucier/programs/gcc/gcc-3.4/objdir-sparc/gcc/testsuite/../g77 version 3.4 20030719 (experimental)
=== gcc tests ===
Running target unix
WARNING: program timed out.
FAIL: gcc.c-torture/compile/20001226-1.c (test for excess errors)
WARNING: program timed out.
FAIL: gcc.c-torture/compile/20001226-1.c (test for excess errors)
WARNING: program timed out.
FAIL: gcc.c-torture/compile/20011229-2.c (test for excess errors)
WARNING: program timed out.
FAIL: gcc.c-torture/compile/20011229-2.c (test for excess errors)
WARNING: program timed out.
FAIL: gcc.c-torture/compile/20011229-2.c (test for excess errors)
WARNING: program timed out.
FAIL: gcc.c-torture/compile/20011229-2.c (test for excess errors)
WARNING: program timed out.
FAIL: gcc.c-torture/compile/20011229-2.c (test for excess errors)
WARNING: program timed out.
FAIL: gcc.c-torture/compile/20011229-2.c (test for excess errors)
WARNING: program timed out.
FAIL: gcc.c-torture/compile/20020927-1.c (test for excess errors)
WARNING: program timed out.
FAIL: gcc.c-torture/compile/20020927-1.c (test for excess errors)
WARNING: program timed out.
FAIL: gcc.c-torture/compile/20020927-1.c (test for excess errors)
WARNING: program timed out.
FAIL: gcc.c-torture/compile/20020927-1.c (test for excess errors)
WARNING: program timed out.
FAIL: gcc.c-torture/compile/20020927-1.c (test for excess errors)
WARNING: program timed out.
FAIL: gcc.c-torture/compile/20020927-1.c (test for excess errors)
WARNING: program timed out.
FAIL: gcc.c-torture/compile/920501-4.c (test for excess errors)
WARNING: program timed out.
FAIL: gcc.c-torture/compile/921021-1.c (test for excess errors)
WARNING: program timed out.
FAIL: gcc.c-torture/compile/921021-1.c (test for excess errors)
WARNING: program timed out.
FAIL: gcc.c-torture/compile/921021-1.c (test for excess errors)
WARNING: program timed out.
FAIL: gcc.c-torture/compile/921021-1.c (test for excess errors)
WARNING: program timed out.
FAIL: gcc.c-torture/compile/921021-1.c (test for excess errors)
WARNING: program timed out.
FAIL: gcc.c-torture/compile/921021-1.c (test for excess errors)
WARNING: program timed out.
FAIL: gcc.c-torture/compile/921202-1.c (test for excess errors)
WARNING: program timed out.
FAIL: gcc.c-torture/compile/930210-1.c (test for excess errors)
WARNING: program timed out.
FAIL: gcc.c-torture/compile/930210-1.c (test for excess errors)
WARNING: program timed out.
FAIL: gcc.c-torture/compile/930210-1.c (test for excess errors)
WARNING: program timed out.
FAIL: gcc.c-torture/compile/930210-1.c (test for excess errors)
WARNING: program timed out.
FAIL: gcc.c-torture/compile/930210-1.c (test for excess errors)
WARNING: program timed out.
FAIL: gcc.c-torture/compile/930210-1.c (test for excess errors)
WARNING: program timed out.
FAIL: gcc.c-torture/compile/930523-1.c (test for excess errors)
WARNING: program timed out.
FAIL: gcc.c-torture/compile/931102-1.c (test for excess errors)
WARNING: program timed out.
FAIL: gcc.c-torture/compile/931102-1.c (test for excess errors)
WARNING: program timed out.
FAIL: gcc.c-torture/compile/991229-3.c (test for excess errors)
WARNING: program timed out.
FAIL: gcc.c-torture/execute/20000205-1.c compilation, -O3 -fomit-frame-pointer
UNRESOLVED: gcc.c-torture/execute/20000205-1.c execution, -O3 -fomit-frame-pointer
WARNING: program timed out.
FAIL: gcc.c-torture/execute/20000205-1.c compilation, -O3 -fomit-frame-pointer -funroll-loops
UNRESOLVED: gcc.c-torture/execute/20000205-1.c execution, -O3 -fomit-frame-pointer -funroll-loops
WARNING: program timed out.
FAIL: gcc.c-torture/execute/20000205-1.c compilation, -O3 -fomit-frame-pointer -funroll-all-loops -finline-functions
UNRESOLVED: gcc.c-torture/execute/20000205-1.c execution, -O3 -fomit-frame-pointer -funroll-all-loops -finline-functions
WARNING: program timed out.
FAIL: gcc.c-torture/execute/20000205-1.c compilation, -O3 -g
UNRESOLVED: gcc.c-torture/execute/20000205-1.c execution, -O3 -g
WARNING: program timed out.
FAIL: gcc.c-torture/execute/20000818-1.c compilation, -Os
UNRESOLVED: gcc.c-torture/execute/20000818-1.c execution, -Os
WARNING: program timed out.
FAIL: gcc.c-torture/execute/921202-1.c compilation, -Os
UNRESOLVED: gcc.c-torture/execute/921202-1.c execution, -Os
FAIL: gcc.c-torture/execute/simd-4.c compilation, -O0
UNRESOLVED: gcc.c-torture/execute/simd-4.c execution, -O0
FAIL: gcc.c-torture/execute/simd-4.c compilation, -O1
UNRESOLVED: gcc.c-torture/execute/simd-4.c execution, -O1
FAIL: gcc.c-torture/execute/simd-4.c compilation, -O2
UNRESOLVED: gcc.c-torture/execute/simd-4.c execution, -O2
FAIL: gcc.c-torture/execute/simd-4.c compilation, -Os
UNRESOLVED: gcc.c-torture/execute/simd-4.c execution, -Os
UNRESOLVED: gcc.c-torture/execute/wchar_t-1.c execution, -O0
UNRESOLVED: gcc.c-torture/execute/wchar_t-1.c execution, -O1
UNRESOLVED: gcc.c-torture/execute/wchar_t-1.c execution, -O2
UNRESOLVED: gcc.c-torture/execute/wchar_t-1.c execution, -O3 -fomit-frame-pointer
UNRESOLVED: gcc.c-torture/execute/wchar_t-1.c execution, -O3 -g
UNRESOLVED: gcc.c-torture/execute/wchar_t-1.c execution, -Os
WARNING: program timed out.
FAIL: gcc.c-torture/unsorted/xlop.c, -O2
WARNING: program timed out.
FAIL: gcc.c-torture/unsorted/xlop.c, -O3 -fomit-frame-pointer
WARNING: program timed out.
FAIL: gcc.c-torture/unsorted/xlop.c, -O3 -fomit-frame-pointer -funroll-loops
WARNING: program timed out.
FAIL: gcc.c-torture/unsorted/xlop.c, -O3 -fomit-frame-pointer -funroll-all-loops -finline-functions
WARNING: program timed out.
FAIL: gcc.c-torture/unsorted/xlop.c, -O3 -g
WARNING: program timed out.
FAIL: gcc.c-torture/unsorted/xlop.c, -Os
FAIL: gcc.dg/compat/vector-1 c_compat_x_tst.o compile
FAIL: gcc.dg/compat/vector-1 c_compat_y_tst.o compile
UNRESOLVED: gcc.dg/compat/vector-1 c_compat_x_tst.o-c_compat_y_tst.o link
UNRESOLVED: gcc.dg/compat/vector-1 c_compat_x_tst.o-c_compat_y_tst.o execute
FAIL: gcc.dg/compat/vector-2 c_compat_x_tst.o compile
FAIL: gcc.dg/compat/vector-2 c_compat_y_tst.o compile
UNRESOLVED: gcc.dg/compat/vector-2 c_compat_x_tst.o-c_compat_y_tst.o link
UNRESOLVED: gcc.dg/compat/vector-2 c_compat_x_tst.o-c_compat_y_tst.o execute
FAIL: gcc.dg/cpp/19990228-1.c scan-file-not [^\\n]#
FAIL: gcc.dg/cpp/_Pragma4.c scan-file (^|\\n)#pragma bar(\$|\\n)
FAIL: gcc.dg/cpp/avoidpaste2.c scan-file (^|\\n): : : - > - >
FAIL: gcc.dg/cpp/avoidpaste2.c scan-file (^|\\n):2: :22 22:
FAIL: gcc.dg/cpp/cmdlne-dD-dM.c scan-file (^|\\n)#define foo bar(\$|\\n)
FAIL: gcc.dg/cpp/cmdlne-dM-M.c scan-file (^|\\n)#define foo bar(\$|\\n)
FAIL: gcc.dg/cpp/cmdlne-dM-dD.c scan-file (^|\\n)#define foo bar(\$|\\n)
FAIL: gcc.dg/cpp/maccom1.c scan-file (^|\\n)passed
WARNING: gcc.dg/20021014-1.c compilation failed to produce executable
FAIL: gcc.dg/builtins-18.c (test for excess errors)
FAIL: gcc.dg/builtins-20.c (test for excess errors)
ERROR: gcc.dg/const-elim-2.c: error executing dg-final: bad switch "-inline": must be -indices, -nocase, or --
UNRESOLVED: gcc.dg/const-elim-2.c: error executing dg-final: bad switch "-inline": must be -indices, -nocase, or --
WARNING: program timed out.
FAIL: gcc.dg/inline-3.c (test for excess errors)
ERROR: gcc.dg/inline-3.c: error executing dg-final: couldn't open "inline-3.s": no such file or directory
UNRESOLVED: gcc.dg/inline-3.c: error executing dg-final: couldn't open "inline-3.s": no such file or directory
XPASS: gcc.dg/uninit-4.c uninitialized variable warning (test for bogus messages, line 26)
FAIL: gcc.dg/warn-1.c (test for warnings, line 15)
=== gcc Summary ===
# of expected passes 22788
# of unexpected failures 64
# of unexpected successes 1
# of expected failures 78
# of unresolved testcases 22
# of unsupported tests 248
/export/mdd0/users/lucier/programs/gcc/gcc-3.4/objdir-sparc/gcc/xgcc version 3.4 20030719 (experimental)
=== objc tests ===
Running target unix
=== objc Summary ===
# of expected passes 1156
/export/mdd0/users/lucier/programs/gcc/gcc-3.4/objdir-sparc/gcc/xgcc version 3.4 20030719 (experimental)
=== libjava tests ===
Running target unix
FAIL: Array_3 execution - gij test
FAIL: Array_3 execution - gij test
FAIL: FileHandleGcTest execution - source compiled test
FAIL: FileHandleGcTest execution - bytecode->native test
FAIL: FileHandleGcTest -O execution - source compiled test
FAIL: FileHandleGcTest -O execution - bytecode->native test
FAIL: SyncTest execution - gij test
FAIL: SyncTest execution - gij test
FAIL: TLtest execution - gij test
FAIL: Thread_Join execution - gij test
FAIL: Thread_Join execution - gij test
FAIL: Thread_Wait_2 execution - gij test
ERROR: tcl error sourcing /home/c/lucier/programs/gcc/gcc-3.4/libjava/testsuite/libjava.verify/verify.exp.
ERROR: couldn't change working directory to "/home/c/lucier/programs/gcc/gcc-3.4/libjava/testsuite/libjava.verify/verify": no such file or directory
=== libjava Summary ===
# of expected passes 3031
# of unexpected failures 12
# of expected failures 16
# of untested testcases 24
=== libstdc++-v3 tests ===
Running target unix
FAIL: 27_io/basic_istream/sentry/char/3983-fstream.cc (test for excess errors)
WARNING: 27_io/basic_istream/sentry/char/3983-fstream.cc compilation failed to produce executable
FAIL: 27_io/basic_istream/sentry/char/3983-sstream.cc (test for excess errors)
WARNING: 27_io/basic_istream/sentry/char/3983-sstream.cc compilation failed to produce executable
FAIL: 27_io/basic_ostream/sentry/char/3983-fstream.cc (test for excess errors)
WARNING: 27_io/basic_ostream/sentry/char/3983-fstream.cc compilation failed to produce executable
FAIL: 27_io/basic_ostream/sentry/char/3983-sstream.cc (test for excess errors)
WARNING: 27_io/basic_ostream/sentry/char/3983-sstream.cc compilation failed to produce executable
=== libstdc++-v3 Summary ===
# of expected passes 1531
# of unexpected failures 4
# of expected failures 1
Compiler version: 3.4 20030719 (experimental)
Platform: sparc-sun-solaris2.8
configure flags: none
Counting all warnings,
there are 15 warnings in stage3 of this bootstrap.
Number of warnings per file:
4 gcc/unwind-dw2.c
2 gcc/objc/lang-specs.h
2 gcc/libgcc2.c
2 gcc/gcc.c
2 gcc/f/sta.c
2 /pkgs/gnu/share/bison.simple
1 gcc/java/jvspec.c
Number of warning types:
5 string length \`???' is greater than the length \`???' ISO C89 compilers are required to support
2 missing braces around initializer
2 implicit declaration of function \`???'
2 dereferencing type-punned pointer will break strict-aliasing rules
2 comparison between signed and unsigned
2 (near initialization for \`???')
More information about the Gcc-testresults
mailing list