Results for 3.5-tree-ssa 20030716 (merged 20030525) testsuite on i686-pc-linux-gnu
Kai Henningsen
kai@qualify.domain.khms.westfalen.de
Thu Jul 17 13:48:00 GMT 2003
LAST_UPDATED: Thu Jul 17 06:43:57 UTC 2003
Native configuration is i686-pc-linux-gnu
=== g++ tests ===
Running target unix
FAIL: g++.dg/eh/simd-2.C (test for excess errors)
WARNING: g++.dg/eh/simd-2.C compilation failed to produce executable
FAIL: g++.dg/ext/pretty1.C scan-assembler top level
FAIL: g++.dg/ext/pretty2.C (test for excess errors)
WARNING: g++.dg/ext/pretty2.C compilation failed to produce executable
FAIL: 23:is 2:should be 1
FAIL: g++.dg/gcov/gcov-2.C gcov: 1 failures in line counts, 0 in branch percentages, 0 in return percentages
WARNING: g++.old-deja/g++.mike/p10769a.C compilation failed to produce executable
XPASS: g++.old-deja/g++.oliva/template1.C (test for errors, line 14)
WARNING: g++.old-deja/g++.other/enum5.C compilation failed to produce executable
FAIL: g++.old-deja/g++.other/vaarg3.C (test for errors, line 23)
FAIL: g++.old-deja/g++.other/vaarg3.C (test for errors, line 26)
WARNING: g++.old-deja/g++.pt/friend44.C compilation failed to produce executable
=== g++ Summary ===
# of expected passes 8589
# of unexpected failures 7
# of unexpected successes 1
# of expected failures 68
# of unsupported tests 15
gcc version 3.5-tree-ssa 20030716 (merged 20030525)
=== g77 tests ===
Running target unix
FAIL: g77.f-torture/execute/980520-1.f compilation, -O0
=== g77 Summary ===
# of expected passes 1734
# of unexpected failures 1
# of untested testcases 1
gcc version 3.5-tree-ssa 20030716 (merged 20030525)
=== gcc tests ===
Running target unix
WARNING: program timed out.
FAIL: gcc.c-torture/compile/20001226-1.c, -O3 -g
XPASS: gcc.c-torture/execute/builtins/string-4.c execution, -O0
XPASS: gcc.c-torture/execute/builtins/string-5.c execution, -O0
XPASS: gcc.c-torture/execute/builtins/string-4.c execution, -O0
XPASS: gcc.c-torture/execute/builtins/string-5.c execution, -O0
FAIL: gcc.dg/20000724-1.c execution test
FAIL: gcc.dg/20010516-1.c (test for excess errors)
FAIL: gcc.dg/20020304-1.c (test for excess errors)
FAIL: gcc.dg/20020531-1.c (test for excess errors)
FAIL: gcc.dg/20030331-2.c (test for excess errors)
FAIL: gcc.dg/Wunreachable-4.c (test for excess errors)
FAIL: gcc.dg/i386-sse-3.c (test for excess errors)
XPASS: gcc.dg/uninit-4.c uninitialized variable warning (test for bogus messages, line 26)
XPASS: gcc.dg/uninit-5.c uninitialized variable warning (test for bogus messages, line 13)
XPASS: gcc.dg/uninit-5.c uninitialized variable warning (test for bogus messages, line 27)
XPASS: gcc.dg/uninit-8.c uninitialized variable warning (test for bogus messages, line 14)
FAIL: gcc.dg/uninit-C.c (test for excess errors)
FAIL: gcc.dg/warn-1.c (test for warnings, line 8)
FAIL: gcc.dg/warn-1.c (test for warnings, line 15)
FAIL: gcc.dg/warn-1.c (test for excess errors)
FAIL: gcc.dg/pch/static-3.c -O2 assembly comparison
FAIL: gcc.dg/tls/opt-6.c (test for excess errors)
FAIL: gcc.dg/tree-ssa/20030708-1.c scan-tree-dump-times \\(short unsigned int\\) 1
FAIL: gcc.dg/tree-ssa/20030708-1.c scan-tree-dump-times if 2
FAIL: gcc.dg/tree-ssa/20030709-1.c scan-tree-dump-times if 0
FAIL: gcc.dg/tree-ssa/20030709-2.c scan-tree-dump-times .rtmem 1
FAIL: gcc.dg/tree-ssa/20030709-2.c scan-tree-dump-times if 2
FAIL: gcc.dg/tree-ssa/20030710-1.c scan-tree-dump-times if 2
FAIL: gcc.dg/tree-ssa/20030710-1.c scan-tree-dump-times type\\.binfo 1
FAIL: gcc.dg/tree-ssa/20030710-1.c scan-tree-dump-times vec.length 2
FAIL: gcc.dg/tree-ssa/20030711-2.c scan-tree-dump-times if 3
FAIL: gcc.dg/tree-ssa/20030711-2.c scan-tree-dump-times decl\\.rtl 1
FAIL: gcc.dg/tree-ssa/20030711-3.c scan-tree-dump-times if 2
FAIL: gcc.dg/tree-ssa/20030711-3.c scan-tree-dump-times decl\\.rtl 1
FAIL: gcc.dg/tree-ssa/ssa-ccp-2.c scan-tree-dump-times link_error 0
FAIL: gcc.dg/tree-ssa/ssa-ccp-3.c scan-tree-dump-times link_error 0
FAIL: gcc.dg/tree-ssa/ssa-ccp-4.c scan-tree-dump-times link_error 0
FAIL: gcc.dg/tree-ssa/ssa-ccp-5.c scan-tree-dump-times link_error 0
FAIL: gcc.dg/tree-ssa/ssa-ccp-6.c scan-tree-dump-times link_error 0
FAIL: gcc.dg/tree-ssa/ssa-ccp-7.c scan-tree-dump-times link_error 0
FAIL: gcc.dg/tree-ssa/ssa-ccp-8.c scan-tree-dump-times link_error 0
FAIL: gcc.dg/tree-ssa/ssa-ccp-9.c scan-tree-dump-times link_error 0
=== gcc Summary ===
# of expected passes 23130
# of unexpected failures 34
# of unexpected successes 8
# of expected failures 90
# of unsupported tests 101
gcc version 3.5-tree-ssa 20030716 (merged 20030525)
=== objc tests ===
Running target unix
=== objc Summary ===
# of expected passes 1156
gcc version 3.5-tree-ssa 20030716 (merged 20030525)
=== libjava tests ===
Running target unix
=== libjava Summary ===
# of expected passes 3019
# of expected failures 16
# of untested testcases 12
=== libmudflap tests ===
Running target unix
=== libmudflap Summary ===
# of expected passes 976
=== libstdc++-v3 tests ===
Running target unix
FAIL: 22_locale/money_get/get/char/8.cc execution test
FAIL: 22_locale/money_get/get/wchar_t/8.cc execution test
FAIL: 23_containers/adaptors.cc execution test
FAIL: 23_containers/deque_ctor.cc execution test
FAIL: 23_containers/list_ctor.cc execution test
FAIL: 23_containers/vector_modifiers.cc execution test
XPASS: 26_numerics/c99_classification_macros_c.cc (test for excess errors)
FAIL: thread/pthread1.cc execution test
FAIL: thread/pthread4.cc execution test
=== libstdc++-v3 Summary ===
# of expected passes 1846
# of unexpected failures 8
# of unexpected successes 1
Compiler version: 3.5-tree-ssa 20030716 (merged 20030525)
Platform: i686-pc-linux-gnu
configure flags: --prefix=/opt/gcc-tree-ssa-20020619-branch --enable-multilib --enable-checking --enable-c-mbchar --enable-threads --enable-nls --enable-version-specific-runtime-libs --enable-languages=c++,f77,java,objc --with-libbanshee
More information about the Gcc-testresults
mailing list