Results for 3.3.1 20030715 (prerelease) testsuite on alpha-dec-osf4.0f
Rainer Orth
ro@TechFak.Uni-Bielefeld.DE
Wed Jul 16 11:32:00 GMT 2003
LAST_UPDATED: Tue Jul 15 17:47:45 UTC 2003
Native configuration is alpha-dec-osf4.0f
=== libjava tests ===
Running target unix
FAIL: PR295 compilation from source
FAIL: PR295 compilation from bytecode
FAIL: PR295 -O compilation from source
FAIL: PR295 -O compilation from bytecode
FAIL: Statics compilation from source
FAIL: Statics compilation from bytecode
FAIL: Statics -O compilation from source
FAIL: Statics -O compilation from bytecode
FAIL: cxxtest.c compilation
FAIL: ArrayStore execution - gij test
FAIL: ArrayStore execution - gij test
FAIL: Array_3 execution - gij test
FAIL: Array_3 execution - gij test
FAIL: Class_1 compilation from source
FAIL: Class_1 compilation from bytecode
FAIL: Class_1 -O compilation from source
FAIL: Class_1 -O compilation from bytecode
FAIL: PR218 execution - gij test
FAIL: PR218 execution - gij test
FAIL: StringBuffer_1 execution - gij test
FAIL: StringBuffer_1 execution - gij test
FAIL: Throw_2 execution - source compiled test
FAIL: Throw_2 execution - gij test
FAIL: Throw_2 execution - bytecode->native test
FAIL: Throw_2 -O execution - source compiled test
FAIL: Throw_2 execution - gij test
FAIL: Throw_2 -O execution - bytecode->native test
FAIL: initexc execution - gij test
FAIL: initexc execution - gij test
FAIL: instinit2 execution - gij test
FAIL: instinit2 execution - gij test
FAIL: invokethrow execution - source compiled test
FAIL: invokethrow execution - gij test
FAIL: invokethrow execution - bytecode->native test
FAIL: invokethrow -O execution - source compiled test
FAIL: invokethrow execution - gij test
FAIL: invokethrow -O execution - bytecode->native test
FAIL: pr179 compilation from source
FAIL: pr179 compilation from bytecode
FAIL: pr179 -O compilation from source
FAIL: pr179 -O compilation from bytecode
FAIL: verify compilation from source
FAIL: verify compilation from bytecode
FAIL: verify -O compilation from source
FAIL: verify -O compilation from bytecode
FAIL: resource compilation dummy.class
=== libjava Summary ===
# of expected passes 2763
# of unexpected failures 46
# of expected failures 16
# of untested testcases 180
=== libstdc++-v3 tests ===
Running target unix
FAIL: 27_io/istream_extractor_arith/12.cc execution test
=== libstdc++-v3 Summary ===
# of expected passes 417
# of unexpected failures 1
# of expected failures 17
# of unsupported tests 6
=== g++ tests ===
Running target unix
FAIL: g++.dg/other/packed1.C execution test
=== g++ Summary ===
# of expected passes 8026
# of unexpected failures 1
# of expected failures 97
# of untested testcases 22
# of unsupported tests 27
/amnt/figaro/volumes/obj-gcc/gcc/obj.alpha/gcc-3.3.1-20030715/4.0f-gcc/gcc/testsuite/../g++ version 3.3.1 20030715 (prerelease)
=== g77 tests ===
Running target unix
=== g77 Summary ===
# of expected passes 1686
# of unsupported tests 8
/amnt/figaro/volumes/obj-gcc/gcc/obj.alpha/gcc-3.3.1-20030715/4.0f-gcc/gcc/testsuite/../g77 version 3.3.1 20030715 (prerelease)
=== gcc tests ===
Running target unix
FAIL: gcc.c-torture/compile/20001226-1.c, -O2
FAIL: gcc.c-torture/compile/20001226-1.c, -O3 -fomit-frame-pointer
FAIL: gcc.c-torture/compile/20001226-1.c, -O3 -g
FAIL: gcc.c-torture/compile/20001226-1.c, -Os
FAIL: gcc.c-torture/compile/labels-3.c, -O0
FAIL: gcc.c-torture/compile/labels-3.c, -O1
FAIL: gcc.c-torture/compile/labels-3.c, -O2
FAIL: gcc.c-torture/compile/labels-3.c, -O3 -fomit-frame-pointer
FAIL: gcc.c-torture/compile/labels-3.c, -O3 -g
FAIL: gcc.c-torture/compile/labels-3.c, -Os
FAIL: gcc.c-torture/execute/20020227-1.c compilation, -O0
UNRESOLVED: gcc.c-torture/execute/20020227-1.c execution, -O0
FAIL: gcc.c-torture/execute/20020227-1.c compilation, -O1
UNRESOLVED: gcc.c-torture/execute/20020227-1.c execution, -O1
FAIL: gcc.c-torture/execute/20020227-1.c compilation, -O2
UNRESOLVED: gcc.c-torture/execute/20020227-1.c execution, -O2
FAIL: gcc.c-torture/execute/20020227-1.c compilation, -O3 -fomit-frame-pointer
UNRESOLVED: gcc.c-torture/execute/20020227-1.c execution, -O3 -fomit-frame-pointer
FAIL: gcc.c-torture/execute/20020227-1.c compilation, -O3 -g
UNRESOLVED: gcc.c-torture/execute/20020227-1.c execution, -O3 -g
FAIL: gcc.c-torture/execute/20020227-1.c compilation, -Os
UNRESOLVED: gcc.c-torture/execute/20020227-1.c execution, -Os
FAIL: gcc.c-torture/execute/simd-2.c compilation, -O3 -fomit-frame-pointer
UNRESOLVED: gcc.c-torture/execute/simd-2.c execution, -O3 -fomit-frame-pointer
FAIL: gcc.c-torture/execute/simd-2.c compilation, -O3 -g
UNRESOLVED: gcc.c-torture/execute/simd-2.c execution, -O3 -g
FAIL: gcc.dg/duff-2.c (test for excess errors)
FAIL: gcc.dg/inline-2.c scan-assembler bsr
=== gcc Summary ===
# of expected passes 20842
# of unexpected failures 20
# of expected failures 72
# of unresolved testcases 8
# of unsupported tests 172
/amnt/figaro/volumes/obj-gcc/gcc/obj.alpha/gcc-3.3.1-20030715/4.0f-gcc/gcc/xgcc version 3.3.1 20030715 (prerelease)
=== objc tests ===
Running target unix
=== objc Summary ===
# of expected passes 1153
/amnt/figaro/volumes/obj-gcc/gcc/obj.alpha/gcc-3.3.1-20030715/4.0f-gcc/gcc/xgcc version 3.3.1 20030715 (prerelease)
Compiler version: 3.3.1 20030715 (prerelease)
Platform: alpha-dec-osf4.0f
configure flags: --host=alpha-dec-osf4.0f --prefix=/vol/gcc --with-local-prefix=/vol/gcc --disable-nls
More information about the Gcc-testresults
mailing list