Results for 3.4 20030715 (experimental) testsuite on i686-pc-linux-gnu
Greg Schafer
gws@tigers-lfs.local
Tue Jul 15 11:29:00 GMT 2003
Using the new "--with-arch" switch can cause new failures. This gcc was
configured with "--with-arch=athlon-4".
LAST_UPDATED: Tue Jul 15 03:27:51 UTC 2003
Native configuration is i686-pc-linux-gnu
=== g++ tests ===
Running target unix
FAIL: g++.dg/ext/pretty1.C scan-assembler top level
FAIL: g++.dg/ext/pretty2.C (test for excess errors)
WARNING: g++.dg/ext/pretty2.C compilation failed to produce executable
FAIL: g++.dg/init/array10.C (test for excess errors)
FAIL: g++.dg/opt/template1.C scan-assembler-not foo1
WARNING: g++.old-deja/g++.mike/p10769a.C compilation failed to produce executable
WARNING: g++.old-deja/g++.other/enum5.C compilation failed to produce executable
XPASS: g++.old-deja/g++.other/init5.C execution test
WARNING: g++.old-deja/g++.pt/friend44.C compilation failed to produce executable
=== g++ Summary ===
# of expected passes 8756
# of unexpected failures 4
# of unexpected successes 1
# of expected failures 66
# of unsupported tests 23
/mnt/hdb7/gcc/HEAD/gcc-build-test/gcc/testsuite/../g++ version 3.4 20030715 (experimental)
=== gcc tests ===
Running target unix
FAIL: gcc.c-torture/compile/simd-5.c (test for excess errors)
FAIL: gcc.c-torture/execute/simd-1.c execution, -O0
FAIL: gcc.c-torture/execute/simd-1.c execution, -O1
FAIL: gcc.c-torture/execute/simd-1.c execution, -O2
FAIL: gcc.c-torture/execute/simd-1.c execution, -O3 -fomit-frame-pointer
FAIL: gcc.c-torture/execute/simd-1.c execution, -O3 -g
FAIL: gcc.c-torture/execute/simd-1.c execution, -Os
FAIL: gcc.c-torture/execute/simd-2.c execution, -Os
FAIL: gcc.c-torture/execute/simd-4.c execution, -O1
FAIL: gcc.c-torture/execute/simd-4.c execution, -O2
FAIL: gcc.c-torture/execute/simd-4.c execution, -O3 -fomit-frame-pointer
FAIL: gcc.c-torture/execute/simd-4.c execution, -O3 -g
FAIL: gcc.c-torture/execute/simd-4.c execution, -Os
UNRESOLVED: gcc.c-torture/execute/wchar_t-1.c execution, -O0
UNRESOLVED: gcc.c-torture/execute/wchar_t-1.c execution, -O1
UNRESOLVED: gcc.c-torture/execute/wchar_t-1.c execution, -O2
UNRESOLVED: gcc.c-torture/execute/wchar_t-1.c execution, -O3 -fomit-frame-pointer
UNRESOLVED: gcc.c-torture/execute/wchar_t-1.c execution, -O3 -g
UNRESOLVED: gcc.c-torture/execute/wchar_t-1.c execution, -Os
FAIL: gcc.dg/compat/vector-1 c_compat_x_tst.o compile
FAIL: gcc.dg/compat/vector-1 c_compat_y_tst.o compile
UNRESOLVED: gcc.dg/compat/vector-1 c_compat_x_tst.o-c_compat_y_tst.o link
UNRESOLVED: gcc.dg/compat/vector-1 c_compat_x_tst.o-c_compat_y_tst.o execute
FAIL: gcc.dg/compat/vector-2 c_compat_x_tst.o compile
FAIL: gcc.dg/compat/vector-2 c_compat_y_tst.o compile
UNRESOLVED: gcc.dg/compat/vector-2 c_compat_x_tst.o-c_compat_y_tst.o link
UNRESOLVED: gcc.dg/compat/vector-2 c_compat_x_tst.o-c_compat_y_tst.o execute
FAIL: gcc.dg/i386-387-1.c scan-assembler call _?sin
FAIL: gcc.dg/i386-387-1.c scan-assembler call _?cos
FAIL: gcc.dg/i386-387-1.c scan-assembler call _?sqrt
FAIL: gcc.dg/i386-387-1.c scan-assembler call _?atan2
FAIL: gcc.dg/i386-387-1.c scan-assembler call _?log
FAIL: gcc.dg/i386-387-1.c scan-assembler call _?exp
FAIL: gcc.dg/i386-387-5.c scan-assembler call _?atan
FAIL: gcc.dg/warn-1.c (test for warnings, line 15)
FAIL: gcc.misc-tests/i386-pf-none-1.c scan-assembler-not fetch
FAIL: gcc.misc-tests/i386-pf-none-1.c scan-assembler-not fetch
FAIL: gcc.misc-tests/i386-pf-none-1.c scan-assembler-not fetch
FAIL: gcc.misc-tests/i386-pf-none-1.c scan-assembler-not fetch
FAIL: gcc.misc-tests/i386-pf-none-1.c scan-assembler-not fetch
FAIL: gcc.misc-tests/i386-pf-none-1.c scan-assembler-not fetch
FAIL: gcc.misc-tests/i386-pf-none-1.c scan-assembler-not fetch
FAIL: gcc.misc-tests/i386-pf-none-1.c scan-assembler-not fetch
FAIL: gcc.misc-tests/i386-pf-sse-1.c scan-assembler-not prefetchw
FAIL: gcc.misc-tests/i386-pf-sse-1.c scan-assembler-not prefetchw
FAIL: gcc.misc-tests/i386-pf-sse-1.c scan-assembler-not prefetchw
FAIL: gcc.misc-tests/i386-pf-sse-1.c scan-assembler-not prefetchw
=== gcc Summary ===
# of expected passes 23722
# of unexpected failures 37
# of expected failures 81
# of unresolved testcases 10
# of unsupported tests 138
/mnt/hdb7/gcc/HEAD/gcc-build-test/gcc/xgcc version 3.4 20030715 (experimental)
=== libstdc++-v3 tests ===
Running target unix
XPASS: 26_numerics/c99_classification_macros_c.cc (test for excess errors)
=== libstdc++-v3 Summary ===
# of expected passes 2019
# of unexpected successes 1
# of expected failures 9
Compiler version: 3.4 20030715 (experimental)
Platform: i686-pc-linux-gnu
configure flags: --prefix=/opt/gcc-3.4-test --enable-shared --enable-languages=c,c++ --enable-threads=posix --enable-__cxa_atexit --enable-clocale=gnu --with-arch=athlon-4
More information about the Gcc-testresults
mailing list