Results for 3.4 20030713 (experimental) testsuite on sparc-sun-solaris2.7
Kaveh R. Ghazi
ghazi@caip.rutgers.edu
Mon Jul 14 04:26:00 GMT 2003
LAST_UPDATED:
Native configuration is sparc-sun-solaris2.7
=== g++ tests ===
Running target unix
FAIL: g++.dg/eh/simd-1.C (test for excess errors)
WARNING: g++.dg/eh/simd-1.C compilation failed to produce executable
FAIL: g++.dg/eh/simd-2.C (test for excess errors)
WARNING: g++.dg/eh/simd-2.C compilation failed to produce executable
FAIL: g++.dg/ext/pretty1.C scan-assembler top level
FAIL: g++.dg/ext/pretty2.C (test for excess errors)
WARNING: g++.dg/ext/pretty2.C compilation failed to produce executable
FAIL: g++.dg/init/array10.C (test for excess errors)
FAIL: g++.dg/opt/template1.C scan-assembler-not foo1
FAIL: g++.dg/special/conpr-4.C execution test
WARNING: g++.old-deja/g++.mike/p10769a.C compilation failed to produce executable
FAIL: g++.old-deja/g++.other/comdat1.C (test for excess errors)
WARNING: g++.old-deja/g++.other/comdat1.C compilation failed to produce executable
FAIL: g++.old-deja/g++.other/comdat2.C (test for excess errors)
WARNING: g++.old-deja/g++.other/comdat2.C compilation failed to produce executable
FAIL: g++.old-deja/g++.other/comdat3.C (test for excess errors)
WARNING: g++.old-deja/g++.other/comdat3.C compilation failed to produce executable
FAIL: g++.old-deja/g++.other/ctor1.C (test for excess errors)
WARNING: g++.old-deja/g++.other/ctor1.C compilation failed to produce executable
WARNING: g++.old-deja/g++.other/enum5.C compilation failed to produce executable
WARNING: g++.old-deja/g++.pt/friend44.C compilation failed to produce executable
FAIL: g++.old-deja/g++.pt/instantiate5.C (test for excess errors)
=== g++ Summary ===
# of expected passes 8656
# of unexpected failures 12
# of expected failures 70
# of unsupported tests 50
/teal/tmpdisk/ghazi/gcc-testing/34/build/gcc/testsuite/../g++ version 3.4 20030713 (experimental)
=== g77 tests ===
Running target unix
FAIL: g77.f-torture/compile/cpp.F, -O0
FAIL: g77.f-torture/compile/cpp.F, -O1
FAIL: g77.f-torture/compile/cpp.F, -O2
FAIL: g77.f-torture/compile/cpp.F, -O3 -fomit-frame-pointer
FAIL: g77.f-torture/compile/cpp.F, -O3 -fomit-frame-pointer -funroll-loops
FAIL: g77.f-torture/compile/cpp.F, -O3 -fomit-frame-pointer -funroll-all-loops -finline-functions
FAIL: g77.f-torture/compile/cpp.F, -O3 -g
FAIL: g77.f-torture/compile/cpp.F, -Os
FAIL: g77.f-torture/compile/cpp2.F, -O0
FAIL: g77.f-torture/compile/cpp2.F, -O1
FAIL: g77.f-torture/compile/cpp2.F, -O2
FAIL: g77.f-torture/compile/cpp2.F, -O3 -fomit-frame-pointer
FAIL: g77.f-torture/compile/cpp2.F, -O3 -g
FAIL: g77.f-torture/compile/cpp2.F, -Os
FAIL: g77.f-torture/execute/980520-1.f compilation, -O0
FAIL: g77.f-torture/execute/cpp.F compilation, -O0
FAIL: g77.f-torture/execute/cpp.F compilation, -O1
FAIL: g77.f-torture/execute/cpp.F compilation, -O2
FAIL: g77.f-torture/execute/cpp.F compilation, -O3 -fomit-frame-pointer
FAIL: g77.f-torture/execute/cpp.F compilation, -O3 -g
FAIL: g77.f-torture/execute/cpp.F compilation, -Os
FAIL: g77.f-torture/execute/cpp2.F compilation, -O0
FAIL: g77.f-torture/execute/cpp2.F compilation, -O1
FAIL: g77.f-torture/execute/cpp2.F compilation, -O2
FAIL: g77.f-torture/execute/cpp2.F compilation, -O3 -fomit-frame-pointer
FAIL: g77.f-torture/execute/cpp2.F compilation, -O3 -g
FAIL: g77.f-torture/execute/cpp2.F compilation, -Os
=== g77 Summary ===
# of expected passes 1708
# of unexpected failures 27
# of untested testcases 13
# of unsupported tests 6
/teal/tmpdisk/ghazi/gcc-testing/34/build/gcc/testsuite/../g77 version 3.4 20030713 (experimental)
=== gcc tests ===
Running target unix
FAIL: gcc.c-torture/execute/simd-4.c compilation, -O0
UNRESOLVED: gcc.c-torture/execute/simd-4.c execution, -O0
FAIL: gcc.c-torture/execute/simd-4.c compilation, -O1
UNRESOLVED: gcc.c-torture/execute/simd-4.c execution, -O1
FAIL: gcc.c-torture/execute/simd-4.c compilation, -O2
UNRESOLVED: gcc.c-torture/execute/simd-4.c execution, -O2
FAIL: gcc.c-torture/execute/simd-4.c compilation, -Os
UNRESOLVED: gcc.c-torture/execute/simd-4.c execution, -Os
UNRESOLVED: gcc.c-torture/execute/wchar_t-1.c execution, -O0
UNRESOLVED: gcc.c-torture/execute/wchar_t-1.c execution, -O1
UNRESOLVED: gcc.c-torture/execute/wchar_t-1.c execution, -O2
UNRESOLVED: gcc.c-torture/execute/wchar_t-1.c execution, -O3 -fomit-frame-pointer
UNRESOLVED: gcc.c-torture/execute/wchar_t-1.c execution, -O3 -g
UNRESOLVED: gcc.c-torture/execute/wchar_t-1.c execution, -Os
FAIL: gcc.dg/compat/vector-1 c_compat_x_tst.o compile
FAIL: gcc.dg/compat/vector-1 c_compat_y_tst.o compile
UNRESOLVED: gcc.dg/compat/vector-1 c_compat_x_tst.o-c_compat_y_tst.o link
UNRESOLVED: gcc.dg/compat/vector-1 c_compat_x_tst.o-c_compat_y_tst.o execute
FAIL: gcc.dg/compat/vector-2 c_compat_x_tst.o compile
FAIL: gcc.dg/compat/vector-2 c_compat_y_tst.o compile
UNRESOLVED: gcc.dg/compat/vector-2 c_compat_x_tst.o-c_compat_y_tst.o link
UNRESOLVED: gcc.dg/compat/vector-2 c_compat_x_tst.o-c_compat_y_tst.o execute
FAIL: gcc.dg/cpp/19990228-1.c scan-file-not [^\\n]#
FAIL: gcc.dg/cpp/_Pragma4.c scan-file (^|\\n)#pragma bar(\$|\\n)
FAIL: gcc.dg/cpp/avoidpaste2.c scan-file (^|\\n): : : - > - >
FAIL: gcc.dg/cpp/avoidpaste2.c scan-file (^|\\n):2: :22 22:
FAIL: gcc.dg/cpp/cmdlne-dD-dM.c scan-file (^|\\n)#define foo bar(\$|\\n)
FAIL: gcc.dg/cpp/cmdlne-dM-M.c scan-file (^|\\n)#define foo bar(\$|\\n)
FAIL: gcc.dg/cpp/cmdlne-dM-dD.c scan-file (^|\\n)#define foo bar(\$|\\n)
FAIL: gcc.dg/cpp/maccom1.c scan-file (^|\\n)passed
WARNING: gcc.dg/20021014-1.c compilation failed to produce executable
FAIL: gcc.dg/builtins-18.c (test for excess errors)
FAIL: gcc.dg/builtins-20.c (test for excess errors)
ERROR: gcc.dg/const-elim-2.c: error executing dg-final: bad switch "-inline": must be -indices, -nocase, or --
UNRESOLVED: gcc.dg/const-elim-2.c: error executing dg-final: bad switch "-inline": must be -indices, -nocase, or --
XPASS: gcc.dg/uninit-4.c uninitialized variable warning (test for bogus messages, line 26)
FAIL: gcc.dg/warn-1.c (test for warnings, line 15)
=== gcc Summary ===
# of expected passes 22730
# of unexpected failures 19
# of unexpected successes 1
# of expected failures 78
# of unresolved testcases 15
# of unsupported tests 245
/teal/tmpdisk/ghazi/gcc-testing/34/build/gcc/xgcc version 3.4 20030713 (experimental)
=== objc tests ===
Running target unix
FAIL: objc.dg/comp-types-1.m (test for warnings, line 44)
FAIL: objc.dg/comp-types-1.m (test for warnings, line 46)
FAIL: objc.dg/comp-types-1.m (test for warnings, line 51)
FAIL: objc.dg/comp-types-1.m (test for warnings, line 52)
FAIL: objc.dg/comp-types-1.m (test for warnings, line 53)
FAIL: objc.dg/comp-types-1.m (test for warnings, line 67)
FAIL: objc.dg/comp-types-1.m (test for warnings, line 68)
FAIL: objc.dg/comp-types-1.m (test for warnings, line 69)
FAIL: objc.dg/comp-types-1.m (test for warnings, line 70)
FAIL: objc.dg/comp-types-1.m (test for warnings, line 71)
FAIL: objc.dg/comp-types-1.m (test for warnings, line 72)
FAIL: objc.dg/comp-types-1.m (test for warnings, line 80)
FAIL: objc.dg/comp-types-1.m (test for warnings, line 81)
FAIL: objc.dg/comp-types-1.m (test for warnings, line 82)
FAIL: objc.dg/comp-types-1.m (test for warnings, line 83)
FAIL: objc.dg/comp-types-1.m (test for excess errors)
FAIL: objc.dg/comp-types-6.m (test for excess errors)
=== objc Summary ===
# of expected passes 1139
# of unexpected failures 17
/teal/tmpdisk/ghazi/gcc-testing/34/build/gcc/xgcc version 3.4 20030713 (experimental)
=== libstdc++-v3 tests ===
Running target unix
FAIL: 27_io/basic_istream/sentry/char/3983-fstream.cc (test for excess errors)
WARNING: 27_io/basic_istream/sentry/char/3983-fstream.cc compilation failed to produce executable
FAIL: 27_io/basic_istream/sentry/char/3983-sstream.cc (test for excess errors)
WARNING: 27_io/basic_istream/sentry/char/3983-sstream.cc compilation failed to produce executable
FAIL: 27_io/basic_ostream/sentry/char/3983-fstream.cc (test for excess errors)
WARNING: 27_io/basic_ostream/sentry/char/3983-fstream.cc compilation failed to produce executable
FAIL: 27_io/basic_ostream/sentry/char/3983-sstream.cc (test for excess errors)
WARNING: 27_io/basic_ostream/sentry/char/3983-sstream.cc compilation failed to produce executable
FAIL: 27_io/ios_base/cons/assign_neg.cc (test for errors, line 696)
FAIL: 27_io/ios_base/cons/copy_neg.cc (test for errors, line 693)
FAIL: 27_io/ios_base/cons/copy_neg.cc (test for excess errors)
=== libstdc++-v3 Summary ===
# of expected passes 1526
# of unexpected failures 7
# of expected failures 1
Compiler version: 3.4 20030713 (experimental)
Platform: sparc-sun-solaris2.7
configure flags: --verbose --enable-languages=c,objc,c++,f77
More information about the Gcc-testresults
mailing list