Results for 3.4 20030711 (experimental) testsuite on sh-unknown-elf
Joern Rennecke
joern.rennecke@superh.com
Sat Jul 12 01:48:00 GMT 2003
LAST_UPDATED: 2003-07-11 22:00 UTC
Target is sh-unknown-elf
Host is i686-pc-linux-gnu
=== g++ tests ===
Running target sh-hms-sim
FAIL: g++.dg/ext/pretty1.C scan-assembler top level
FAIL: g++.dg/ext/pretty2.C (test for excess errors)
WARNING: g++.dg/ext/pretty2.C compilation failed to produce executable
FAIL: g++.dg/init/array10.C (test for excess errors)
XPASS: g++.old-deja/g++.jason/thunk3.C execution test
WARNING: g++.old-deja/g++.mike/p10769a.C compilation failed to produce executable
WARNING: g++.old-deja/g++.other/enum5.C compilation failed to produce executable
WARNING: g++.old-deja/g++.pt/friend44.C compilation failed to produce executable
=== g++ Summary for sh-hms-sim ===
# of expected passes 8648
# of unexpected failures 3
# of unexpected successes 1
# of expected failures 68
# of unsupported tests 61
Running target sh-hms-sim/-m4/-ml
FAIL: g++.dg/ext/pretty1.C scan-assembler top level
FAIL: g++.dg/ext/pretty2.C (test for excess errors)
WARNING: g++.dg/ext/pretty2.C compilation failed to produce executable
FAIL: g++.dg/init/array10.C (test for excess errors)
XPASS: g++.old-deja/g++.jason/thunk3.C execution test
WARNING: g++.old-deja/g++.mike/p10769a.C compilation failed to produce executable
WARNING: g++.old-deja/g++.other/enum5.C compilation failed to produce executable
WARNING: g++.old-deja/g++.pt/friend44.C compilation failed to produce executable
=== g++ Summary for sh-hms-sim/-m4/-ml ===
# of expected passes 8648
# of unexpected failures 3
# of unexpected successes 1
# of expected failures 68
# of unsupported tests 61
=== g++ Summary ===
# of expected passes 17296
# of unexpected failures 6
# of unexpected successes 2
# of expected failures 136
# of unsupported tests 122
/swbuild/nightly/2003-07-11/sh-elf/gcc/testsuite/../g++ version 3.4 20030711 (experimental)
Host is i686-pc-linux-gnu
=== gcc tests ===
Running target sh-hms-sim
UNRESOLVED: gcc.c-torture/execute/20020720-1.c execution, -O1
UNRESOLVED: gcc.c-torture/execute/20020720-1.c execution, -O2
UNRESOLVED: gcc.c-torture/execute/20020720-1.c execution, -O3 -fomit-frame-pointer
UNRESOLVED: gcc.c-torture/execute/20020720-1.c execution, -O3 -g
UNRESOLVED: gcc.c-torture/execute/20020720-1.c execution, -Os
UNRESOLVED: gcc.c-torture/execute/wchar_t-1.c execution, -O0
UNRESOLVED: gcc.c-torture/execute/wchar_t-1.c execution, -O1
UNRESOLVED: gcc.c-torture/execute/wchar_t-1.c execution, -O2
UNRESOLVED: gcc.c-torture/execute/wchar_t-1.c execution, -O3 -fomit-frame-pointer
UNRESOLVED: gcc.c-torture/execute/wchar_t-1.c execution, -O3 -g
UNRESOLVED: gcc.c-torture/execute/wchar_t-1.c execution, -Os
FAIL: gcc.dg/compat/vector-2 c_compat_x_tst.o compile
FAIL: gcc.dg/compat/vector-2 c_compat_y_tst.o compile
UNRESOLVED: gcc.dg/compat/vector-2 c_compat_x_tst.o-c_compat_y_tst.o link
UNRESOLVED: gcc.dg/compat/vector-2 c_compat_x_tst.o-c_compat_y_tst.o execute
FAIL: gcc.dg/asm-names.c (test for excess errors)
FAIL: gcc.dg/builtins-10.c (test for excess errors)
FAIL: gcc.dg/builtins-18.c (test for excess errors)
FAIL: gcc.dg/builtins-20.c (test for excess errors)
XPASS: gcc.dg/uninit-4.c uninitialized variable warning (test for bogus messages, line 26)
FAIL: gcc.dg/warn-1.c (test for warnings, line 15)
=== gcc Summary for sh-hms-sim ===
# of expected passes 23326
# of unexpected failures 7
# of unexpected successes 1
# of expected failures 83
# of unresolved testcases 13
# of unsupported tests 273
Running target sh-hms-sim/-m4/-ml
WARNING: program timed out.
FAIL: gcc.c-torture/compile/20001226-1.c -O3 -g (test for excess errors)
UNRESOLVED: gcc.c-torture/execute/20020720-1.c execution, -O1
UNRESOLVED: gcc.c-torture/execute/20020720-1.c execution, -O2
UNRESOLVED: gcc.c-torture/execute/20020720-1.c execution, -O3 -fomit-frame-pointer
UNRESOLVED: gcc.c-torture/execute/20020720-1.c execution, -O3 -g
UNRESOLVED: gcc.c-torture/execute/20020720-1.c execution, -Os
UNRESOLVED: gcc.c-torture/execute/wchar_t-1.c execution, -O0
UNRESOLVED: gcc.c-torture/execute/wchar_t-1.c execution, -O1
UNRESOLVED: gcc.c-torture/execute/wchar_t-1.c execution, -O2
UNRESOLVED: gcc.c-torture/execute/wchar_t-1.c execution, -O3 -fomit-frame-pointer
UNRESOLVED: gcc.c-torture/execute/wchar_t-1.c execution, -O3 -g
UNRESOLVED: gcc.c-torture/execute/wchar_t-1.c execution, -Os
FAIL: gcc.dg/compat/vector-2 c_compat_x_tst.o compile
FAIL: gcc.dg/compat/vector-2 c_compat_y_tst.o compile
UNRESOLVED: gcc.dg/compat/vector-2 c_compat_x_tst.o-c_compat_y_tst.o link
UNRESOLVED: gcc.dg/compat/vector-2 c_compat_x_tst.o-c_compat_y_tst.o execute
FAIL: gcc.dg/asm-names.c (test for excess errors)
FAIL: gcc.dg/builtins-20.c (test for excess errors)
XPASS: gcc.dg/uninit-4.c uninitialized variable warning (test for bogus messages, line 26)
FAIL: gcc.dg/warn-1.c (test for warnings, line 15)
=== gcc Summary for sh-hms-sim/-m4/-ml ===
# of expected passes 23327
# of unexpected failures 6
# of unexpected successes 1
# of expected failures 83
# of unresolved testcases 13
# of unsupported tests 273
=== gcc Summary ===
# of expected passes 46653
# of unexpected failures 13
# of unexpected successes 2
# of expected failures 166
# of unresolved testcases 26
# of unsupported tests 546
/swbuild/nightly/2003-07-11/sh-elf/gcc/xgcc version 3.4 20030711 (experimental)
Host is i686-pc-linux-gnu
=== objc tests ===
Running target sh-hms-sim
FAIL: objc.dg/comp-types-1.m (test for warnings, line 44)
FAIL: objc.dg/comp-types-1.m (test for warnings, line 46)
FAIL: objc.dg/comp-types-1.m (test for warnings, line 51)
FAIL: objc.dg/comp-types-1.m (test for warnings, line 52)
FAIL: objc.dg/comp-types-1.m (test for warnings, line 53)
FAIL: objc.dg/comp-types-1.m (test for warnings, line 67)
FAIL: objc.dg/comp-types-1.m (test for warnings, line 68)
FAIL: objc.dg/comp-types-1.m (test for warnings, line 69)
FAIL: objc.dg/comp-types-1.m (test for warnings, line 70)
FAIL: objc.dg/comp-types-1.m (test for warnings, line 71)
FAIL: objc.dg/comp-types-1.m (test for warnings, line 72)
FAIL: objc.dg/comp-types-1.m (test for warnings, line 80)
FAIL: objc.dg/comp-types-1.m (test for warnings, line 81)
FAIL: objc.dg/comp-types-1.m (test for warnings, line 82)
FAIL: objc.dg/comp-types-1.m (test for warnings, line 83)
FAIL: objc.dg/comp-types-1.m (test for excess errors)
FAIL: objc.dg/comp-types-6.m (test for excess errors)
=== objc Summary for sh-hms-sim ===
# of expected passes 1139
# of unexpected failures 17
Running target sh-hms-sim/-m4/-ml
FAIL: objc.dg/comp-types-1.m (test for warnings, line 44)
FAIL: objc.dg/comp-types-1.m (test for warnings, line 46)
FAIL: objc.dg/comp-types-1.m (test for warnings, line 51)
FAIL: objc.dg/comp-types-1.m (test for warnings, line 52)
FAIL: objc.dg/comp-types-1.m (test for warnings, line 53)
FAIL: objc.dg/comp-types-1.m (test for warnings, line 67)
FAIL: objc.dg/comp-types-1.m (test for warnings, line 68)
FAIL: objc.dg/comp-types-1.m (test for warnings, line 69)
FAIL: objc.dg/comp-types-1.m (test for warnings, line 70)
FAIL: objc.dg/comp-types-1.m (test for warnings, line 71)
FAIL: objc.dg/comp-types-1.m (test for warnings, line 72)
FAIL: objc.dg/comp-types-1.m (test for warnings, line 80)
FAIL: objc.dg/comp-types-1.m (test for warnings, line 81)
FAIL: objc.dg/comp-types-1.m (test for warnings, line 82)
FAIL: objc.dg/comp-types-1.m (test for warnings, line 83)
FAIL: objc.dg/comp-types-1.m (test for excess errors)
FAIL: objc.dg/comp-types-6.m (test for excess errors)
=== objc Summary for sh-hms-sim/-m4/-ml ===
# of expected passes 1139
# of unexpected failures 17
=== objc Summary ===
# of expected passes 2278
# of unexpected failures 34
/swbuild/nightly/2003-07-11/sh-elf/gcc/xgcc version 3.4 20030711 (experimental)
Compiler version: 3.4 20030711 (experimental)
Platform: sh-unknown-elf
configure flags: --cache-file=.././config.cache --build=i686-pc-linux-gnu --host=i686-pc-linux-gnu --target=sh-elf --with-gnu-as --with-gnu-ld --with-newlib --with-headers --with-newlib --srcdir=../../srcw/gcc
More information about the Gcc-testresults
mailing list