Results for 3.3.1 20030709 (prerelease) testsuite on powerpc-unknown-linux-gnu
Olaf Hering
olh@suse.de
Thu Jul 10 02:21:00 GMT 2003
LAST_UPDATED: Mit Jul 9 15:56:56 UTC 2003
Native configuration is powerpc-unknown-linux-gnu
=== g++ tests ===
Running target unix
XPASS: g++.dg/other/packed1.C execution test
FAIL: g++.other/decl5.C caused compiler crash
XPASS: g++.other/init5.C Execution test
=== g++ Summary ===
# of expected passes 7975
# of unexpected failures 1
# of unexpected successes 2
# of expected failures 88
# of untested testcases 23
# of unsupported tests 18
/home/foo/obj-gcc/gcc/testsuite/../g++ version 3.3.1 20030709 (prerelease)
=== g77 tests ===
Running target unix
=== g77 Summary ===
# of expected passes 1686
# of unsupported tests 8
/home/foo/obj-gcc/gcc/testsuite/../g77 version 3.3.1 20030709 (prerelease)
=== gcc tests ===
Running target unix
FAIL: gcc.dg/20020103-1.c scan-assembler-not LC
FAIL: gcc.dg/20020118-1.c execution test
FAIL: gcc.dg/altivec-5.c (test for excess errors)
FAIL: gcc.dg/duff-2.c (test for excess errors)
=== gcc Summary ===
# of expected passes 21320
# of unexpected failures 4
# of expected failures 67
# of unsupported tests 159
/home/foo/obj-gcc/gcc/xgcc version 3.3.1 20030709 (prerelease)
=== objc tests ===
Running target unix
=== objc Summary ===
# of expected passes 1153
/home/foo/obj-gcc/gcc/xgcc version 3.3.1 20030709 (prerelease)
=== libjava tests ===
Running target unix
FAIL: Array_3 -O execution - source compiled test
WARNING: program timed out.
FAIL: SyncTest execution - gij test
WARNING: program timed out.
FAIL: SyncTest execution - gij test
=== libjava Summary ===
# of expected passes 2985
# of unexpected failures 3
# of expected failures 16
# of untested testcases 15
=== libstdc++-v3 tests ===
Running target unix
XPASS: 22_locale/collate_byname.cc execution test
XPASS: 22_locale/collate_members_char.cc execution test
XPASS: 22_locale/collate_members_wchar_t.cc execution test
XPASS: 22_locale/ctype_is_char.cc execution test
XPASS: 22_locale/ctype_is_wchar_t.cc execution test
XPASS: 22_locale/members.cc execution test
XPASS: 22_locale/messages_byname.cc execution test
XPASS: 22_locale/messages_members_char.cc execution test
XPASS: 22_locale/money_get_members_char.cc execution test
XPASS: 22_locale/money_get_members_wchar_t.cc execution test
XPASS: 22_locale/money_put_members_char.cc execution test
XPASS: 22_locale/money_put_members_wchar_t.cc execution test
XPASS: 22_locale/moneypunct_byname.cc execution test
XPASS: 22_locale/moneypunct_members_char.cc execution test
XPASS: 22_locale/moneypunct_members_wchar_t.cc execution test
XPASS: 22_locale/num_get_members_char.cc execution test
XPASS: 22_locale/num_get_members_wchar_t.cc execution test
XPASS: 22_locale/num_put_members_char.cc execution test
XPASS: 22_locale/num_put_members_wchar_t.cc execution test
XPASS: 22_locale/numpunct_byname.cc execution test
XPASS: 22_locale/numpunct_members_char.cc execution test
XPASS: 22_locale/numpunct_members_wchar_t.cc execution test
XPASS: 22_locale/time_get_members_char.cc execution test
XPASS: 22_locale/time_get_members_wchar_t.cc execution test
XPASS: 22_locale/time_put_members_char.cc execution test
XPASS: 22_locale/time_put_members_wchar_t.cc execution test
=== libstdc++-v3 Summary ===
# of expected passes 453
# of unexpected successes 26
# of expected failures 2
Compiler version: 3.3.1 20030709 (prerelease)
Platform: powerpc-unknown-linux-gnu
configure flags: --host=powerpc-unknown-linux-gnu --enable-checking --enable-libgcj --enable-shared --enable-__cxa_atexit --enable-threads --enable-languages=c,c++,f77,java,objc,ada --prefix=/home/foo/boofared --with-system-zlib
More information about the Gcc-testresults
mailing list