Results for 3.4 20030704 (experimental) testsuite on i686-pc-linux-gnu
Diego Novillo
dnovillo@toribio.toronto.redhat.com
Fri Jul 4 08:15:00 GMT 2003
LAST_UPDATED:
Native configuration is i686-pc-linux-gnu
=== g++ tests ===
Running target unix
FAIL: g++.dg/eh/simd-2.C (test for excess errors)
WARNING: g++.dg/eh/simd-2.C compilation failed to produce executable
FAIL: g++.dg/ext/pretty1.C scan-assembler top level
FAIL: g++.dg/ext/pretty2.C (test for excess errors)
WARNING: g++.dg/ext/pretty2.C compilation failed to produce executable
FAIL: g++.dg/init/array10.C (test for excess errors)
WARNING: g++.old-deja/g++.mike/p10769a.C compilation failed to produce executable
WARNING: g++.old-deja/g++.other/enum5.C compilation failed to produce executable
WARNING: g++.old-deja/g++.pt/friend44.C compilation failed to produce executable
=== g++ Summary ===
# of expected passes 8659
# of unexpected failures 4
# of expected failures 68
# of unsupported tests 15
/notnfs/dnovillo/sbox/gcc/bld.toribio/gcc/testsuite/../g++ version 3.4 20030704 (experimental)
=== g77 tests ===
Running target unix
FAIL: g77.f-torture/execute/980520-1.f compilation, -O0
=== g77 Summary ===
# of expected passes 1758
# of unexpected failures 1
# of untested testcases 1
/notnfs/dnovillo/sbox/gcc/bld.toribio/gcc/testsuite/../g77 version 3.4 20030704 (experimental)
=== gcc tests ===
Running target unix
FAIL: gcc.c-torture/compile/920729-1.c (test for excess errors)
FAIL: gcc.c-torture/compile/930503-1.c (test for excess errors)
FAIL: gcc.c-torture/compile/940611-1.c (test for excess errors)
FAIL: gcc.c-torture/compile/940718-1.c (test for excess errors)
FAIL: gcc.c-torture/compile/990617-1.c (test for excess errors)
FAIL: gcc.c-torture/compile/990801-1.c (test for excess errors)
FAIL: gcc.c-torture/compile/goto-1.c (test for excess errors)
FAIL: gcc.c-torture/compile/iftrap-1.c (test for excess errors)
FAIL: gcc.c-torture/unsorted/sound.c, -O3 -fomit-frame-pointer -funroll-all-loops -finline-functions
FAIL: gcc.dg/compat/vector-1 c_compat_x_tst.o compile
FAIL: gcc.dg/compat/vector-1 c_compat_y_tst.o compile
UNRESOLVED: gcc.dg/compat/vector-1 c_compat_x_tst.o-c_compat_y_tst.o link
UNRESOLVED: gcc.dg/compat/vector-1 c_compat_x_tst.o-c_compat_y_tst.o execute
FAIL: gcc.dg/compat/vector-2 c_compat_x_tst.o compile
FAIL: gcc.dg/compat/vector-2 c_compat_y_tst.o compile
UNRESOLVED: gcc.dg/compat/vector-2 c_compat_x_tst.o-c_compat_y_tst.o link
UNRESOLVED: gcc.dg/compat/vector-2 c_compat_x_tst.o-c_compat_y_tst.o execute
FAIL: gcc.dg/warn-1.c (test for warnings, line 15)
=== gcc Summary ===
# of expected passes 23024
# of unexpected failures 14
# of expected failures 74
# of unresolved testcases 4
# of unsupported tests 132
/notnfs/dnovillo/sbox/gcc/bld.toribio/gcc/xgcc version 3.4 20030704 (experimental)
=== objc tests ===
Running target unix
=== objc Summary ===
# of expected passes 1156
/notnfs/dnovillo/sbox/gcc/bld.toribio/gcc/xgcc version 3.4 20030704 (experimental)
=== libjava tests ===
Running target unix
FAIL: SyncTest execution - gij test
=== libjava Summary ===
# of expected passes 3053
# of unexpected failures 1
# of expected failures 16
# of untested testcases 13
=== libstdc++-v3 tests ===
Running target unix
XPASS: 26_numerics/c99_classification_macros_c.cc (test for excess errors)
=== libstdc++-v3 Summary ===
# of expected passes 2022
# of unexpected successes 1
Compiler version: 3.4 20030704 (experimental)
Platform: i686-pc-linux-gnu
configure flags: --prefix=/home/dnovillo/perf/sbox/gcc/local/inst.toribio --srcdir=/home/dnovillo/perf/sbox/gcc/local/src --disable-multilib --disable-checking --disable-shared --enable-threads
More information about the Gcc-testresults
mailing list