Results for 3.4 20030703 (experimental) testsuite on alphaev67-unknown-linux-gnu
Richard Henderson
rth@twiddle.net
Thu Jul 3 15:35:00 GMT 2003
LAST_UPDATED: Thu Jul 3 05:32:37 UTC 2003
Native configuration is alphaev67-unknown-linux-gnu
=== libjava tests ===
Running target unix
FAIL: Thread_Sleep -O output - bytecode->native test
FAIL: initexc execution - gij test
FAIL: initexc execution - gij test
=== libjava Summary ===
# of expected passes 3050
# of unexpected failures 3
# of expected failures 16
# of untested testcases 14
=== libstdc++-v3 check-abi Summary ===
# of added symbols: 112
# of missing symbols: 169
# of incompatible symbols: 173
=== libstdc++-v3 tests ===
Running target unix
FAIL: 21_strings/basic_string/inserters_extractors/wchar_t/7.cc execution test
FAIL: 26_numerics/fabs_inline.cc (test for excess errors)
WARNING: 26_numerics/fabs_inline.cc compilation failed to produce executable
FAIL: 27_io/objects/char/6.cc execution test
=== libstdc++-v3 Summary ===
# of expected passes 2018
# of unexpected failures 3
# of expected failures 1
=== g++ tests ===
Running target unix
FAIL: g++.dg/ext/pretty1.C scan-assembler top level
FAIL: g++.dg/ext/pretty2.C (test for excess errors)
WARNING: g++.dg/ext/pretty2.C compilation failed to produce executable
FAIL: g++.dg/init/array10.C (test for excess errors)
FAIL: g++.dg/template/local3.C (test for excess errors)
WARNING: g++.old-deja/g++.mike/p10769a.C compilation failed to produce executable
WARNING: g++.old-deja/g++.other/enum5.C compilation failed to produce executable
WARNING: g++.old-deja/g++.pt/friend44.C compilation failed to produce executable
=== g++ Summary ===
# of expected passes 8627
# of unexpected failures 4
# of expected failures 68
# of unsupported tests 44
/home/rth/work/gcc/build/axp/gcc/testsuite/../g++ version 3.4 20030703 (experimental)
=== g77 tests ===
Running target unix
FAIL: g77.dg/bprob/g77-bprob-1.f compilation, -O3 -g -fprofile-arcs
UNRESOLVED: g77.dg/bprob/g77-bprob-1.f execution, -O3 -g -fprofile-arcs
UNRESOLVED: g77.dg/bprob/g77-bprob-1.f compilation, -O3 -g -fbranch-probabilities
UNRESOLVED: g77.dg/bprob/g77-bprob-1.f execution, -O3 -g -fbranch-probabilities
FAIL: g77.f-torture/execute/19990826-2.f compilation, -O3 -g
FAIL: g77.f-torture/execute/20010116.f compilation, -O3 -g
FAIL: g77.f-torture/execute/980520-1.f compilation, -O0
FAIL: g77.f-torture/execute/f90-intrinsic-bit.f compilation, -O3 -g
FAIL: g77.f-torture/execute/f90-intrinsic-mathematical.f compilation, -O3 -g
FAIL: g77.f-torture/execute/f90-intrinsic-numeric.f compilation, -O3 -g
FAIL: g77.f-torture/execute/intrinsic-f2c-z.f compilation, -O3 -g
FAIL: g77.f-torture/execute/intrinsic-unix-bessel.f compilation, -O3 -g
FAIL: g77.f-torture/execute/intrinsic-unix-erf.f compilation, -O3 -g
FAIL: g77.f-torture/execute/intrinsic-vax-cd.f compilation, -O3 -g
FAIL: g77.f-torture/execute/intrinsic77.f compilation, -O3 -g
FAIL: g77.f-torture/execute/select.f compilation, -O3 -g
FAIL: g77.f-torture/execute/short.f compilation, -O3 -g
=== g77 Summary ===
# of expected passes 1718
# of unexpected failures 14
# of unresolved testcases 3
# of untested testcases 13
# of unsupported tests 6
/home/rth/work/gcc/build/axp/gcc/testsuite/../g77 version 3.4 20030703 (experimental)
=== gcc tests ===
Running target unix
WARNING: program timed out.
FAIL: gcc.c-torture/compile/20001226-1.c (test for excess errors)
FAIL: gcc.dg/Wpadded.c (test for excess errors)
FAIL: gcc.dg/uninit-A.c uninitialized variable warning (test for bogus messages, line 52)
FAIL: gcc.dg/uninit-A.c uninitialized variable warning (test for bogus messages, line 53)
FAIL: gcc.dg/warn-1.c (test for warnings, line 15)
FAIL: gcc.misc-tests/bprob-1.c compilation, -O3 -g -DPERFTIME -fprofile-arcs
UNRESOLVED: gcc.misc-tests/bprob-1.c execution, -O3 -g -DPERFTIME -fprofile-arcs
UNRESOLVED: gcc.misc-tests/bprob-1.c compilation, -O3 -g -DPERFTIME -fbranch-probabilities
UNRESOLVED: gcc.misc-tests/bprob-1.c execution, -O3 -g -DPERFTIME -fbranch-probabilities
=== gcc Summary ===
# of expected passes 23391
# of unexpected failures 6
# of expected failures 84
# of unresolved testcases 3
# of unsupported tests 239
/home/rth/work/gcc/build/axp/gcc/xgcc version 3.4 20030703 (experimental)
=== objc tests ===
Running target unix
=== objc Summary ===
# of expected passes 1156
/home/rth/work/gcc/build/axp/gcc/xgcc version 3.4 20030703 (experimental)
Compiler version: 3.4 20030703 (experimental)
Platform: alphaev67-unknown-linux-gnu
configure flags: --prefix=/home/rth/work/run --enable-threads --enable-clocale=gnu
More information about the Gcc-testresults
mailing list