Results for 3.4 20030701 (experimental) testsuite on alphaev67-unknown-linux-gnu
Richard Henderson
rth@twiddle.net
Tue Jul 1 18:01:00 GMT 2003
LAST_UPDATED: Tue Jul 1 07:57:15 UTC 2003
Native configuration is alphaev67-unknown-linux-gnu
=== libjava tests ===
Running target unix
FAIL: initexc execution - source compiled test
FAIL: initexc execution - gij test
FAIL: initexc execution - bytecode->native test
FAIL: initexc -O execution - source compiled test
FAIL: initexc execution - gij test
FAIL: initexc -O execution - bytecode->native test
=== libjava Summary ===
# of expected passes 3043
# of unexpected failures 6
# of expected failures 16
# of untested testcases 18
=== libstdc++-v3 check-abi Summary ===
# of added symbols: 126
# of missing symbols: 169
# of incompatible symbols: 173
=== libstdc++-v3 tests ===
Running target unix
FAIL: 21_strings/basic_string/inserters_extractors/wchar_t/7.cc execution test
FAIL: 22_locale/num_put/put/char/7.cc (test for excess errors)
WARNING: 22_locale/num_put/put/char/7.cc compilation failed to produce executable
FAIL: 22_locale/num_put/put/wchar_t/7.cc (test for excess errors)
WARNING: 22_locale/num_put/put/wchar_t/7.cc compilation failed to produce executable
FAIL: 26_numerics/fabs_inline.cc (test for excess errors)
WARNING: 26_numerics/fabs_inline.cc compilation failed to produce executable
FAIL: 27_io/objects/char/6.cc execution test
=== libstdc++-v3 Summary ===
# of expected passes 2006
# of unexpected failures 5
# of expected failures 1
=== g++ tests ===
Running target unix
FAIL: g++.dg/ext/pretty1.C scan-assembler top level
FAIL: g++.dg/ext/pretty2.C (test for excess errors)
WARNING: g++.dg/ext/pretty2.C compilation failed to produce executable
FAIL: g++.dg/init/array10.C (test for excess errors)
WARNING: g++.old-deja/g++.mike/p10769a.C compilation failed to produce executable
WARNING: g++.old-deja/g++.other/enum5.C compilation failed to produce executable
WARNING: g++.old-deja/g++.pt/friend44.C compilation failed to produce executable
=== g++ Summary ===
# of expected passes 8618
# of unexpected failures 3
# of expected failures 67
# of unsupported tests 44
/home/rth/work/gcc/build/axp/gcc/testsuite/../g++ version 3.4 20030701 (experimental)
=== g77 tests ===
Running target unix
FAIL: g77.f-torture/execute/980520-1.f compilation, -O0
=== g77 Summary ===
# of expected passes 1746
# of unexpected failures 1
# of untested testcases 1
# of unsupported tests 6
/home/rth/work/gcc/build/axp/gcc/testsuite/../g77 version 3.4 20030701 (experimental)
=== gcc tests ===
Running target unix
WARNING: program timed out.
FAIL: gcc.c-torture/compile/20001226-1.c (test for excess errors)
WARNING: program timed out.
FAIL: gcc.c-torture/compile/20001226-1.c (test for excess errors)
FAIL: gcc.dg/20030626-1.c (test for bogus messages, line 17)
FAIL: gcc.dg/Wpadded.c (test for excess errors)
FAIL: gcc.dg/uninit-A.c uninitialized variable warning (test for bogus messages, line 52)
FAIL: gcc.dg/uninit-A.c uninitialized variable warning (test for bogus messages, line 53)
FAIL: gcc.dg/warn-1.c (test for warnings, line 15)
=== gcc Summary ===
# of expected passes 23393
# of unexpected failures 7
# of expected failures 84
# of unsupported tests 239
/home/rth/work/gcc/build/axp/gcc/xgcc version 3.4 20030701 (experimental)
=== objc tests ===
Running target unix
=== objc Summary ===
# of expected passes 1156
/home/rth/work/gcc/build/axp/gcc/xgcc version 3.4 20030701 (experimental)
Compiler version: 3.4 20030701 (experimental)
Platform: alphaev67-unknown-linux-gnu
configure flags: --prefix=/home/rth/work/run --enable-threads --enable-clocale=gnu
More information about the Gcc-testresults
mailing list