Results for 3.420030128(experimental) testsuite on i686-pc-linux-gnu
Autocrasher
autocrasher@devphil.com
Fri Jan 31 13:00:00 GMT 2003
The configure/build/test log and libstdc++-v3 regression plots can be
found at http://www.devphil.com/build/
Host was specified as athlon_mp-pc-linux-gnu.
This particular run used standard (previously installed) binutils.
- The Autocrasher (Phil's Builder Bot, version 1.1)
LAST_UPDATED: Fri Jan 31 11:26:21 UTC 2003
Native configuration is i686-pc-linux-gnu
=== libstdc++-v3 tests ===
Running target unix
FAIL: 22_locale/messages/members/char/1.cc execution test
FAIL: 22_locale/messages/members/char/2.cc execution test
FAIL: 22_locale/messages/members/char/wrapped_env.cc execution test
FAIL: 22_locale/messages/members/char/wrapped_locale.cc execution test
FAIL: 22_locale/messages_byname/1.cc execution test
FAIL: 22_locale/time_get/get_monthname/char/1.cc execution test
FAIL: 22_locale/time_get/get_monthname/char/2.cc execution test
FAIL: 22_locale/time_get/get_monthname/char/wrapped_env.cc execution test
FAIL: 22_locale/time_get/get_monthname/char/wrapped_locale.cc execution test
FAIL: 22_locale/time_get/get_monthname/wchar_t/1.cc execution test
FAIL: 22_locale/time_get/get_monthname/wchar_t/2.cc execution test
FAIL: 22_locale/time_get/get_monthname/wchar_t/wrapped_env.cc execution test
FAIL: 22_locale/time_get/get_monthname/wchar_t/wrapped_locale.cc execution test
FAIL: 22_locale/time_get/get_time/char/2.cc execution test
FAIL: 22_locale/time_get/get_time/char/wrapped_env.cc execution test
FAIL: 22_locale/time_get/get_time/char/wrapped_locale.cc execution test
FAIL: 22_locale/time_get/get_time/wchar_t/2.cc execution test
FAIL: 22_locale/time_get/get_time/wchar_t/wrapped_env.cc execution test
FAIL: 22_locale/time_get/get_time/wchar_t/wrapped_locale.cc execution test
FAIL: 22_locale/time_put/put/char/9.cc execution test
FAIL: 22_locale/time_put/put/char/wrapped_env.cc execution test
FAIL: 22_locale/time_put/put/char/wrapped_locale.cc execution test
FAIL: 22_locale/time_put/put/wchar_t/9.cc execution test
FAIL: 22_locale/time_put/put/wchar_t/wrapped_env.cc execution test
FAIL: 22_locale/time_put/put/wchar_t/wrapped_locale.cc execution test
FAIL: 24_iterators/iterator.cc execution test
FAIL: ext/type_compare.cc (test for excess errors)
WARNING: ext/type_compare.cc compilation failed to produce executable
ERROR: ext/type_compare.cc: error executing dg-final: couldn't open "type_compare.s": no such file or directory
UNRESOLVED: ext/type_compare.cc: error executing dg-final: couldn't open "type_compare.s": no such file or directory
FAIL: ext/type_traits.cc (test for excess errors)
ERROR: ext/type_traits.cc: error executing dg-final: couldn't open "type_traits.s": no such file or directory
UNRESOLVED: ext/type_traits.cc: error executing dg-final: couldn't open "type_traits.s": no such file or directory
FAIL: ext/type_transform.cc (test for excess errors)
WARNING: ext/type_transform.cc compilation failed to produce executable
ERROR: ext/type_transform.cc: error executing dg-final: couldn't open "type_transform.s": no such file or directory
UNRESOLVED: ext/type_transform.cc: error executing dg-final: couldn't open "type_transform.s": no such file or directory
=== libstdc++-v3 Summary ===
# of expected passes 940
# of unexpected failures 29
# of expected failures 3
# of unresolved testcases 3
=== g++ tests ===
Running target unix
FAIL: g++.dg/warn/Wunused-2.C (test for warnings, line 5)
XPASS: g++.other/init5.C Execution test
=== g++ Summary ===
# of expected passes 8238
# of unexpected failures 1
# of unexpected successes 1
# of expected failures 69
# of untested testcases 9
# of unsupported tests 3
/home/pme/build/build-2003-01-31-reflect/gcc/testsuite/../g++ version 3.4 20030128 (experimental)
Compiler version: 3.420030128(experimental)
Platform: i686-pc-linux-gnu
configure flags: --prefix=/home/pme/build/install-2003-01-31-reflect --enable-shared --disable-nls --disable-werror --host=athlon_mp-pc-linux-gnu --enable-threads=posix --enable-__cxa_atexit --enable-languages=c++ --with-dwarf2 --enable-cxx-flags=-march=athlon-mp
More information about the Gcc-testresults
mailing list