Results for 3.3 20030129 (prerelease) testsuite on i386-pc-linux-gnu
Matthias Klose
doko@auric.debian.org
Thu Jan 30 23:10:00 GMT 2003
LAST_UPDATED: Wed Jan 29 21:58:55 UTC 2003
Native configuration is i386-pc-linux-gnu
=== g++ tests ===
Running target unix
FAIL: g++.dg/lookup/using2.C (test for errors, line 28)
FAIL: g++.dg/lookup/using2.C (test for errors, line 44)
FAIL: g++.dg/lookup/using2.C (test for excess errors)
FAIL: g++.dg/other/do1.C (test for errors, line 11)
FAIL: g++.dg/other/do1.C (test for excess errors)
XPASS: g++.dg/parse/angle-bracket.C (test for bogus messages, line 7)
FAIL: g++.dg/parse/angle-bracket.C (test for excess errors)
FAIL: g++.dg/template/typename3.C (test for excess errors)
FAIL: g++.dg/warn/Wunused-2.C (test for warnings, line 5)
FAIL: g++.dg/tls/init-2.C (test for excess errors)
XPASS: g++.other/init5.C Execution test
=== g++ Summary ===
# of expected passes 7920
# of unexpected failures 9
# of unexpected successes 2
# of expected failures 90
# of untested testcases 9
# of unsupported tests 3
/build/packages/gcc/snap/gcc-snapshot-20030129/build/gcc/testsuite/../g++ version 3.3 20030129 (prerelease)
=== g77 tests ===
Running target unix
=== g77 Summary ===
# of expected passes 1644
# of unsupported tests 8
/build/packages/gcc/snap/gcc-snapshot-20030129/build/gcc/testsuite/../g77 version 3.3 20030129 (prerelease)
=== gcc tests ===
Running target unix
WARNING: program timed out.
FAIL: gcc.c-torture/compile/20001226-1.c, -O3 -g
FAIL: gcc.dg/duff-2.c (test for excess errors)
FAIL: gcc.dg/uninit-C.c (test for excess errors)
=== gcc Summary ===
# of expected passes 20870
# of unexpected failures 3
# of expected failures 69
# of unsupported tests 73
/build/packages/gcc/snap/gcc-snapshot-20030129/build/gcc/xgcc version 3.3 20030129 (prerelease)
=== objc tests ===
Running target unix
FAIL: objc.dg/naming-1.m (test for errors, line 20)
FAIL: objc.dg/naming-1.m (test for excess errors)
FAIL: objc.dg/naming-2.m (test for errors, line 7)
FAIL: objc.dg/naming-2.m (test for excess errors)
=== objc Summary ===
# of expected passes 1149
# of unexpected failures 4
/build/packages/gcc/snap/gcc-snapshot-20030129/build/gcc/xgcc version 3.3 20030129 (prerelease)
=== libjava tests ===
Running target unix
FAIL: PR1343 compilation from bytecode
FAIL: PR1343 -O compilation from bytecode
WARNING: program timed out.
FAIL: SyncTest execution - gij test
WARNING: program timed out.
FAIL: SyncTest execution - gij test
FAIL: Thread_Interrupt output - gij test
FAIL: Thread_Interrupt -O output - bytecode->native test
=== libjava Summary ===
# of expected passes 2917
# of unexpected failures 6
# of expected failures 16
# of untested testcases 14
=== libstdc++-v3 tests ===
Running target unix
XPASS: 22_locale/collate_byname.cc execution test
XPASS: 22_locale/collate_members_char.cc execution test
XPASS: 22_locale/collate_members_wchar_t.cc execution test
XPASS: 22_locale/ctype_is_char.cc execution test
XPASS: 22_locale/ctype_is_wchar_t.cc execution test
XPASS: 22_locale/members.cc execution test
XPASS: 22_locale/messages_byname.cc execution test
XPASS: 22_locale/messages_members_char.cc execution test
XPASS: 22_locale/moneypunct_byname.cc execution test
XPASS: 22_locale/moneypunct_members_char.cc execution test
XPASS: 22_locale/moneypunct_members_wchar_t.cc execution test
XPASS: 22_locale/numpunct_byname.cc execution test
XPASS: 22_locale/numpunct_members_char.cc execution test
XPASS: 22_locale/numpunct_members_wchar_t.cc execution test
FAIL: 26_numerics/c99_classification_macros_c.cc (test for excess errors)
=== libstdc++-v3 Summary ===
# of expected passes 439
# of unexpected failures 1
# of unexpected successes 14
# of expected failures 13
Compiler version: 3.3 20030129 (prerelease)
Platform: i386-pc-linux-gnu
configure flags: --host=i386-linux -v --enable-languages=c,c++,java,f77,objc,ada --prefix=/usr/lib/gcc-snapshot --infodir=/share/info --mandir=/share/man --enable-shared --with-system-zlib --enable-nls --enable-__cxa_atexit --without-included-gettext --enable-clocale=gnu --enable-java-gc=boehm --enable-java-awt=xlib --with-cpp-install-dir=bin --enable-objc-gc
BOOT_CFLAGS=-O2
Patches that Debian applied in this version:
gcc-m68k-config:
2002-11-25 Andreas Schwab <schwab@suse.de>
* config.gcc (m68k-*-linux*): Don't set extra_parts and gnu_ld,
should come from the generic *-*-linux* entry.
gcc-m68k-update:
Tue Jan 7 18:30:35 CET 2003 Jan Hubicka <jh@suse.cz>
PR target/8343
* m68k.md (umulsidi, mulsidi expanders): Use register operand.
libffi-install-fix:
libffi/Makefile.in: Fix mkinstalldirs macro.
deb-protoize:
build protoize/unprotoize by default
objc-testsuite:
Run objc tests with -lpthread.
libobjc:
Find header file for Boehm garbage collector.
More information about the Gcc-testresults
mailing list