Results for 3.4 20030129 (experimental) testsuite on alphaev56-unknown-linux-gnu
jsturm@bgp01068008bgs.taylor01.mi.comcast.net
jsturm@bgp01068008bgs.taylor01.mi.comcast.net
Thu Jan 30 20:42:00 GMT 2003
LAST_UPDATED: Fri Jan 3 07:02:15 UTC 2003
Native configuration is alphaev56-unknown-linux-gnu
=== libjava tests ===
Running target unix
FAIL: PR1343 compilation from bytecode
FAIL: PR1343 -O compilation from bytecode
WARNING: program timed out.
FAIL: SyncTest execution - gij test
WARNING: program timed out.
FAIL: SyncTest execution - gij test
FAIL: initexc execution - gij test
FAIL: initexc execution - gij test
=== libjava Summary ===
# of expected passes 2915
# of unexpected failures 6
# of expected failures 16
# of untested testcases 16
=== libstdc++-v3 tests ===
Running target unix
FAIL: 22_locale/collate/compare/char/1.cc execution test
FAIL: 22_locale/collate/compare/char/2.cc execution test
FAIL: 22_locale/collate/compare/char/wrapped_env.cc execution test
FAIL: 22_locale/collate/compare/char/wrapped_locale.cc execution test
FAIL: 22_locale/collate/compare/wchar_t/1.cc execution test
FAIL: 22_locale/collate/compare/wchar_t/2.cc execution test
FAIL: 22_locale/collate/compare/wchar_t/wrapped_env.cc execution test
FAIL: 22_locale/collate/compare/wchar_t/wrapped_locale.cc execution test
FAIL: 22_locale/collate/transform/char/2.cc execution test
FAIL: 22_locale/collate/transform/char/wrapped_env.cc execution test
FAIL: 22_locale/collate/transform/char/wrapped_locale.cc execution test
FAIL: 22_locale/collate/transform/wchar_t/2.cc execution test
FAIL: 22_locale/collate/transform/wchar_t/wrapped_env.cc execution test
FAIL: 22_locale/collate/transform/wchar_t/wrapped_locale.cc execution test
FAIL: 22_locale/collate_byname/1.cc execution test
FAIL: 22_locale/ctype/is/char/2.cc execution test
FAIL: 22_locale/ctype/is/char/wrapped_env.cc execution test
FAIL: 22_locale/ctype/is/char/wrapped_locale.cc execution test
FAIL: 22_locale/locale/operations/1.cc execution test
FAIL: 22_locale/locale/operations/2.cc execution test
FAIL: 22_locale/money_get/get/char/1.cc execution test
FAIL: 22_locale/money_get/get/char/2.cc execution test
FAIL: 22_locale/money_get/get/char/3.cc execution test
FAIL: 22_locale/money_get/get/char/4.cc execution test
FAIL: 22_locale/money_get/get/char/wrapped_env.cc execution test
FAIL: 22_locale/money_get/get/char/wrapped_locale.cc execution test
FAIL: 22_locale/money_put/put/char/1.cc execution test
FAIL: 22_locale/money_put/put/char/2.cc execution test
FAIL: 22_locale/money_put/put/char/3.cc execution test
FAIL: 22_locale/money_put/put/char/wrapped_env.cc execution test
FAIL: 22_locale/money_put/put/char/wrapped_locale.cc execution test
FAIL: 22_locale/time_get/get_date/char/2.cc execution test
FAIL: 22_locale/time_get/get_date/char/wrapped_env.cc execution test
FAIL: 22_locale/time_get/get_date/char/wrapped_locale.cc execution test
FAIL: 22_locale/time_get/get_time/char/1.cc execution test
FAIL: 22_locale/time_get/get_time/char/2.cc execution test
FAIL: 22_locale/time_get/get_time/char/wrapped_env.cc execution test
FAIL: 22_locale/time_get/get_time/char/wrapped_locale.cc execution test
FAIL: 26_numerics/fabs_inline.cc (test for excess errors)
WARNING: 26_numerics/fabs_inline.cc compilation failed to produce executable
WARNING: program timed out.
FAIL: thread/pthread4.cc execution test
=== libstdc++-v3 Summary ===
# of expected passes 925
# of unexpected failures 40
# of expected failures 3
=== g77 tests ===
Running target unix
FAIL: g77.f-torture/noncompile/check0.f
=== g77 Summary ===
# of expected passes 1643
# of unexpected failures 1
# of unsupported tests 8
/home/jsturm/gcc/build/gcc/testsuite/../g77 version 3.4 20030129 (experimental)
=== gcc tests ===
Running target unix
WARNING: program timed out.
FAIL: gcc.c-torture/compile/20001226-1.c, -O2
WARNING: program timed out.
FAIL: gcc.c-torture/compile/20001226-1.c, -O3 -fomit-frame-pointer
WARNING: program timed out.
FAIL: gcc.c-torture/compile/20001226-1.c, -O3 -g
WARNING: program timed out.
FAIL: gcc.c-torture/compile/20001226-1.c, -Os
FAIL: gcc.c-torture/execute/20030125-1.c execution, -O1
FAIL: gcc.c-torture/execute/20030125-1.c execution, -O2
FAIL: gcc.c-torture/execute/20030125-1.c execution, -O3 -fomit-frame-pointer
FAIL: gcc.c-torture/execute/20030125-1.c execution, -O3 -g
FAIL: gcc.c-torture/execute/20030125-1.c execution, -Os
FAIL: gcc.dg/duff-2.c (test for excess errors)
FAIL: gcc.dg/pch/inline-1.c (test for excess errors)
=== gcc Summary ===
# of expected passes 21634
# of unexpected failures 11
# of expected failures 70
# of untested testcases 1
# of unsupported tests 168
/home/jsturm/gcc/build/gcc/xgcc version 3.4 20030129 (experimental)
=== g++ tests ===
Running target unix
FAIL: g++.dg/warn/Wunused-2.C (test for warnings, line 5)
FAIL: pch/system-1.C -g assembly comparison
FAIL: pch/system-1.C -O2 -g assembly comparison
FAIL: g++.pt/repo3.C (test for excess errors)
=== g++ Summary ===
# of expected passes 8229
# of unexpected failures 4
# of expected failures 70
# of untested testcases 22
# of unsupported tests 17
/home/jsturm/gcc/build/gcc/testsuite/../g++ version 3.4 20030129 (experimental)
=== objc tests ===
Running target unix
=== objc Summary ===
# of expected passes 1153
/home/jsturm/gcc/build/gcc/xgcc version 3.4 20030129 (experimental)
Compiler version: 3.4 20030129 (experimental)
Platform: alphaev56-unknown-linux-gnu
configure flags: --prefix=/opt/gcc --enable-threads --with-as=/opt/src/bin/as --with-ld=/opt/src/bin/ld
More information about the Gcc-testresults
mailing list