Results for 3.4 20030128 (experimental) testsuite on i686-pc-linux-gnu (RTL check)
Kaveh R. Ghazi
ghazi@caip.rutgers.edu
Wed Jan 29 06:22:00 GMT 2003
LAST_UPDATED:
Native configuration is i686-pc-linux-gnu
=== gcc tests ===
Running target unix/-fPIC
FAIL: gcc.c-torture/compile/20000804-1.c, -O0
FAIL: gcc.c-torture/execute/20000603-1.c execution, -O3 -fomit-frame-pointer
FAIL: gcc.c-torture/execute/20000603-1.c execution, -O3 -g
FAIL: gcc.c-torture/execute/20020720-1.c compilation, -O1
UNRESOLVED: gcc.c-torture/execute/20020720-1.c execution, -O1
FAIL: gcc.c-torture/execute/20020720-1.c compilation, -O2
UNRESOLVED: gcc.c-torture/execute/20020720-1.c execution, -O2
FAIL: gcc.c-torture/execute/20020720-1.c compilation, -O3 -fomit-frame-pointer
UNRESOLVED: gcc.c-torture/execute/20020720-1.c execution, -O3 -fomit-frame-pointer
FAIL: gcc.c-torture/execute/20020720-1.c compilation, -O3 -g
UNRESOLVED: gcc.c-torture/execute/20020720-1.c execution, -O3 -g
FAIL: gcc.c-torture/execute/20020720-1.c compilation, -Os
UNRESOLVED: gcc.c-torture/execute/20020720-1.c execution, -Os
FAIL: gcc.c-torture/execute/920501-1.c execution, -O3 -fomit-frame-pointer
FAIL: gcc.c-torture/execute/920501-1.c execution, -O3 -g
FAIL: gcc.c-torture/execute/930106-1.c execution, -O3 -fomit-frame-pointer
FAIL: gcc.c-torture/execute/930106-1.c execution, -O3 -g
FAIL: gcc.c-torture/execute/930603-1.c execution, -O3 -fomit-frame-pointer
FAIL: gcc.c-torture/execute/930603-1.c execution, -O3 -g
FAIL: gcc.c-torture/execute/990527-1.c execution, -O3 -fomit-frame-pointer
FAIL: gcc.c-torture/execute/990527-1.c execution, -O3 -fomit-frame-pointer -funroll-loops
FAIL: gcc.c-torture/execute/990527-1.c execution, -O3 -fomit-frame-pointer -funroll-all-loops -finline-functions
FAIL: gcc.c-torture/execute/990527-1.c execution, -O3 -g
FAIL: gcc.c-torture/execute/990604-1.c execution, -O3 -fomit-frame-pointer
FAIL: gcc.c-torture/execute/990604-1.c execution, -O3 -g
FAIL: gcc.c-torture/execute/990829-1.c execution, -O3 -fomit-frame-pointer
FAIL: gcc.c-torture/execute/990829-1.c execution, -O3 -g
XPASS: gcc.c-torture/execute/builtin-constant.c execution, -O2
XPASS: gcc.c-torture/execute/builtin-constant.c execution, -O3 -fomit-frame-pointer
XPASS: gcc.c-torture/execute/builtin-constant.c execution, -O3 -g
XPASS: gcc.c-torture/execute/builtin-constant.c execution, -Os
FAIL: gcc.c-torture/execute/complex-1.c execution, -O3 -fomit-frame-pointer
FAIL: gcc.c-torture/execute/complex-1.c execution, -O3 -g
FAIL: gcc.dg/20011119-1.c (test for excess errors)
WARNING: gcc.dg/20011119-1.c compilation failed to produce executable
WARNING: program timed out.
FAIL: gcc.dg/20020616-1.c execution test
FAIL: gcc.dg/20020919-1.c (test for errors, line 132)
FAIL: gcc.dg/20020919-1.c (test for errors, line 177)
FAIL: gcc.dg/20020919-1.c (test for errors, line 231)
FAIL: gcc.dg/20020919-1.c (test for errors, line 244)
FAIL: gcc.dg/20020919-1.c (test for excess errors)
FAIL: gcc.dg/asm-names.c (test for excess errors)
FAIL: gcc.dg/clobbers.c (test for excess errors)
WARNING: gcc.dg/clobbers.c compilation failed to produce executable
FAIL: gcc.dg/duff-2.c (test for excess errors)
FAIL: gcc.dg/sibcall-6.c execution test
FAIL: gcc.dg/uninit-C.c (test for excess errors)
FAIL: gcc.dg/pch/inline-1.c (test for excess errors)
FAIL: gcc.misc-tests/bprob-1.c execution, -O3 -DPERFTIME -fbranch-probabilities
FAIL: gcc.misc-tests/bprob-1.c execution, -O3 -g -DPERFTIME -fbranch-probabilities
=== gcc Summary for unix/-fPIC ===
# of expected passes 21805
# of unexpected failures 39
# of unexpected successes 4
# of expected failures 64
# of unresolved testcases 5
# of untested testcases 1
# of unsupported tests 79
Running target unix/-fpic
FAIL: gcc.c-torture/compile/20000804-1.c, -O0
FAIL: gcc.c-torture/execute/20000603-1.c execution, -O3 -fomit-frame-pointer
FAIL: gcc.c-torture/execute/20000603-1.c execution, -O3 -g
FAIL: gcc.c-torture/execute/20020720-1.c compilation, -O1
UNRESOLVED: gcc.c-torture/execute/20020720-1.c execution, -O1
FAIL: gcc.c-torture/execute/20020720-1.c compilation, -O2
UNRESOLVED: gcc.c-torture/execute/20020720-1.c execution, -O2
FAIL: gcc.c-torture/execute/20020720-1.c compilation, -O3 -fomit-frame-pointer
UNRESOLVED: gcc.c-torture/execute/20020720-1.c execution, -O3 -fomit-frame-pointer
FAIL: gcc.c-torture/execute/20020720-1.c compilation, -O3 -g
UNRESOLVED: gcc.c-torture/execute/20020720-1.c execution, -O3 -g
FAIL: gcc.c-torture/execute/20020720-1.c compilation, -Os
UNRESOLVED: gcc.c-torture/execute/20020720-1.c execution, -Os
FAIL: gcc.c-torture/execute/920501-1.c execution, -O3 -fomit-frame-pointer
FAIL: gcc.c-torture/execute/920501-1.c execution, -O3 -g
FAIL: gcc.c-torture/execute/930106-1.c execution, -O3 -fomit-frame-pointer
FAIL: gcc.c-torture/execute/930106-1.c execution, -O3 -g
FAIL: gcc.c-torture/execute/930603-1.c execution, -O3 -fomit-frame-pointer
FAIL: gcc.c-torture/execute/930603-1.c execution, -O3 -g
FAIL: gcc.c-torture/execute/990527-1.c execution, -O3 -fomit-frame-pointer
FAIL: gcc.c-torture/execute/990527-1.c execution, -O3 -fomit-frame-pointer -funroll-loops
FAIL: gcc.c-torture/execute/990527-1.c execution, -O3 -fomit-frame-pointer -funroll-all-loops -finline-functions
FAIL: gcc.c-torture/execute/990527-1.c execution, -O3 -g
FAIL: gcc.c-torture/execute/990604-1.c execution, -O3 -fomit-frame-pointer
FAIL: gcc.c-torture/execute/990604-1.c execution, -O3 -g
FAIL: gcc.c-torture/execute/990829-1.c execution, -O3 -fomit-frame-pointer
FAIL: gcc.c-torture/execute/990829-1.c execution, -O3 -g
XPASS: gcc.c-torture/execute/builtin-constant.c execution, -O2
XPASS: gcc.c-torture/execute/builtin-constant.c execution, -O3 -fomit-frame-pointer
XPASS: gcc.c-torture/execute/builtin-constant.c execution, -O3 -g
XPASS: gcc.c-torture/execute/builtin-constant.c execution, -Os
FAIL: gcc.c-torture/execute/complex-1.c execution, -O3 -fomit-frame-pointer
FAIL: gcc.c-torture/execute/complex-1.c execution, -O3 -g
FAIL: gcc.dg/20011119-1.c (test for excess errors)
WARNING: gcc.dg/20011119-1.c compilation failed to produce executable
WARNING: program timed out.
FAIL: gcc.dg/20020616-1.c execution test
FAIL: gcc.dg/20020919-1.c (test for errors, line 132)
FAIL: gcc.dg/20020919-1.c (test for errors, line 177)
FAIL: gcc.dg/20020919-1.c (test for errors, line 231)
FAIL: gcc.dg/20020919-1.c (test for errors, line 244)
FAIL: gcc.dg/20020919-1.c (test for excess errors)
FAIL: gcc.dg/asm-names.c (test for excess errors)
FAIL: gcc.dg/clobbers.c (test for excess errors)
WARNING: gcc.dg/clobbers.c compilation failed to produce executable
FAIL: gcc.dg/duff-2.c (test for excess errors)
FAIL: gcc.dg/sibcall-6.c execution test
FAIL: gcc.dg/uninit-C.c (test for excess errors)
FAIL: gcc.dg/pch/inline-1.c (test for excess errors)
FAIL: gcc.misc-tests/bprob-1.c execution, -O3 -DPERFTIME -fbranch-probabilities
FAIL: gcc.misc-tests/bprob-1.c execution, -O3 -g -DPERFTIME -fbranch-probabilities
=== gcc Summary for unix/-fpic ===
# of expected passes 21805
# of unexpected failures 39
# of unexpected successes 4
# of expected failures 64
# of unresolved testcases 5
# of untested testcases 1
# of unsupported tests 79
Running target unix
XPASS: gcc.c-torture/execute/builtin-constant.c execution, -O2
XPASS: gcc.c-torture/execute/builtin-constant.c execution, -O3 -fomit-frame-pointer
XPASS: gcc.c-torture/execute/builtin-constant.c execution, -O3 -g
XPASS: gcc.c-torture/execute/builtin-constant.c execution, -Os
FAIL: gcc.dg/duff-2.c (test for excess errors)
FAIL: gcc.dg/uninit-C.c (test for excess errors)
FAIL: gcc.dg/pch/inline-1.c (test for excess errors)
=== gcc Summary for unix ===
# of expected passes 21848
# of unexpected failures 3
# of unexpected successes 4
# of expected failures 64
# of untested testcases 1
# of unsupported tests 79
=== gcc Summary ===
# of expected passes 65458
# of unexpected failures 81
# of unexpected successes 12
# of expected failures 192
# of unresolved testcases 10
# of untested testcases 3
# of unsupported tests 237
/teal/caip5/ghazi/gcc-testing/x86/build/gcc/xgcc version 3.4 20030128 (experimental)
=== g++ tests ===
Running target unix/-fPIC
FAIL: g++.dg/eh/omit-frame-pointer2.C execution test
=== libjava tests ===
Running target unix/-fPIC
FAIL: PR1343 compilation from bytecode
FAIL: PR1343 -O compilation from bytecode
WARNING: program timed out.
FAIL: SyncTest execution - gij test
WARNING: program timed out.
FAIL: SyncTest execution - bytecode->native test
WARNING: program timed out.
FAIL: SyncTest execution - gij test
WARNING: program timed out.
FAIL: SyncTest -O execution - bytecode->native test
=== libjava Summary for unix/-fPIC ===
# of expected passes 2911
# of unexpected failures 6
# of expected failures 16
# of untested testcases 16
Running target unix/-fpic
FAIL: PR1343 compilation from bytecode
FAIL: PR1343 -O compilation from bytecode
WARNING: program timed out.
FAIL: SyncTest execution - gij test
WARNING: program timed out.
FAIL: SyncTest execution - bytecode->native test
WARNING: program timed out.
FAIL: SyncTest execution - gij test
WARNING: program timed out.
FAIL: SyncTest -O execution - bytecode->native test
=== libjava Summary for unix/-fpic ===
# of expected passes 2911
# of unexpected failures 6
# of expected failures 16
# of untested testcases 16
Running target unix
FAIL: PR1343 compilation from bytecode
FAIL: PR1343 -O compilation from bytecode
WARNING: program timed out.
FAIL: SyncTest execution - gij test
WARNING: program timed out.
FAIL: SyncTest execution - bytecode->native test
WARNING: program timed out.
FAIL: SyncTest execution - gij test
WARNING: program timed out.
FAIL: SyncTest -O execution - bytecode->native test
=== libjava Summary for unix ===
# of expected passes 2911
# of unexpected failures 6
# of expected failures 16
# of untested testcases 16
=== libjava Summary ===
# of expected passes 8733
# of unexpected failures 18
# of expected failures 48
# of untested testcases 48
Compiler version: 3.4 20030128 (experimental)
Platform: i686-pc-linux-gnu
configure flags: --verbose --enable-checking=misc,tree,rtl,rtlflag,gc
More information about the Gcc-testresults
mailing list