Results for 3.3 20030110 (prerelease) testsuite on ia64-unknown-linux-gnu
Matthias Klose
doko@auric.debian.org
Sun Jan 19 22:54:00 GMT 2003
LAST_UPDATED: Sat Jan 11 00:37:26 UTC 2003
Native configuration is ia64-unknown-linux-gnu
=== g++ tests ===
Running target unix
FAIL: g++.dg/warn/Wunused-2.C (test for warnings, line 5)
FAIL: g++.dg/tls/init-2.C (test for excess errors)
XPASS: g++.other/init5.C Execution test
FAIL: g++.pt/repo3.C (test for excess errors)
=== g++ Summary ===
# of expected passes 7653
# of unexpected failures 3
# of unexpected successes 1
# of expected failures 91
# of untested testcases 23
# of unsupported tests 16
/build/buildd/gcc-snapshot-20030110/build/gcc/testsuite/../g++ version 3.3 20030110 (prerelease)
=== g77 tests ===
Running target unix
=== g77 Summary ===
# of expected passes 1638
# of unsupported tests 8
/build/buildd/gcc-snapshot-20030110/build/gcc/testsuite/../g77 version 3.3 20030110 (prerelease)
=== gcc tests ===
Running target unix
XPASS: gcc.c-torture/compile/981223-1.c, -O2
XPASS: gcc.c-torture/compile/981223-1.c, -O3 -fomit-frame-pointer
XPASS: gcc.c-torture/compile/981223-1.c, -O3 -g
XPASS: gcc.c-torture/compile/981223-1.c, -Os
FAIL: gcc.c-torture/execute/builtin-constant.c execution, -O1
FAIL: gcc.c-torture/execute/builtin-constant.c execution, -O2
FAIL: gcc.c-torture/execute/builtin-constant.c execution, -O3 -fomit-frame-pointer
FAIL: gcc.c-torture/execute/builtin-constant.c execution, -O3 -g
FAIL: gcc.c-torture/execute/builtin-constant.c execution, -Os
FAIL: gcc.dg/duff-2.c (test for excess errors)
=== gcc Summary ===
# of expected passes 20273
# of unexpected failures 6
# of unexpected successes 4
# of expected failures 78
# of unsupported tests 146
/build/buildd/gcc-snapshot-20030110/build/gcc/xgcc version 3.3 20030110 (prerelease)
=== objc tests ===
Running target unix
=== objc Summary ===
# of expected passes 1153
/build/buildd/gcc-snapshot-20030110/build/gcc/xgcc version 3.3 20030110 (prerelease)
=== libjava tests ===
Running target unix
FAIL: PR1343 compilation from bytecode
FAIL: PR1343 -O compilation from bytecode
FAIL: calls run
WARNING: program timed out.
FAIL: cxxtest run
FAIL: field run
FAIL: final_method run
FAIL: findclass run
FAIL: invoke run
FAIL: martin run
FAIL: noclass run
FAIL: overload run
FAIL: register run
FAIL: simple_int run
FAIL: throwit run
FAIL: virtual run
WARNING: program timed out.
FAIL: SyncTest execution - gij test
WARNING: program timed out.
FAIL: SyncTest execution - bytecode->native test
WARNING: program timed out.
FAIL: SyncTest execution - gij test
WARNING: program timed out.
FAIL: SyncTest -O execution - bytecode->native test
FAIL: pr8823 compilation from bytecode
FAIL: pr8823 -O compilation from bytecode
=== libjava Summary ===
# of expected passes 2898
# of unexpected failures 21
# of expected failures 14
# of untested testcases 29
=== libstdc++-v3 tests ===
Running target unix
FAIL: 22_locale/codecvt_members_char_char.cc execution test
FAIL: 22_locale/codecvt_members_wchar_t_char.cc execution test
FAIL: 22_locale/ctor_copy_dtor.cc execution test
FAIL: 22_locale/ctype_to_char.cc execution test
FAIL: 22_locale/ctype_to_wchar_t.cc execution test
FAIL: 22_locale/facet.cc execution test
FAIL: 26_numerics/c99_classification_macros_c.cc (test for excess errors)
FAIL: 27_io/ostream_inserter_arith.cc execution test
=== libstdc++-v3 Summary ===
# of expected passes 432
# of unexpected failures 8
# of expected failures 27
Compiler version: 3.3 20030110 (prerelease)
Platform: ia64-unknown-linux-gnu
configure flags: --host=ia64-linux -v --enable-languages=c,c++,java,f77,objc,ada --prefix=/usr/lib/gcc-snapshot --infodir=/share/info --mandir=/share/man --enable-shared --with-system-zlib --enable-nls --enable-__cxa_atexit --without-included-gettext --enable-clocale=gnu --enable-java-gc=boehm --with-cpp-install-dir=bin --enable-objc-gc
BOOT_CFLAGS=-O2
Patches that Debian applied in this version:
gcc-m68k-config:
2002-11-25 Andreas Schwab <schwab@suse.de>
* config.gcc (m68k-*-linux*): Don't set extra_parts and gnu_ld,
should come from the generic *-*-linux* entry.
gcc-m68k-update:
Tue Jan 7 18:30:35 CET 2003 Jan Hubicka <jh@suse.cz>
PR target/8343
* m68k.md (umulsidi, mulsidi expanders): Use register operand.
deb-protoize:
build protoize/unprotoize by default
objc-testsuite:
Run objc tests with -lpthread.
libobjc:
Find header file for Boehm garbage collector.
More information about the Gcc-testresults
mailing list