Results for 3.2.2 20030118 (prerelease) testsuite on sparc-sun-solaris2.9
Mark Mitchell (pfeifer)
mitchell@dbai.tuwien.ac.at
Sun Jan 19 08:22:00 GMT 2003
LAST_UPDATED: Sun Jan 19 00:39:03 UTC 2003
Native configuration is sparc-sun-solaris2.9
=== g++ tests ===
Running target unix
=== g++ Summary ===
# of expected passes 7337
# of expected failures 91
# of untested testcases 21
# of unsupported tests 4
/files/mitchell/gcc_auto_build/gcc/sparc-sun-solaris2.9/gcc/testsuite/../g++ version 3.2.2 20030118 (prerelease)
=== g77 tests ===
Running target unix
=== g77 Summary ===
# of expected passes 1452
# of unsupported tests 8
/files/mitchell/gcc_auto_build/gcc/sparc-sun-solaris2.9/gcc/testsuite/../g77 version 3.2.2 20030118 (prerelease)
=== gcc tests ===
Running target unix
WARNING: gcc.dg/20021014-1.c compilation failed to produce executable
=== gcc Summary ===
# of expected passes 18499
# of expected failures 66
# of unsupported tests 112
/files/mitchell/gcc_auto_build/gcc/sparc-sun-solaris2.9/gcc/xgcc version 3.2.2 20030118 (prerelease)
=== objc tests ===
Running target unix
=== objc Summary ===
# of expected passes 1035
# of expected failures 6
/files/mitchell/gcc_auto_build/gcc/sparc-sun-solaris2.9/gcc/xgcc version 3.2.2 20030118 (prerelease)
=== libjava tests ===
Running target unix
FAIL: Array_3 -O compilation from bytecode
FAIL: FileHandleGcTest execution from source compiled test
FAIL: FileHandleGcTest execution from bytecode->native test
FAIL: FileHandleGcTest -O execution from source compiled test
FAIL: FileHandleGcTest -O execution from bytecode->native test
ERROR: No \`main' given in program PR5057
UNRESOLVED: PR5057_2 compilation from source
FAIL: Throw_2 execution from source compiled test
FAIL: Throw_2 execution from bytecode->native test
FAIL: Throw_2 -O execution from source compiled test
FAIL: Throw_2 -O execution from bytecode->native test
=== libjava Summary ===
# of expected passes 2038
# of unexpected failures 9
# of expected failures 18
# of unresolved testcases 1
# of untested testcases 24
=== libstdc++-v3 tests ===
Running target unix
XPASS: 22_locale/collate_members_wchar_t.cc execution test
XPASS: 22_locale/ctype_is_wchar_t.cc execution test
XPASS: 22_locale/money_get_members_wchar_t.cc execution test
XPASS: 22_locale/money_put_members_wchar_t.cc execution test
XPASS: 22_locale/moneypunct_members_wchar_t.cc execution test
XPASS: 22_locale/num_get_members_wchar_t.cc execution test
XPASS: 22_locale/num_put_members_wchar_t.cc execution test
XPASS: 22_locale/numpunct_members_wchar_t.cc execution test
XPASS: 22_locale/time_get_members_wchar_t.cc execution test
XPASS: 22_locale/time_put_members_wchar_t.cc execution test
=== libstdc++-v3 Summary ===
# of expected passes 432
# of unexpected successes 10
# of expected failures 17
Compiler version: 3.2.2 20030118 (prerelease)
Platform: sparc-sun-solaris2.9
configure flags: --host=sparc-sun-solaris2.9 --prefix=/files/mitchell/gcc_auto_build/install/sparc-sun-solaris2.9
More information about the Gcc-testresults
mailing list