Results for 3.4 20030117 (experimental) testsuite on alphaev6-unknown-linux-gnu
Brad Lucier
lucier@popov.math.purdue.edu
Fri Jan 17 16:12:00 GMT 2003
LAST_UPDATED: Fri Jan 17 13:13:22 UTC 2003
LAST_UPDATED:
Native configuration is alphaev6-unknown-linux-gnu
=== libjava tests ===
Running target unix
FAIL: PR1343 compilation from bytecode
FAIL: PR1343 -O compilation from bytecode
WARNING: program timed out.
FAIL: cxxtest run
WARNING: program timed out.
FAIL: SyncTest execution - gij test
WARNING: program timed out.
FAIL: SyncTest execution - bytecode->native test
WARNING: program timed out.
FAIL: SyncTest execution - gij test
WARNING: program timed out.
FAIL: SyncTest -O execution - bytecode->native test
FAIL: Thread_Interrupt output - bytecode->native test
FAIL: initexc execution - gij test
FAIL: initexc execution - gij test
FAIL: pr8823 compilation from bytecode
FAIL: pr8823 -O compilation from bytecode
=== libjava Summary ===
# of expected passes 2905
# of unexpected failures 12
# of expected failures 14
# of untested testcases 19
=== libstdc++-v3 tests ===
Running target unix
XPASS: 22_locale/ctype_is_char.cc execution test
XPASS: 22_locale/ctype_is_wchar_t.cc execution test
XPASS: 22_locale/members.cc execution test
XPASS: 22_locale/messages_byname.cc execution test
XPASS: 22_locale/messages_members_char.cc execution test
XPASS: 22_locale/money_get_members_char.cc execution test
XPASS: 22_locale/money_get_members_wchar_t.cc execution test
XPASS: 22_locale/money_put_members_char.cc execution test
XPASS: 22_locale/money_put_members_wchar_t.cc execution test
XPASS: 22_locale/moneypunct_byname.cc execution test
XPASS: 22_locale/moneypunct_members_char.cc execution test
XPASS: 22_locale/moneypunct_members_wchar_t.cc execution test
XPASS: 22_locale/num_get_members_char.cc execution test
XPASS: 22_locale/num_get_members_wchar_t.cc execution test
XPASS: 22_locale/num_put_members_char.cc execution test
XPASS: 22_locale/num_put_members_wchar_t.cc execution test
XPASS: 22_locale/numpunct_byname.cc execution test
XPASS: 22_locale/numpunct_members_char.cc execution test
XPASS: 22_locale/numpunct_members_wchar_t.cc execution test
XPASS: 22_locale/time_get_members_char.cc execution test
XPASS: 22_locale/time_get_members_wchar_t.cc execution test
XPASS: 22_locale/time_put_members_char.cc execution test
XPASS: 22_locale/time_put_members_wchar_t.cc execution test
FAIL: 26_numerics/c99_classification_macros_c.cc (test for excess errors)
FAIL: 26_numerics/fabs_inline.cc (test for excess errors)
WARNING: 26_numerics/fabs_inline.cc compilation failed to produce executable
=== libstdc++-v3 Summary ===
# of expected passes 437
# of unexpected failures 2
# of unexpected successes 23
# of expected failures 4
=== g77 tests ===
Running target unix
=== g77 Summary ===
# of expected passes 1638
# of unsupported tests 8
/export/home/lucier/programs/gcc/objdir/gcc/testsuite/../g77 version 3.4 20030117 (experimental)
=== gcc tests ===
Running target unix
FAIL: gcc.c-torture/compile/labels-3.c, -O0
FAIL: gcc.c-torture/compile/labels-3.c, -O1
FAIL: gcc.c-torture/compile/labels-3.c, -O2
FAIL: gcc.c-torture/compile/labels-3.c, -O3 -fomit-frame-pointer
FAIL: gcc.c-torture/compile/labels-3.c, -O3 -g
FAIL: gcc.c-torture/compile/labels-3.c, -Os
FAIL: gcc.dg/duff-2.c (test for excess errors)
FAIL: gcc.dg/typespec-1.c unsigned long long int double (test for errors, line 934)
FAIL: gcc.dg/typespec-1.c unsigned long long int signed (test for errors, line 935)
FAIL: gcc.dg/typespec-1.c unsigned long long int unsigned (test for errors, line 936)
FAIL: gcc.dg/typespec-1.c unsigned long long int _Bool (test for errors, line 937)
FAIL: gcc.dg/typespec-1.c (test for excess errors)
FAIL: gcc.dg/pch/inline-1.c (test for excess errors)
=== gcc Summary ===
# of expected passes 21509
# of unexpected failures 13
# of expected failures 77
# of untested testcases 1
# of unsupported tests 166
/export/home/lucier/programs/gcc/objdir/gcc/xgcc version 3.4 20030117 (experimental)
=== g++ tests ===
Running target unix
FAIL: g++.dg/opt/vtgc1.C scan-assembler-dem .vtable_inherit[ ]*vtable for Multivv3.*0
FAIL: g++.dg/opt/vtgc1.C scan-assembler-dem .vtable_inherit[ ]*VTT for Multivv3.*0
FAIL: g++.dg/opt/vtgc1.C scan-assembler-dem .vtable_inherit[ ]*vtable for Multiss2.*vtable for Base2
FAIL: g++.dg/opt/vtgc1.C scan-assembler-dem .vtable_inherit[ ]*vtable for Multivs1.*vtable for Base2
FAIL: g++.dg/opt/vtgc1.C scan-assembler-dem .vtable_inherit[ ]*VTT for Multivs1.*vtable for Base2
FAIL: g++.dg/opt/vtgc1.C scan-assembler-dem .vtable_inherit[ ]*vtable for Multisv0.*vtable for Side0
FAIL: g++.dg/opt/vtgc1.C scan-assembler-dem .vtable_inherit[ ]*VTT for Multisv0.*vtable for Side0
FAIL: g++.dg/opt/vtgc1.C scan-assembler-dem .vtable_inherit[ ]*vtable for Side0.*0
FAIL: g++.dg/opt/vtgc1.C scan-assembler-dem .vtable_inherit[ ]*vtable for VbasedA.*0
FAIL: g++.dg/opt/vtgc1.C scan-assembler-dem .vtable_inherit[ ]*VTT for VbasedA.*0
FAIL: g++.dg/opt/vtgc1.C scan-assembler-dem .vtable_inherit[ ]*vtable for Base2.*vtable for Base1
FAIL: g++.dg/opt/vtgc1.C scan-assembler-dem .vtable_inherit[ ]*vtable for Base1.*vtable for Base0
FAIL: g++.dg/opt/vtgc1.C scan-assembler-dem .vtable_inherit[ ]*vtable for Base0.*0
FAIL: g++.dg/warn/Wunused-2.C (test for warnings, line 5)
FAIL: pch/system-1.C -g assembly comparison
FAIL: pch/system-1.C -O2 -g assembly comparison
FAIL: g++.oliva/template1.C instantiated from here (test for errors, line 15)
XPASS: g++.pt/typename13.C (test for excess errors)
=== g++ Summary ===
# of expected passes 8122
# of unexpected failures 17
# of unexpected successes 1
# of expected failures 70
# of untested testcases 22
# of unsupported tests 17
/export/home/lucier/programs/gcc/objdir/gcc/testsuite/../g++ version 3.4 20030117 (experimental)
=== objc tests ===
Running target unix
=== objc Summary ===
# of expected passes 1153
/export/home/lucier/programs/gcc/objdir/gcc/xgcc version 3.4 20030117 (experimental)
Compiler version: 3.4 20030117 (experimental)
Platform: alphaev6-unknown-linux-gnu
configure flags: --prefix=/usr/local/gcc-3.4 --disable-checking%g
Counting all warnings,
there are 47 warnings in stage3 of this bootstrap.
Number of warnings per file:
13 gtype-desc.c
6 gcc/crtstuff.c
5 gt-alpha.h
4 gtype-cp.h
3 gcc/tlink.c
2 lib/bison.simple
2 gcc/libgcc2.c
2 gcc/f/sta.c
1 insn-conditions.c
1 gt-varasm.h
1 gt-c-decl.h
1 gcc/varasm.c
1 gcc/ra-build.c
1 gcc/java/jvspec.c
1 gcc/gcc.c
1 gcc/dwarf2out.c
1 gcc/cp/decl.c
1 gcc/collect2.c
Number of warning types:
10 passing arg ??? of \`???' makes pointer from integer without a cast
8 comparison between pointer and integer
6 passing arg ??? of \`???' discards qualifiers from pointer target type
6 initialization from incompatible pointer type
4 comparison of unsigned expression < 0 is always false
3 string length \`???' is greater than the length \`???' ISO C89 compilers are required to support
2 \`???' might be used uninitialized in this function
2 dereferencing type-punned pointer will break strict-aliasing rules
2 \`???' defined but not used
2 comparison between signed and unsigned
1 \`long' switch expression not converted to \`int' in ISO C
1 ??? format, ??? arg (arg ???)
More information about the Gcc-testresults
mailing list