Results for 3.4 20030116 (experimental) testsuite on sparc64-unknown-linux-gnu
c.christian.joensson@telia.com
c.christian.joensson@telia.com
Fri Jan 17 09:22:00 GMT 2003
This was on a Aurora SPARC Linux 0.42 build (Douglas) Ultra1
sun4u system with these packages:
binutils 2.13.90 20030115 sparc64-linux
bison-1.35-1
dejagnu-1.4.3-0 (from ftp://ftp.gnu.org/pub/gnu/dejagnu/dejagnu-1.4.3-0.src.rpm)
expect-5.32.2-67
gcc 3.4 20030115 (experimental) sparc64-linux
glibc-2.2.5-42
glibc64-2.2.5-42
kernel-2.4.19-1.2sparc
tcl-8.3.3-67
In-tree joined gcc and binutils cvs trunks.
LAST_UPDATED: Thu Jan 16 14:44:25 UTC 2003
LAST_UPDATED:
Native configuration is sparc64-unknown-linux-gnu
=== binutils tests ===
Running target unix/-fPIC
=== binutils Summary for unix/-fPIC ===
# of expected passes 27
# of expected failures 1
# of untested testcases 4
Running target unix/-fpic
=== binutils Summary for unix/-fpic ===
# of expected passes 27
# of expected failures 1
# of untested testcases 4
Running target unix
=== binutils Summary for unix ===
# of expected passes 27
# of expected failures 1
# of untested testcases 4
=== binutils Summary ===
# of expected passes 81
# of expected failures 3
# of untested testcases 12
=== gas tests ===
Running target unix/-fPIC
=== gas Summary for unix/-fPIC ===
# of expected passes 49
# of expected failures 2
Running target unix/-fpic
ERROR: tcl error sourcing /usr/local/src/gcc-binutils/trunk/gcc-binutils/gas/testsuite/gas/mips/mips.exp.
ERROR: mips_arch_create: arch "mips1" already exists
=== gas Summary for unix/-fpic ===
# of expected passes 49
# of expected failures 2
Running target unix
ERROR: tcl error sourcing /usr/local/src/gcc-binutils/trunk/gcc-binutils/gas/testsuite/gas/mips/mips.exp.
ERROR: mips_arch_create: arch "mips1" already exists
=== gas Summary for unix ===
# of expected passes 49
# of expected failures 2
=== gas Summary ===
# of expected passes 147
# of expected failures 6
=== g77 tests ===
Running target unix/-fPIC
=== g77 Summary for unix/-fPIC ===
# of expected passes 1638
# of unsupported tests 8
Running target unix/-fpic
=== g77 Summary for unix/-fpic ===
# of expected passes 1638
# of unsupported tests 8
Running target unix
=== g77 Summary for unix ===
# of expected passes 1638
# of unsupported tests 8
=== g77 Summary ===
# of expected passes 4914
# of unsupported tests 24
/usr/local/src/gcc-binutils/trunk/objdir/gcc/testsuite/../g77 version 3.4 20030116 (experimental)
=== gcc tests ===
Running target unix/-fPIC
FAIL: gcc.c-torture/compile/simd-5.c, -O0
FAIL: gcc.c-torture/compile/simd-5.c, -O1
FAIL: gcc.c-torture/compile/simd-5.c, -O2
FAIL: gcc.c-torture/compile/simd-5.c, -O3 -fomit-frame-pointer
FAIL: gcc.c-torture/compile/simd-5.c, -O3 -g
FAIL: gcc.c-torture/compile/simd-5.c, -Os
XPASS: gcc.c-torture/execute/20020227-1.c execution, -O0
XPASS: gcc.c-torture/execute/20020227-1.c execution, -O1
FAIL: gcc.c-torture/execute/930921-1.c compilation, -O3 -fomit-frame-pointer -funroll-loops
UNRESOLVED: gcc.c-torture/execute/930921-1.c execution, -O3 -fomit-frame-pointer -funroll-loops
FAIL: gcc.c-torture/execute/930921-1.c compilation, -O3 -fomit-frame-pointer -funroll-all-loops -finline-functions
UNRESOLVED: gcc.c-torture/execute/930921-1.c execution, -O3 -fomit-frame-pointer -funroll-all-loops -finline-functions
FAIL: gcc.c-torture/execute/conversion.c execution, -O0
FAIL: gcc.c-torture/execute/conversion.c execution, -O1
FAIL: gcc.c-torture/execute/conversion.c execution, -O2
FAIL: gcc.c-torture/execute/conversion.c execution, -O3 -fomit-frame-pointer
FAIL: gcc.c-torture/execute/conversion.c execution, -O3 -g
FAIL: gcc.c-torture/execute/conversion.c execution, -Os
FAIL: gcc.c-torture/execute/strncmp-1.c execution, -O0
FAIL: gcc.c-torture/execute/strncmp-1.c execution, -O1
FAIL: gcc.c-torture/execute/strncmp-1.c execution, -O2
FAIL: gcc.c-torture/execute/strncmp-1.c execution, -O3 -fomit-frame-pointer
FAIL: gcc.c-torture/execute/strncmp-1.c execution, -O3 -fomit-frame-pointer -funroll-loops
FAIL: gcc.c-torture/execute/strncmp-1.c execution, -O3 -fomit-frame-pointer -funroll-all-loops -finline-functions
FAIL: gcc.c-torture/execute/strncmp-1.c execution, -O3 -g
FAIL: gcc.c-torture/execute/strncmp-1.c execution, -Os
FAIL: gcc.dg/cpp/Wunused.c (test for excess errors)
FAIL: gcc.dg/cpp/trad/Wunused.c (test for excess errors)
FAIL: gcc.dg/cpp/trad/Wunused.c (test for excess errors)
FAIL: gcc.dg/20021014-1.c execution test
FAIL: gcc.dg/duff-2.c (test for excess errors)
FAIL: gcc.dg/nest.c execution test
FAIL: pch/common-1.c -O3 -g assembly comparison
FAIL: pch/decl-1.c -O3 -g assembly comparison
FAIL: pch/decl-2.c -O3 -g assembly comparison
FAIL: pch/decl-3.c -O3 -g assembly comparison
FAIL: pch/decl-4.c -O3 -g assembly comparison
FAIL: pch/decl-5.c -O3 -g assembly comparison
FAIL: pch/empty.c -O3 -g assembly comparison
FAIL: pch/except-1.c -O3 -g assembly comparison
FAIL: pch/global-1.c -O3 -g assembly comparison
FAIL: gcc.dg/pch/inline-1.c (test for excess errors)
FAIL: pch/macro-1.c -O3 -g assembly comparison
FAIL: pch/macro-2.c -O3 -g assembly comparison
FAIL: pch/macro-3.c -O3 -g assembly comparison
FAIL: pch/static-1.c -O0 assembly comparison
FAIL: pch/static-1.c -O1 assembly comparison
FAIL: pch/static-1.c -O2 assembly comparison
FAIL: pch/static-1.c -Os assembly comparison
FAIL: pch/static-2.c -O0 assembly comparison
FAIL: pch/static-2.c -O1 assembly comparison
FAIL: pch/static-2.c -O2 assembly comparison
FAIL: pch/static-2.c -O3 -g assembly comparison
FAIL: pch/static-2.c -Os assembly comparison
FAIL: pch/system-1.c -O3 -g assembly comparison
FAIL: linkage.c
=== gcc Summary for unix/-fPIC ===
# of expected passes 21474
# of unexpected failures 52
# of unexpected successes 2
# of expected failures 71
# of unresolved testcases 2
# of untested testcases 1
# of unsupported tests 168
Running target unix/-fpic
FAIL: gcc.c-torture/compile/simd-5.c, -O0
FAIL: gcc.c-torture/compile/simd-5.c, -O1
FAIL: gcc.c-torture/compile/simd-5.c, -O2
FAIL: gcc.c-torture/compile/simd-5.c, -O3 -fomit-frame-pointer
FAIL: gcc.c-torture/compile/simd-5.c, -O3 -g
FAIL: gcc.c-torture/compile/simd-5.c, -Os
XPASS: gcc.c-torture/execute/20020227-1.c execution, -O0
XPASS: gcc.c-torture/execute/20020227-1.c execution, -O1
FAIL: gcc.c-torture/execute/930921-1.c compilation, -O3 -fomit-frame-pointer -funroll-loops
UNRESOLVED: gcc.c-torture/execute/930921-1.c execution, -O3 -fomit-frame-pointer -funroll-loops
FAIL: gcc.c-torture/execute/930921-1.c compilation, -O3 -fomit-frame-pointer -funroll-all-loops -finline-functions
UNRESOLVED: gcc.c-torture/execute/930921-1.c execution, -O3 -fomit-frame-pointer -funroll-all-loops -finline-functions
FAIL: gcc.c-torture/execute/conversion.c execution, -O0
FAIL: gcc.c-torture/execute/conversion.c execution, -O1
FAIL: gcc.c-torture/execute/conversion.c execution, -O2
FAIL: gcc.c-torture/execute/conversion.c execution, -O3 -fomit-frame-pointer
FAIL: gcc.c-torture/execute/conversion.c execution, -O3 -g
FAIL: gcc.c-torture/execute/conversion.c execution, -Os
FAIL: gcc.c-torture/execute/strncmp-1.c execution, -O0
FAIL: gcc.c-torture/execute/strncmp-1.c execution, -O1
FAIL: gcc.c-torture/execute/strncmp-1.c execution, -O2
FAIL: gcc.c-torture/execute/strncmp-1.c execution, -O3 -fomit-frame-pointer
FAIL: gcc.c-torture/execute/strncmp-1.c execution, -O3 -fomit-frame-pointer -funroll-loops
FAIL: gcc.c-torture/execute/strncmp-1.c execution, -O3 -fomit-frame-pointer -funroll-all-loops -finline-functions
FAIL: gcc.c-torture/execute/strncmp-1.c execution, -O3 -g
FAIL: gcc.c-torture/execute/strncmp-1.c execution, -Os
FAIL: gcc.dg/cpp/Wunused.c (test for excess errors)
FAIL: gcc.dg/cpp/trad/Wunused.c (test for excess errors)
FAIL: gcc.dg/cpp/trad/Wunused.c (test for excess errors)
FAIL: gcc.dg/20021014-1.c execution test
FAIL: gcc.dg/duff-2.c (test for excess errors)
FAIL: gcc.dg/nest.c execution test
FAIL: pch/common-1.c -O3 -g assembly comparison
FAIL: pch/decl-1.c -O3 -g assembly comparison
FAIL: pch/decl-2.c -O3 -g assembly comparison
FAIL: pch/decl-3.c -O3 -g assembly comparison
FAIL: pch/decl-4.c -O3 -g assembly comparison
FAIL: pch/decl-5.c -O3 -g assembly comparison
FAIL: pch/empty.c -O3 -g assembly comparison
FAIL: pch/except-1.c -O3 -g assembly comparison
FAIL: pch/global-1.c -O3 -g assembly comparison
FAIL: gcc.dg/pch/inline-1.c (test for excess errors)
FAIL: pch/macro-1.c -O3 -g assembly comparison
FAIL: pch/macro-2.c -O3 -g assembly comparison
FAIL: pch/macro-3.c -O3 -g assembly comparison
FAIL: pch/static-1.c -O0 assembly comparison
FAIL: pch/static-1.c -O1 assembly comparison
FAIL: pch/static-1.c -O2 assembly comparison
FAIL: pch/static-1.c -Os assembly comparison
FAIL: pch/static-2.c -O0 assembly comparison
FAIL: pch/static-2.c -O1 assembly comparison
FAIL: pch/static-2.c -O2 assembly comparison
FAIL: pch/static-2.c -O3 -g assembly comparison
FAIL: pch/static-2.c -Os assembly comparison
FAIL: pch/system-1.c -O3 -g assembly comparison
FAIL: linkage.c
=== gcc Summary for unix/-fpic ===
# of expected passes 21474
# of unexpected failures 52
# of unexpected successes 2
# of expected failures 71
# of unresolved testcases 2
# of untested testcases 1
# of unsupported tests 168
Running target unix
FAIL: gcc.c-torture/compile/simd-5.c, -O0
FAIL: gcc.c-torture/compile/simd-5.c, -O1
FAIL: gcc.c-torture/compile/simd-5.c, -O2
FAIL: gcc.c-torture/compile/simd-5.c, -O3 -fomit-frame-pointer
FAIL: gcc.c-torture/compile/simd-5.c, -O3 -g
FAIL: gcc.c-torture/compile/simd-5.c, -Os
XPASS: gcc.c-torture/execute/20020227-1.c execution, -O0
XPASS: gcc.c-torture/execute/20020227-1.c execution, -O1
FAIL: gcc.c-torture/execute/930921-1.c compilation, -O3 -fomit-frame-pointer -funroll-loops
UNRESOLVED: gcc.c-torture/execute/930921-1.c execution, -O3 -fomit-frame-pointer -funroll-loops
FAIL: gcc.c-torture/execute/930921-1.c compilation, -O3 -fomit-frame-pointer -funroll-all-loops -finline-functions
UNRESOLVED: gcc.c-torture/execute/930921-1.c execution, -O3 -fomit-frame-pointer -funroll-all-loops -finline-functions
FAIL: gcc.c-torture/execute/conversion.c execution, -O0
FAIL: gcc.c-torture/execute/conversion.c execution, -O1
FAIL: gcc.c-torture/execute/conversion.c execution, -O2
FAIL: gcc.c-torture/execute/conversion.c execution, -Os
FAIL: gcc.c-torture/execute/strncmp-1.c execution, -O0
FAIL: gcc.c-torture/execute/strncmp-1.c execution, -O1
FAIL: gcc.c-torture/execute/strncmp-1.c execution, -O2
FAIL: gcc.c-torture/execute/strncmp-1.c execution, -O3 -fomit-frame-pointer
FAIL: gcc.c-torture/execute/strncmp-1.c execution, -O3 -fomit-frame-pointer -funroll-loops
FAIL: gcc.c-torture/execute/strncmp-1.c execution, -O3 -fomit-frame-pointer -funroll-all-loops -finline-functions
FAIL: gcc.c-torture/execute/strncmp-1.c execution, -O3 -g
FAIL: gcc.c-torture/execute/strncmp-1.c execution, -Os
FAIL: gcc.dg/cpp/Wunused.c (test for excess errors)
FAIL: gcc.dg/cpp/trad/Wunused.c (test for excess errors)
FAIL: gcc.dg/cpp/trad/Wunused.c (test for excess errors)
FAIL: gcc.dg/20021014-1.c execution test
FAIL: gcc.dg/duff-2.c (test for excess errors)
FAIL: gcc.dg/nest.c execution test
FAIL: pch/common-1.c -O3 -g assembly comparison
FAIL: pch/decl-1.c -O3 -g assembly comparison
FAIL: pch/decl-2.c -O3 -g assembly comparison
FAIL: pch/decl-3.c -O3 -g assembly comparison
FAIL: pch/decl-4.c -O3 -g assembly comparison
FAIL: pch/decl-5.c -O3 -g assembly comparison
FAIL: pch/empty.c -O3 -g assembly comparison
FAIL: pch/except-1.c -O3 -g assembly comparison
FAIL: pch/global-1.c -O3 -g assembly comparison
FAIL: gcc.dg/pch/inline-1.c (test for excess errors)
FAIL: pch/macro-1.c -O3 -g assembly comparison
FAIL: pch/macro-2.c -O3 -g assembly comparison
FAIL: pch/macro-3.c -O3 -g assembly comparison
FAIL: pch/static-1.c -O0 assembly comparison
FAIL: pch/static-1.c -O1 assembly comparison
FAIL: pch/static-1.c -O2 assembly comparison
FAIL: pch/static-1.c -Os assembly comparison
FAIL: pch/static-2.c -O0 assembly comparison
FAIL: pch/static-2.c -O1 assembly comparison
FAIL: pch/static-2.c -O2 assembly comparison
FAIL: pch/static-2.c -O3 -g assembly comparison
FAIL: pch/static-2.c -Os assembly comparison
FAIL: pch/system-1.c -O3 -g assembly comparison
FAIL: linkage.c
=== gcc Summary for unix ===
# of expected passes 21476
# of unexpected failures 50
# of unexpected successes 2
# of expected failures 71
# of unresolved testcases 2
# of untested testcases 1
# of unsupported tests 168
=== gcc Summary ===
# of expected passes 64424
# of unexpected failures 154
# of unexpected successes 6
# of expected failures 213
# of unresolved testcases 6
# of untested testcases 3
# of unsupported tests 504
/usr/local/src/gcc-binutils/trunk/objdir/gcc/xgcc version 3.4 20030116 (experimental)
=== objc tests ===
Running target unix/-fPIC
=== objc Summary for unix/-fPIC ===
# of expected passes 1153
Running target unix/-fpic
=== objc Summary for unix/-fpic ===
# of expected passes 1153
Running target unix
=== objc Summary for unix ===
# of expected passes 1153
=== objc Summary ===
# of expected passes 3459
/usr/local/src/gcc-binutils/trunk/objdir/gcc/xgcc version 3.4 20030116 (experimental)
=== ld tests ===
Running target unix/-fPIC
FAIL: S-records
=== ld Summary for unix/-fPIC ===
# of expected passes 135
# of unexpected failures 1
# of expected failures 13
# of untested testcases 9
Running target unix/-fpic
FAIL: vers3
FAIL: vers4
FAIL: vers4a
FAIL: vers6
FAIL: vers15
FAIL: vers19
FAIL: S-records
=== ld Summary for unix/-fpic ===
# of expected passes 129
# of unexpected failures 7
# of expected failures 13
# of untested testcases 9
Running target unix
FAIL: visibility (hidden_normal) (non PIC)
FAIL: visibility (hidden_normal) (non PIC, load offset)
FAIL: visibility (hidden_normal) (PIC main, non PIC so)
FAIL: visibility (hidden_weak) (non PIC)
FAIL: visibility (hidden_weak) (non PIC, load offset)
FAIL: visibility (hidden_weak) (PIC main, non PIC so)
FAIL: visibility (protected) (non PIC)
FAIL: visibility (protected) (non PIC, load offset)
FAIL: visibility (protected) (PIC main, non PIC so)
FAIL: visibility (protected_undef_def) (non PIC)
FAIL: visibility (protected_undef_def) (non PIC, load offset)
FAIL: visibility (protected_undef_def) (PIC main, non PIC so)
FAIL: visibility (protected_weak) (non PIC)
FAIL: visibility (protected_weak) (non PIC, load offset)
FAIL: visibility (protected_weak) (PIC main, non PIC so)
FAIL: visibility (normal) (non PIC)
FAIL: visibility (normal) (non PIC, load offset)
FAIL: visibility (normal) (PIC main, non PIC so)
FAIL: shared (non PIC)
FAIL: shared (non PIC, load offset)
FAIL: shared (PIC main, non PIC so)
=== ld Summary for unix ===
# of expected passes 115
# of unexpected failures 21
# of expected failures 13
# of untested testcases 9
=== ld Summary ===
# of expected passes 379
# of unexpected failures 29
# of expected failures 39
# of untested testcases 27
Compiler version: 3.4 20030116 (experimental)
Platform: sparc64-unknown-linux-gnu
configure flags: sparc64-linux --prefix=/usr/local/gcc-binutils --enable-shared --enable-threads=posix --enable-languages=c,f77,objc%g
Counting all warnings,
there are 66 warnings in stage0 of this bootstrap.
Number of warnings per file:
30 libiberty/regex.c
6 libf2c/libI77/rsne.c
6 include/xregex2.h
4 libobjc/linking.m
2 runtime-info.h
2 libobjc/Protocol.m
2 libobjc/Object.m
2 libobjc/encoding.c
2 libf2c/libU77/hostnm_.c
2 libf2c/libI77/open.c
2 libf2c/libI77/inquire.c
1 /usr/local/src/gcc-binutils/trunk/gcc-binutils/binutils/rddbg.c
1 /usr/local/src/gcc-binutils/trunk/gcc-binutils/bfd/elf.c
1 lex.yy.c
1 eelf64_sparc.c
1 eelf32_sparc.c
1 configure
Number of warning types:
24 signed and unsigned type in conditional expression
8 \`???' might be used uninitialized in this function
8 dereferencing type-punned pointer will break strict-aliasing rules
6 unused parameter \`???'
6 ISO C90 does not support \`static' or type qualifiers in parameter array declarators
5 \`???' defined but not used
2 implicit declaration of function \`???'
2 function declaration isn't a prototype
2 comparison between signed and unsigned
1 ??? format, ??? arg (arg ???)
1 comparison is always false due to limited range of data type
1
Counting all warnings,
there are 24 warnings in stage3 of this bootstrap.
Number of warnings per file:
5 gtype-desc.c
3 gcc/tlink.c
3 gcc/gcc.c
2 /usr/share/bison/bison.simple
2 gcc/libgcc2.c
2 gcc/f/sta.c
2 gcc/crtstuff.c
1 gt-varasm.h
1 gt-c-decl.h
1 gcc/ra-build.c
1 gcc/loop.c
1 gcc/collect2.c
Number of warning types:
4 comparison of unsigned expression < 0 is always false
3 passing arg ??? of \`???' makes pointer from integer without a cast
2 string length \`???' is greater than the length \`???' ISO C89 compilers are required to support
2 passing arg ??? of \`???' discards qualifiers from pointer target type
2 \`???' might be used uninitialized in this function
2 label \`???' defined but not used
2 initialization from incompatible pointer type
2 dereferencing type-punned pointer will break strict-aliasing rules
2 comparison between pointer and integer
1 traditional C rejects string concatenation
1 \`long' switch expression not converted to \`int' in ISO C
1 comparison between signed and unsigned
More information about the Gcc-testresults
mailing list