Results for 3.4 20030114 (experimental) testsuite on i686-pc-linux-gnu
Joe Buck
jbuck@synopsys.com
Tue Jan 14 23:44:00 GMT 2003
This is a Red Hat 7.2 system, running on a dual 2.2 GHz Intel Xeon system.
kernel: 2.4.7-10 (from Red Hat)
glibc: 2.2.4-31 (from Red Hat)
binutils: 2.13.1 (FSF)
Only C, C++, ObjC, and F77 are tested (no Java)
LAST_UPDATED: Tue Jan 14 20:34:20 UTC 2003
Native configuration is i686-pc-linux-gnu
=== g77 tests ===
Running target unix
=== g77 Summary ===
# of expected passes 1654
/var/tmp/gccbuild/trunk/gcc/testsuite/../g77 version 3.4 20030114 (experimental)
=== gcc tests ===
Running target unix
FAIL: gcc.c-torture/execute/builtin-constant.c execution, -O1
FAIL: gcc.c-torture/execute/builtin-constant.c execution, -O2
FAIL: gcc.c-torture/execute/builtin-constant.c execution, -O3 -fomit-frame-pointer
FAIL: gcc.c-torture/execute/builtin-constant.c execution, -O3 -g
FAIL: gcc.c-torture/execute/builtin-constant.c execution, -Os
FAIL: gcc.dg/duff-2.c (test for excess errors)
FAIL: pch/common-1.c -O3 -g assembly comparison
FAIL: pch/decl-1.c -O3 -g assembly comparison
FAIL: pch/decl-2.c -O3 -g assembly comparison
FAIL: pch/decl-3.c -O3 -g assembly comparison
FAIL: pch/decl-4.c -O3 -g assembly comparison
FAIL: pch/decl-5.c -O3 -g assembly comparison
FAIL: pch/empty.c -O3 -g assembly comparison
FAIL: pch/except-1.c -O3 -g assembly comparison
FAIL: pch/global-1.c -O3 -g assembly comparison
FAIL: gcc.dg/pch/inline-1.c (test for excess errors)
FAIL: pch/macro-1.c -O3 -g assembly comparison
FAIL: pch/macro-2.c -O3 -g assembly comparison
FAIL: pch/macro-3.c -O3 -g assembly comparison
FAIL: pch/static-2.c -O3 -g assembly comparison
FAIL: pch/system-1.c -O3 -g assembly comparison
=== gcc Summary ===
# of expected passes 21317
# of unexpected failures 21
# of expected failures 63
# of untested testcases 1
# of unsupported tests 78
/var/tmp/gccbuild/trunk/gcc/xgcc version 3.4 20030114 (experimental)
=== g++ tests ===
Running target unix
FAIL: g++.dg/opt/vtgc1.C scan-assembler-dem .vtable_inherit[ ]*vtable for Multivv3.*0
FAIL: g++.dg/opt/vtgc1.C scan-assembler-dem .vtable_inherit[ ]*VTT for Multivv3.*0
FAIL: g++.dg/opt/vtgc1.C scan-assembler-dem .vtable_inherit[ ]*vtable for Multiss2.*vtable for Base2
FAIL: g++.dg/opt/vtgc1.C scan-assembler-dem .vtable_inherit[ ]*vtable for Multivs1.*vtable for Base2
FAIL: g++.dg/opt/vtgc1.C scan-assembler-dem .vtable_inherit[ ]*VTT for Multivs1.*vtable for Base2
FAIL: g++.dg/opt/vtgc1.C scan-assembler-dem .vtable_inherit[ ]*vtable for Multisv0.*vtable for Side0
FAIL: g++.dg/opt/vtgc1.C scan-assembler-dem .vtable_inherit[ ]*VTT for Multisv0.*vtable for Side0
FAIL: g++.dg/opt/vtgc1.C scan-assembler-dem .vtable_inherit[ ]*vtable for Side0.*0
FAIL: g++.dg/opt/vtgc1.C scan-assembler-dem .vtable_inherit[ ]*vtable for VbasedA.*0
FAIL: g++.dg/opt/vtgc1.C scan-assembler-dem .vtable_inherit[ ]*VTT for VbasedA.*0
FAIL: g++.dg/opt/vtgc1.C scan-assembler-dem .vtable_inherit[ ]*vtable for Base2.*vtable for Base1
FAIL: g++.dg/opt/vtgc1.C scan-assembler-dem .vtable_inherit[ ]*vtable for Base1.*vtable for Base0
FAIL: g++.dg/opt/vtgc1.C scan-assembler-dem .vtable_inherit[ ]*vtable for Base0.*0
FAIL: g++.dg/warn/Wunused-2.C (test for warnings, line 5)
FAIL: pch/empty.C -g assembly comparison
FAIL: pch/empty.C -O2 -g assembly comparison
FAIL: pch/system-1.C -g assembly comparison
FAIL: pch/system-1.C -O2 -g assembly comparison
=== g++ Summary ===
# of expected passes 8166
# of unexpected failures 18
# of expected failures 71
# of untested testcases 9
# of unsupported tests 3
/var/tmp/gccbuild/trunk/gcc/testsuite/../g++ version 3.4 20030114 (experimental)
=== objc tests ===
Running target unix
=== objc Summary ===
# of expected passes 1153
/var/tmp/gccbuild/trunk/gcc/xgcc version 3.4 20030114 (experimental)
=== libstdc++-v3 tests ===
Running target unix
XPASS: 22_locale/ctype_is_char.cc execution test
XPASS: 22_locale/ctype_is_wchar_t.cc execution test
XPASS: 22_locale/members.cc execution test
XPASS: 22_locale/messages_byname.cc execution test
XPASS: 22_locale/messages_members_char.cc execution test
XPASS: 22_locale/money_get_members_char.cc execution test
XPASS: 22_locale/money_get_members_wchar_t.cc execution test
XPASS: 22_locale/money_put_members_char.cc execution test
XPASS: 22_locale/money_put_members_wchar_t.cc execution test
XPASS: 22_locale/moneypunct_byname.cc execution test
XPASS: 22_locale/moneypunct_members_char.cc execution test
XPASS: 22_locale/moneypunct_members_wchar_t.cc execution test
XPASS: 22_locale/num_get_members_char.cc execution test
XPASS: 22_locale/num_get_members_wchar_t.cc execution test
XPASS: 22_locale/num_put_members_char.cc execution test
XPASS: 22_locale/num_put_members_wchar_t.cc execution test
XPASS: 22_locale/numpunct_byname.cc execution test
XPASS: 22_locale/numpunct_members_char.cc execution test
XPASS: 22_locale/numpunct_members_wchar_t.cc execution test
XPASS: 22_locale/time_get_members_char.cc execution test
XPASS: 22_locale/time_get_members_wchar_t.cc execution test
XPASS: 22_locale/time_put_members_char.cc execution test
XPASS: 22_locale/time_put_members_wchar_t.cc execution test
FAIL: 26_numerics/c99_classification_macros_c.cc (test for excess errors)
=== libstdc++-v3 Summary ===
# of expected passes 439
# of unexpected failures 1
# of unexpected successes 23
# of expected failures 4
Compiler version: 3.4 20030114 (experimental)
Platform: i686-pc-linux-gnu
configure flags: --prefix /usr/localdisk/gcc-cvs/trunk --with-as=/usr/localdisk/binutils-2.13.1/bin/as --with-ld=/usr/localdisk/binutils-2.13.1/bin/ld --enable-languages=c,c++,objc,f77
More information about the Gcc-testresults
mailing list