Results for 3.3 20030105 (prerelease) testsuite on i386-pc-linux-gnu
Matthias Klose
doko@auric.debian.org
Mon Jan 13 21:07:00 GMT 2003
LAST_UPDATED: Sun Jan 5 14:12:19 UTC 2003
Native configuration is i386-pc-linux-gnu
=== g++ tests ===
Running target unix
FAIL: g++.dg/warn/Wunused-2.C (test for warnings, line 5)
FAIL: g++.dg/tls/init-2.C (test for excess errors)
XPASS: g++.other/init5.C Execution test
=== g++ Summary ===
# of expected passes 7915
# of unexpected failures 2
# of unexpected successes 1
# of expected failures 91
# of untested testcases 9
# of unsupported tests 3
/build/packages/gcc/snap/gcc-snapshot-20030105/build/gcc/testsuite/../g++ version 3.3 20030105 (prerelease)
=== g77 tests ===
Running target unix
=== g77 Summary ===
# of expected passes 1638
# of unsupported tests 8
/build/packages/gcc/snap/gcc-snapshot-20030105/build/gcc/testsuite/../g77 version 3.3 20030105 (prerelease)
=== gcc tests ===
Running target unix
FAIL: gcc.c-torture/execute/builtin-constant.c execution, -O1
FAIL: gcc.c-torture/execute/builtin-constant.c execution, -O2
FAIL: gcc.c-torture/execute/builtin-constant.c execution, -O3 -fomit-frame-pointer
FAIL: gcc.c-torture/execute/builtin-constant.c execution, -O3 -g
FAIL: gcc.c-torture/execute/builtin-constant.c execution, -Os
FAIL: gcc.dg/duff-2.c (test for excess errors)
=== gcc Summary ===
# of expected passes 20814
# of unexpected failures 6
# of expected failures 64
# of unsupported tests 72
/build/packages/gcc/snap/gcc-snapshot-20030105/build/gcc/xgcc version 3.3 20030105 (prerelease)
=== objc tests ===
Running target unix
=== objc Summary ===
# of expected passes 1153
/build/packages/gcc/snap/gcc-snapshot-20030105/build/gcc/xgcc version 3.3 20030105 (prerelease)
=== libjava tests ===
Running target unix
FAIL: PR1343 compilation from bytecode
FAIL: PR1343 -O compilation from bytecode
WARNING: program timed out.
FAIL: SyncTest execution - gij test
WARNING: program timed out.
FAIL: SyncTest execution - gij test
FAIL: pr8823 compilation from bytecode
FAIL: pr8823 -O compilation from bytecode
=== libjava Summary ===
# of expected passes 2915
# of unexpected failures 6
# of expected failures 14
# of untested testcases 14
=== libstdc++-v3 tests ===
Running target unix
XPASS: 22_locale/collate_byname.cc execution test
FAIL: 22_locale/ctor_copy_dtor.cc execution test
XPASS: 22_locale/ctype_is_char.cc execution test
XPASS: 22_locale/ctype_is_wchar_t.cc execution test
FAIL: 22_locale/facet.cc execution test
XPASS: 22_locale/members.cc execution test
XPASS: 22_locale/messages_byname.cc execution test
XPASS: 22_locale/moneypunct_byname.cc execution test
FAIL: 26_numerics/c99_classification_macros_c.cc (test for excess errors)
=== libstdc++-v3 Summary ===
# of expected passes 417
# of unexpected failures 3
# of unexpected successes 6
# of expected failures 21
Compiler version: 3.3 20030105 (prerelease)
Platform: i386-pc-linux-gnu
configure flags: --host=i386-linux -v --enable-languages=c,c++,java,f77,objc,ada --prefix=/usr/lib/gcc-snapshot --infodir=/share/info --mandir=/share/man --enable-shared --with-system-zlib --enable-nls --enable-__cxa_atexit --without-included-gettext --enable-clocale=gnu --enable-java-gc=boehm --with-cpp-install-dir=bin --enable-objc-gc
BOOT_CFLAGS=-O2
Patches applied in this version:
deb-protoize:
build protoize/unprotoize by default
objc-testsuite:
Run objc tests with -lpthread.
libobjc:
Find header file for Boehm garbage collector.
More information about the Gcc-testresults
mailing list