Results for 3.4 20030111 (experimental) testsuite on sparc-redhat-linux-gnu
Horst von Brand
vonbrand@inf.utfsm.cl
Mon Jan 13 09:46:00 GMT 2003
LAST_UPDATED: Sun Jan 12 00:18:45 UTC 2003
LAST_UPDATED:
Native configuration is sparc-redhat-linux-gnu
=== g++ tests ===
Running target unix
FAIL: g++.dg/compat/break/bitfield7 y_tst.o compile
UNRESOLVED: g++.dg/compat/break/bitfield7 x_tst.o-y_tst.o link
UNRESOLVED: g++.dg/compat/break/bitfield7 x_tst.o-y_tst.o execute
FAIL: g++.dg/opt/vtgc1.C scan-assembler-dem .vtable_inherit[ ]*vtable for Multivv3.*0
FAIL: g++.dg/opt/vtgc1.C scan-assembler-dem .vtable_inherit[ ]*VTT for Multivv3.*0
FAIL: g++.dg/opt/vtgc1.C scan-assembler-dem .vtable_inherit[ ]*vtable for Multiss2.*vtable for Base2
FAIL: g++.dg/opt/vtgc1.C scan-assembler-dem .vtable_inherit[ ]*vtable for Multivs1.*vtable for Base2
FAIL: g++.dg/opt/vtgc1.C scan-assembler-dem .vtable_inherit[ ]*VTT for Multivs1.*vtable for Base2
FAIL: g++.dg/opt/vtgc1.C scan-assembler-dem .vtable_inherit[ ]*vtable for Multisv0.*vtable for Side0
FAIL: g++.dg/opt/vtgc1.C scan-assembler-dem .vtable_inherit[ ]*VTT for Multisv0.*vtable for Side0
FAIL: g++.dg/opt/vtgc1.C scan-assembler-dem .vtable_inherit[ ]*vtable for Side0.*0
FAIL: g++.dg/opt/vtgc1.C scan-assembler-dem .vtable_inherit[ ]*vtable for VbasedA.*0
FAIL: g++.dg/opt/vtgc1.C scan-assembler-dem .vtable_inherit[ ]*VTT for VbasedA.*0
FAIL: g++.dg/opt/vtgc1.C scan-assembler-dem .vtable_inherit[ ]*vtable for Base2.*vtable for Base1
FAIL: g++.dg/opt/vtgc1.C scan-assembler-dem .vtable_inherit[ ]*vtable for Base1.*vtable for Base0
FAIL: g++.dg/opt/vtgc1.C scan-assembler-dem .vtable_inherit[ ]*vtable for Base0.*0
FAIL: g++.dg/warn/Wunused-2.C (test for warnings, line 5)
FAIL: pch/empty.C -g assembly comparison
FAIL: pch/empty.C -O2 -g assembly comparison
FAIL: pch/system-1.C -g assembly comparison
FAIL: pch/system-1.C -O2 -g assembly comparison
FAIL: pch/system-1.C -O2 assembly comparison
FAIL: g++.robertl/eb42.C (test for excess errors)
=== g++ Summary ===
# of expected passes 8106
# of unexpected failures 21
# of expected failures 71
# of unresolved testcases 2
# of untested testcases 22
# of unsupported tests 17
/usr/src/build/GCC/build-gcc-cvs/gcc/testsuite/../g++ version 3.4 20030111 (experimental)
=== g77 tests ===
Running target unix
=== g77 Summary ===
# of expected passes 1638
# of unsupported tests 8
/usr/src/build/GCC/build-gcc-cvs/gcc/testsuite/../g77 version 3.4 20030111 (experimental)
=== gcc tests ===
Running target unix
WARNING: program timed out.
FAIL: gcc.c-torture/compile/20001226-1.c, -O2
WARNING: program timed out.
FAIL: gcc.c-torture/compile/20001226-1.c, -O3 -fomit-frame-pointer
WARNING: program timed out.
FAIL: gcc.c-torture/compile/20001226-1.c, -O3 -g
WARNING: program timed out.
FAIL: gcc.c-torture/compile/20001226-1.c, -Os
FAIL: gcc.c-torture/execute/builtin-constant.c execution, -O1
FAIL: gcc.c-torture/execute/builtin-constant.c execution, -O2
FAIL: gcc.c-torture/execute/builtin-constant.c execution, -O3 -fomit-frame-pointer
FAIL: gcc.c-torture/execute/builtin-constant.c execution, -O3 -g
FAIL: gcc.c-torture/execute/builtin-constant.c execution, -Os
FAIL: gcc.dg/cpp/Wunused.c (test for excess errors)
FAIL: gcc.dg/cpp/trad/Wunused.c (test for excess errors)
FAIL: gcc.dg/duff-2.c (test for excess errors)
FAIL: gcc.dg/typespec-1.c unsigned long long int void (test for errors, line 928)
FAIL: gcc.dg/typespec-1.c unsigned long long int char (test for errors, line 929)
FAIL: gcc.dg/typespec-1.c unsigned long long int short (test for errors, line 930)
FAIL: gcc.dg/typespec-1.c unsigned long long int int (test for errors, line 931)
FAIL: gcc.dg/typespec-1.c unsigned long long int long (test for errors, line 932)
FAIL: gcc.dg/typespec-1.c unsigned long long int float (test for errors, line 933)
FAIL: gcc.dg/typespec-1.c unsigned long long int double (test for errors, line 934)
FAIL: gcc.dg/typespec-1.c unsigned long long int signed (test for errors, line 935)
FAIL: gcc.dg/typespec-1.c unsigned long long int unsigned (test for errors, line 936)
FAIL: gcc.dg/typespec-1.c unsigned long long int _Bool (test for errors, line 937)
FAIL: pch/common-1.c -O3 -g assembly comparison
FAIL: pch/decl-1.c -O3 -g assembly comparison
FAIL: pch/decl-2.c -O3 -g assembly comparison
FAIL: pch/decl-3.c -O3 -g assembly comparison
FAIL: pch/decl-4.c -O3 -g assembly comparison
FAIL: pch/decl-5.c -O3 -g assembly comparison
FAIL: pch/empty.c -O3 -g assembly comparison
FAIL: pch/except-1.c -O3 -g assembly comparison
FAIL: pch/global-1.c -O3 -g assembly comparison
FAIL: gcc.dg/pch/inline-1.c (test for excess errors)
FAIL: pch/macro-1.c -O3 -g assembly comparison
FAIL: pch/macro-2.c -O3 -g assembly comparison
FAIL: pch/macro-3.c -O3 -g assembly comparison
FAIL: pch/static-2.c -O3 -g assembly comparison
FAIL: pch/system-1.c -O3 -g assembly comparison
=== gcc Summary ===
# of expected passes 21059
# of unexpected failures 37
# of expected failures 62
# of untested testcases 1
# of unsupported tests 165
/usr/src/build/GCC/build-gcc-cvs/gcc/xgcc version 3.4 20030111 (experimental)
=== objc tests ===
Running target unix
=== objc Summary ===
# of expected passes 1153
/usr/src/build/GCC/build-gcc-cvs/gcc/xgcc version 3.4 20030111 (experimental)
=== libjava tests ===
Running target unix
FAIL: PR1343 compilation from bytecode
FAIL: PR1343 -O compilation from bytecode
FAIL: linking cxxtest
WARNING: program timed out.
FAIL: SyncTest execution - source compiled test
WARNING: program timed out.
FAIL: SyncTest execution - gij test
WARNING: program timed out.
FAIL: SyncTest execution - bytecode->native test
WARNING: program timed out.
FAIL: SyncTest -O execution - source compiled test
WARNING: program timed out.
FAIL: SyncTest execution - gij test
WARNING: program timed out.
FAIL: SyncTest -O execution - bytecode->native test
WARNING: program timed out.
FAIL: Thread_Monitor execution - source compiled test
WARNING: program timed out.
FAIL: Thread_Monitor execution - gij test
WARNING: program timed out.
FAIL: Thread_Monitor execution - bytecode->native test
WARNING: program timed out.
FAIL: Thread_Monitor -O execution - source compiled test
WARNING: program timed out.
FAIL: Thread_Monitor execution - gij test
FAIL: Thread_Sleep output - gij test
FAIL: Thread_Sleep -O output - bytecode->native test
FAIL: pr8823 compilation from bytecode
FAIL: pr8823 -O compilation from bytecode
=== libjava Summary ===
# of expected passes 2893
# of unexpected failures 18
# of expected failures 15
# of untested testcases 23
=== libstdc++-v3 tests ===
Running target unix
ERROR: tcl error sourcing /usr/src/build/GCC/gcc/libstdc++-v3/testsuite/libstdc++-v3.dg/dg.exp.
ERROR: couldn't compile regular expression pattern: quantifier operand invalid
=== libstdc++-v3 Summary ===
Compiler version: 3.4 20030111 (experimental)
Platform: sparc-redhat-linux-gnu
configure flags: --prefix=/usr sparc-redhat-linux%g
More information about the Gcc-testresults
mailing list