Results for 3.4 20030112 (experimental) testsuite on sparc-suse-linux-gnu
Robert Schiele
schiele@pi3.informatik.uni-mannheim.de
Mon Jan 13 09:46:00 GMT 2003
LAST_UPDATED: Sun Jan 12 23:18:17 UTC 2003
LAST_UPDATED:
Native configuration is sparc-suse-linux-gnu
=== g++ tests ===
Running target unix
FAIL: g++.dg/compat/break/bitfield7 y_tst.o compile
UNRESOLVED: g++.dg/compat/break/bitfield7 x_tst.o-y_tst.o link
UNRESOLVED: g++.dg/compat/break/bitfield7 x_tst.o-y_tst.o execute
FAIL: g++.dg/opt/vtgc1.C scan-assembler-dem .vtable_inherit[ ]*vtable for Multivv3.*0
FAIL: g++.dg/opt/vtgc1.C scan-assembler-dem .vtable_inherit[ ]*VTT for Multivv3.*0
FAIL: g++.dg/opt/vtgc1.C scan-assembler-dem .vtable_inherit[ ]*vtable for Multiss2.*vtable for Base2
FAIL: g++.dg/opt/vtgc1.C scan-assembler-dem .vtable_inherit[ ]*vtable for Multivs1.*vtable for Base2
FAIL: g++.dg/opt/vtgc1.C scan-assembler-dem .vtable_inherit[ ]*VTT for Multivs1.*vtable for Base2
FAIL: g++.dg/opt/vtgc1.C scan-assembler-dem .vtable_inherit[ ]*vtable for Multisv0.*vtable for Side0
FAIL: g++.dg/opt/vtgc1.C scan-assembler-dem .vtable_inherit[ ]*VTT for Multisv0.*vtable for Side0
FAIL: g++.dg/opt/vtgc1.C scan-assembler-dem .vtable_inherit[ ]*vtable for Side0.*0
FAIL: g++.dg/opt/vtgc1.C scan-assembler-dem .vtable_inherit[ ]*vtable for VbasedA.*0
FAIL: g++.dg/opt/vtgc1.C scan-assembler-dem .vtable_inherit[ ]*VTT for VbasedA.*0
FAIL: g++.dg/opt/vtgc1.C scan-assembler-dem .vtable_inherit[ ]*vtable for Base2.*vtable for Base1
FAIL: g++.dg/opt/vtgc1.C scan-assembler-dem .vtable_inherit[ ]*vtable for Base1.*vtable for Base0
FAIL: g++.dg/opt/vtgc1.C scan-assembler-dem .vtable_inherit[ ]*vtable for Base0.*0
FAIL: g++.dg/warn/Wunused-2.C (test for warnings, line 5)
FAIL: pch/empty.C -g assembly comparison
FAIL: pch/empty.C -O2 -g assembly comparison
FAIL: pch/system-1.C -g assembly comparison
FAIL: pch/system-1.C -O2 -g assembly comparison
FAIL: pch/system-1.C -O2 assembly comparison
XPASS: g++.other/init5.C Execution test
=== g++ Summary ===
# of expected passes 8105
# of unexpected failures 20
# of unexpected successes 1
# of expected failures 70
# of unresolved testcases 2
# of untested testcases 22
# of unsupported tests 17
/local/gccbuild/gcc/testsuite/../g++ version 3.4 20030112 (experimental)
=== g77 tests ===
Running target unix
=== g77 Summary ===
# of expected passes 1638
# of unsupported tests 8
/local/gccbuild/gcc/testsuite/../g77 version 3.4 20030112 (experimental)
=== gcc tests ===
Running target unix
FAIL: gcc.c-torture/execute/builtin-constant.c execution, -O1
FAIL: gcc.c-torture/execute/builtin-constant.c execution, -O2
FAIL: gcc.c-torture/execute/builtin-constant.c execution, -O3 -fomit-frame-pointer
FAIL: gcc.c-torture/execute/builtin-constant.c execution, -O3 -g
FAIL: gcc.c-torture/execute/builtin-constant.c execution, -Os
FAIL: gcc.dg/cpp/Wunused.c (test for excess errors)
FAIL: gcc.dg/cpp/trad/Wunused.c (test for excess errors)
FAIL: gcc.dg/duff-2.c (test for excess errors)
FAIL: pch/common-1.c -O3 -g assembly comparison
FAIL: pch/decl-1.c -O3 -g assembly comparison
FAIL: pch/decl-2.c -O3 -g assembly comparison
FAIL: pch/decl-3.c -O3 -g assembly comparison
FAIL: pch/decl-4.c -O3 -g assembly comparison
FAIL: pch/decl-5.c -O3 -g assembly comparison
FAIL: pch/empty.c -O3 -g assembly comparison
FAIL: pch/except-1.c -O3 -g assembly comparison
FAIL: pch/global-1.c -O3 -g assembly comparison
FAIL: gcc.dg/pch/inline-1.c (test for excess errors)
FAIL: pch/macro-1.c -O3 -g assembly comparison
FAIL: pch/macro-2.c -O3 -g assembly comparison
FAIL: pch/macro-3.c -O3 -g assembly comparison
FAIL: pch/static-2.c -O3 -g assembly comparison
FAIL: pch/system-1.c -O3 -g assembly comparison
=== gcc Summary ===
# of expected passes 21073
# of unexpected failures 23
# of expected failures 62
# of untested testcases 1
# of unsupported tests 165
/local/gccbuild/gcc/xgcc version 3.4 20030112 (experimental)
=== objc tests ===
Running target unix
=== objc Summary ===
# of expected passes 1153
/local/gccbuild/gcc/xgcc version 3.4 20030112 (experimental)
=== libstdc++-v3 tests ===
Running target unix
XPASS: 22_locale/ctype_is_wchar_t.cc execution test
XPASS: 22_locale/members.cc execution test
XPASS: 22_locale/messages_byname.cc execution test
XPASS: 22_locale/messages_members_char.cc execution test
XPASS: 22_locale/money_get_members_wchar_t.cc execution test
XPASS: 22_locale/money_put_members_wchar_t.cc execution test
XPASS: 22_locale/moneypunct_byname.cc execution test
XPASS: 22_locale/moneypunct_members_char.cc execution test
XPASS: 22_locale/moneypunct_members_wchar_t.cc execution test
XPASS: 22_locale/num_get_members_char.cc execution test
XPASS: 22_locale/num_get_members_wchar_t.cc execution test
XPASS: 22_locale/num_put_members_char.cc execution test
XPASS: 22_locale/num_put_members_wchar_t.cc execution test
XPASS: 22_locale/numpunct_byname.cc execution test
XPASS: 22_locale/numpunct_members_char.cc execution test
XPASS: 22_locale/numpunct_members_wchar_t.cc execution test
FAIL: 22_locale/operators.cc execution test
XPASS: 22_locale/time_get_members_wchar_t.cc execution test
XPASS: 22_locale/time_put_members_char.cc execution test
XPASS: 22_locale/time_put_members_wchar_t.cc execution test
FAIL: 26_numerics/c99_classification_macros_c.cc (test for excess errors)
=== libstdc++-v3 Summary ===
# of expected passes 438
# of unexpected failures 2
# of unexpected successes 19
# of expected failures 8
Compiler version: 3.4 20030112 (experimental)
Platform: sparc-suse-linux-gnu
configure flags: --enable-threads=posix --prefix=/opt/Pkg/Linux/sparc64/gcc34 --enable-languages=c,c++,f77,objc --disable-libgcj --with-gxx-include-dir=/opt/Pkg/Linux/sparc64/gcc34/include/g++ --with-system-zlib --enable-shared --enable-__cxa_atexit sparc-suse-linux%g
More information about the Gcc-testresults
mailing list