Results for 3.4 20030110 (experimental) testsuite on mips-sgi-irix6.2
Kaveh R. Ghazi
ghazi@caip.rutgers.edu
Mon Jan 13 09:46:00 GMT 2003
LAST_UPDATED:
LAST_UPDATED:
Native configuration is mips-sgi-irix6.2
=== g++ tests ===
Running target unix/-mabi=64
FAIL: g++.dg/abi/empty6.C (test for warnings, line 6)
FAIL: g++.dg/ext/instantiate2.C scan-assembler
FAIL: g++.dg/warn/Wunused-2.C (test for warnings, line 5)
FAIL: pch/empty.C -g assembly comparison
FAIL: pch/empty.C -O2 -g assembly comparison
FAIL: pch/system-1.C -g assembly comparison
FAIL: pch/system-1.C -O2 -g assembly comparison
FAIL: pch/system-1.C -O2 assembly comparison
=== g++ Summary for unix/-mabi=64 ===
# of expected passes 7885
# of unexpected failures 8
# of expected failures 79
# of untested testcases 23
# of unsupported tests 18
Running target unix/-mips4
FAIL: g++.dg/ext/instantiate2.C scan-assembler
FAIL: g++.dg/warn/Wunused-2.C (test for warnings, line 5)
FAIL: pch/empty.C -g assembly comparison
FAIL: pch/empty.C -O2 -g assembly comparison
FAIL: pch/system-1.C -g assembly comparison
FAIL: pch/system-1.C -O2 -g assembly comparison
FAIL: pch/system-1.C -O2 assembly comparison
=== g++ Summary for unix/-mips4 ===
# of expected passes 7886
# of unexpected failures 7
# of expected failures 79
# of untested testcases 23
# of unsupported tests 18
Running target unix
FAIL: g++.dg/ext/instantiate2.C scan-assembler
FAIL: g++.dg/warn/Wunused-2.C (test for warnings, line 5)
FAIL: pch/empty.C -g assembly comparison
FAIL: pch/empty.C -O2 -g assembly comparison
FAIL: pch/system-1.C -g assembly comparison
FAIL: pch/system-1.C -O2 -g assembly comparison
FAIL: pch/system-1.C -O2 assembly comparison
=== g++ Summary for unix ===
# of expected passes 7886
# of unexpected failures 7
# of expected failures 79
# of untested testcases 23
# of unsupported tests 18
=== g++ Summary ===
# of expected passes 23657
# of unexpected failures 22
# of expected failures 237
# of untested testcases 69
# of unsupported tests 54
/a/caip/a99/u99/ghazi/gcc-testing/build/gcc/testsuite/../g++ version 3.4 20030110 (experimental)
=== g77 tests ===
Running target unix/-mabi=64
=== g77 Summary for unix/-mabi=64 ===
# of expected passes 1638
# of unsupported tests 8
Running target unix/-mips4
=== g77 Summary for unix/-mips4 ===
# of expected passes 1638
# of unsupported tests 8
Running target unix
=== g77 Summary for unix ===
# of expected passes 1638
# of unsupported tests 8
=== g77 Summary ===
# of expected passes 4914
# of unsupported tests 24
/a/caip/a99/u99/ghazi/gcc-testing/build/gcc/testsuite/../g77 version 3.4 20030110 (experimental)
=== gcc tests ===
Running target unix/-mabi=64
WARNING: program timed out.
FAIL: gcc.c-torture/compile/20001226-1.c, -O2
WARNING: program timed out.
FAIL: gcc.c-torture/compile/20001226-1.c, -O3 -fomit-frame-pointer
WARNING: program timed out.
FAIL: gcc.c-torture/compile/20001226-1.c, -O3 -g
WARNING: program timed out.
FAIL: gcc.c-torture/compile/20001226-1.c, -Os
FAIL: gcc.c-torture/execute/20020412-1.c execution, -O0
FAIL: gcc.c-torture/execute/20020412-1.c execution, -O1
FAIL: gcc.c-torture/execute/20020412-1.c execution, -O2
FAIL: gcc.c-torture/execute/20020412-1.c execution, -O3 -fomit-frame-pointer
FAIL: gcc.c-torture/execute/20020412-1.c execution, -O3 -fomit-frame-pointer -funroll-loops
FAIL: gcc.c-torture/execute/20020412-1.c execution, -O3 -fomit-frame-pointer -funroll-all-loops -finline-functions
FAIL: gcc.c-torture/execute/20020412-1.c execution, -O3 -g
FAIL: gcc.c-torture/execute/20020412-1.c execution, -Os
FAIL: gcc.c-torture/execute/builtin-constant.c execution, -O1
FAIL: gcc.c-torture/execute/builtin-constant.c execution, -O2
FAIL: gcc.c-torture/execute/builtin-constant.c execution, -O3 -fomit-frame-pointer
FAIL: gcc.c-torture/execute/builtin-constant.c execution, -O3 -g
FAIL: gcc.c-torture/execute/builtin-constant.c execution, -Os
WARNING: gcc.dg/20021014-1.c compilation failed to produce executable
FAIL: gcc.dg/duff-2.c (test for excess errors)
WARNING: gcc.dg/nest.c compilation failed to produce executable
FAIL: pch/common-1.c -O3 -g assembly comparison
FAIL: pch/decl-1.c -O3 -g assembly comparison
FAIL: pch/decl-2.c -O3 -g assembly comparison
FAIL: pch/decl-3.c -O3 -g assembly comparison
FAIL: pch/decl-4.c -O3 -g assembly comparison
FAIL: pch/decl-5.c -O3 -g assembly comparison
FAIL: pch/empty.c -O3 -g assembly comparison
FAIL: pch/except-1.c -O3 -g assembly comparison
FAIL: pch/global-1.c -O3 -g assembly comparison
FAIL: gcc.dg/pch/inline-1.c (test for excess errors)
FAIL: pch/macro-1.c -O3 -g assembly comparison
FAIL: pch/macro-2.c -O3 -g assembly comparison
FAIL: pch/macro-3.c -O3 -g assembly comparison
FAIL: pch/static-1.c -O0 assembly comparison
FAIL: pch/static-1.c -O1 assembly comparison
FAIL: pch/static-1.c -O2 assembly comparison
FAIL: pch/static-1.c -Os assembly comparison
FAIL: pch/static-2.c -O0 assembly comparison
FAIL: pch/static-2.c -O1 assembly comparison
FAIL: pch/static-2.c -O2 assembly comparison
FAIL: pch/static-2.c -O3 -g assembly comparison
FAIL: pch/static-2.c -Os assembly comparison
FAIL: pch/system-1.c -O3 -g assembly comparison
=== gcc Summary for unix/-mabi=64 ===
# of expected passes 20690
# of unexpected failures 41
# of expected failures 95
# of untested testcases 1
# of unsupported tests 176
Running target unix/-mips4
WARNING: program timed out.
FAIL: gcc.c-torture/compile/20001226-1.c, -O2
WARNING: program timed out.
FAIL: gcc.c-torture/compile/20001226-1.c, -O3 -fomit-frame-pointer
WARNING: program timed out.
FAIL: gcc.c-torture/compile/20001226-1.c, -O3 -g
WARNING: program timed out.
FAIL: gcc.c-torture/compile/20001226-1.c, -Os
FAIL: gcc.c-torture/execute/20020412-1.c execution, -O0
FAIL: gcc.c-torture/execute/20020412-1.c execution, -O1
FAIL: gcc.c-torture/execute/20020412-1.c execution, -O2
FAIL: gcc.c-torture/execute/20020412-1.c execution, -O3 -fomit-frame-pointer
FAIL: gcc.c-torture/execute/20020412-1.c execution, -O3 -fomit-frame-pointer -funroll-loops
FAIL: gcc.c-torture/execute/20020412-1.c execution, -O3 -fomit-frame-pointer -funroll-all-loops -finline-functions
FAIL: gcc.c-torture/execute/20020412-1.c execution, -O3 -g
FAIL: gcc.c-torture/execute/20020412-1.c execution, -Os
FAIL: gcc.c-torture/execute/builtin-constant.c execution, -O1
FAIL: gcc.c-torture/execute/builtin-constant.c execution, -O2
FAIL: gcc.c-torture/execute/builtin-constant.c execution, -O3 -fomit-frame-pointer
FAIL: gcc.c-torture/execute/builtin-constant.c execution, -O3 -g
FAIL: gcc.c-torture/execute/builtin-constant.c execution, -Os
WARNING: gcc.dg/20021014-1.c compilation failed to produce executable
FAIL: gcc.dg/duff-2.c (test for excess errors)
WARNING: gcc.dg/nest.c compilation failed to produce executable
FAIL: pch/common-1.c -O3 -g assembly comparison
FAIL: pch/decl-1.c -O3 -g assembly comparison
FAIL: pch/decl-2.c -O3 -g assembly comparison
FAIL: pch/decl-3.c -O3 -g assembly comparison
FAIL: pch/decl-4.c -O3 -g assembly comparison
FAIL: pch/decl-5.c -O3 -g assembly comparison
FAIL: pch/empty.c -O3 -g assembly comparison
FAIL: pch/except-1.c -O3 -g assembly comparison
FAIL: pch/global-1.c -O3 -g assembly comparison
FAIL: gcc.dg/pch/inline-1.c (test for excess errors)
FAIL: pch/macro-1.c -O3 -g assembly comparison
FAIL: pch/macro-2.c -O3 -g assembly comparison
FAIL: pch/macro-3.c -O3 -g assembly comparison
FAIL: pch/static-1.c -O0 assembly comparison
FAIL: pch/static-1.c -O1 assembly comparison
FAIL: pch/static-1.c -O2 assembly comparison
FAIL: pch/static-1.c -Os assembly comparison
FAIL: pch/static-2.c -O0 assembly comparison
FAIL: pch/static-2.c -O1 assembly comparison
FAIL: pch/static-2.c -O2 assembly comparison
FAIL: pch/static-2.c -O3 -g assembly comparison
FAIL: pch/static-2.c -Os assembly comparison
FAIL: pch/system-1.c -O3 -g assembly comparison
=== gcc Summary for unix/-mips4 ===
# of expected passes 20690
# of unexpected failures 41
# of expected failures 95
# of untested testcases 1
# of unsupported tests 176
Running target unix
WARNING: program timed out.
FAIL: gcc.c-torture/compile/20001226-1.c, -O2
WARNING: program timed out.
FAIL: gcc.c-torture/compile/20001226-1.c, -O3 -fomit-frame-pointer
WARNING: program timed out.
FAIL: gcc.c-torture/compile/20001226-1.c, -O3 -g
WARNING: program timed out.
FAIL: gcc.c-torture/compile/20001226-1.c, -Os
FAIL: gcc.c-torture/execute/20020412-1.c execution, -O0
FAIL: gcc.c-torture/execute/20020412-1.c execution, -O1
FAIL: gcc.c-torture/execute/20020412-1.c execution, -O2
FAIL: gcc.c-torture/execute/20020412-1.c execution, -O3 -fomit-frame-pointer
FAIL: gcc.c-torture/execute/20020412-1.c execution, -O3 -fomit-frame-pointer -funroll-loops
FAIL: gcc.c-torture/execute/20020412-1.c execution, -O3 -fomit-frame-pointer -funroll-all-loops -finline-functions
FAIL: gcc.c-torture/execute/20020412-1.c execution, -O3 -g
FAIL: gcc.c-torture/execute/20020412-1.c execution, -Os
FAIL: gcc.c-torture/execute/builtin-constant.c execution, -O1
FAIL: gcc.c-torture/execute/builtin-constant.c execution, -O2
FAIL: gcc.c-torture/execute/builtin-constant.c execution, -O3 -fomit-frame-pointer
FAIL: gcc.c-torture/execute/builtin-constant.c execution, -O3 -g
FAIL: gcc.c-torture/execute/builtin-constant.c execution, -Os
WARNING: gcc.dg/20021014-1.c compilation failed to produce executable
FAIL: gcc.dg/duff-2.c (test for excess errors)
WARNING: gcc.dg/nest.c compilation failed to produce executable
FAIL: pch/common-1.c -O3 -g assembly comparison
FAIL: pch/decl-1.c -O3 -g assembly comparison
FAIL: pch/decl-2.c -O3 -g assembly comparison
FAIL: pch/decl-3.c -O3 -g assembly comparison
FAIL: pch/decl-4.c -O3 -g assembly comparison
FAIL: pch/decl-5.c -O3 -g assembly comparison
FAIL: pch/empty.c -O3 -g assembly comparison
FAIL: pch/except-1.c -O3 -g assembly comparison
FAIL: pch/global-1.c -O3 -g assembly comparison
FAIL: gcc.dg/pch/inline-1.c (test for excess errors)
FAIL: pch/macro-1.c -O3 -g assembly comparison
FAIL: pch/macro-2.c -O3 -g assembly comparison
FAIL: pch/macro-3.c -O3 -g assembly comparison
FAIL: pch/static-1.c -O0 assembly comparison
FAIL: pch/static-1.c -O1 assembly comparison
FAIL: pch/static-1.c -O2 assembly comparison
FAIL: pch/static-1.c -Os assembly comparison
FAIL: pch/static-2.c -O0 assembly comparison
FAIL: pch/static-2.c -O1 assembly comparison
FAIL: pch/static-2.c -O2 assembly comparison
FAIL: pch/static-2.c -O3 -g assembly comparison
FAIL: pch/static-2.c -Os assembly comparison
FAIL: pch/system-1.c -O3 -g assembly comparison
=== gcc Summary for unix ===
# of expected passes 20690
# of unexpected failures 41
# of expected failures 95
# of untested testcases 1
# of unsupported tests 176
=== gcc Summary ===
# of expected passes 62070
# of unexpected failures 123
# of expected failures 285
# of untested testcases 3
# of unsupported tests 528
/a/caip/a99/u99/ghazi/gcc-testing/build/gcc/xgcc version 3.4 20030110 (experimental)
=== objc tests ===
Running target unix/-mabi=64
=== objc Summary for unix/-mabi=64 ===
# of expected passes 1153
Running target unix/-mips4
=== objc Summary for unix/-mips4 ===
# of expected passes 1153
Running target unix
=== objc Summary for unix ===
# of expected passes 1153
=== objc Summary ===
# of expected passes 3459
/a/caip/a99/u99/ghazi/gcc-testing/build/gcc/xgcc version 3.4 20030110 (experimental)
=== libstdc++-v3 tests ===
Running target unix/-mabi=64
XPASS: 22_locale/collate_members_wchar_t.cc execution test
XPASS: 22_locale/ctype_is_wchar_t.cc execution test
XPASS: 22_locale/money_get_members_wchar_t.cc execution test
XPASS: 22_locale/money_put_members_wchar_t.cc execution test
XPASS: 22_locale/moneypunct_members_wchar_t.cc execution test
XPASS: 22_locale/num_get_members_wchar_t.cc execution test
XPASS: 22_locale/num_put_members_wchar_t.cc execution test
XPASS: 22_locale/numpunct_members_wchar_t.cc execution test
XPASS: 22_locale/time_get_members_wchar_t.cc execution test
XPASS: 22_locale/time_put_members_wchar_t.cc execution test
FAIL: 27_io/ostream_inserter_arith.cc execution test
=== libstdc++-v3 Summary for unix/-mabi=64 ===
# of expected passes 427
# of unexpected failures 1
# of unexpected successes 10
# of expected failures 17
# of unsupported tests 6
Running target unix/-mips4
XPASS: 22_locale/collate_members_wchar_t.cc execution test
XPASS: 22_locale/ctype_is_wchar_t.cc execution test
XPASS: 22_locale/money_get_members_wchar_t.cc execution test
XPASS: 22_locale/money_put_members_wchar_t.cc execution test
XPASS: 22_locale/moneypunct_members_wchar_t.cc execution test
XPASS: 22_locale/num_get_members_wchar_t.cc execution test
XPASS: 22_locale/num_put_members_wchar_t.cc execution test
XPASS: 22_locale/numpunct_members_wchar_t.cc execution test
XPASS: 22_locale/time_get_members_wchar_t.cc execution test
XPASS: 22_locale/time_put_members_wchar_t.cc execution test
FAIL: 27_io/ostream_inserter_arith.cc execution test
=== libstdc++-v3 Summary for unix/-mips4 ===
# of expected passes 427
# of unexpected failures 1
# of unexpected successes 10
# of expected failures 17
# of unsupported tests 6
Running target unix
XPASS: 22_locale/collate_members_wchar_t.cc execution test
XPASS: 22_locale/ctype_is_wchar_t.cc execution test
XPASS: 22_locale/money_get_members_wchar_t.cc execution test
XPASS: 22_locale/money_put_members_wchar_t.cc execution test
XPASS: 22_locale/moneypunct_members_wchar_t.cc execution test
XPASS: 22_locale/num_get_members_wchar_t.cc execution test
XPASS: 22_locale/num_put_members_wchar_t.cc execution test
XPASS: 22_locale/numpunct_members_wchar_t.cc execution test
XPASS: 22_locale/time_get_members_wchar_t.cc execution test
XPASS: 22_locale/time_put_members_wchar_t.cc execution test
FAIL: 27_io/ostream_inserter_arith.cc execution test
=== libstdc++-v3 Summary for unix ===
# of expected passes 427
# of unexpected failures 1
# of unexpected successes 10
# of expected failures 17
# of unsupported tests 6
=== libstdc++-v3 Summary ===
# of expected passes 1281
# of unexpected failures 3
# of unexpected successes 30
# of expected failures 51
# of unsupported tests 18
Compiler version: 3.4 20030110 (experimental)
Platform: mips-sgi-irix6.2
configure flags: --verbose --enable-languages=c,objc,c++,f77%g
More information about the Gcc-testresults
mailing list