Results for 3.4 20030106 (experimental) testsuite on sparc-sun-solaris2.8
Robert Schiele
schiele@pi3.informatik.uni-mannheim.de
Tue Jan 7 09:48:00 GMT 2003
Native configuration is sparc-sun-solaris2.8
=== g++ tests ===
Running target unix
FAIL: g++.dg/compat/break/bitfield7 y_tst.o compile
UNRESOLVED: g++.dg/compat/break/bitfield7 x_tst.o-y_tst.o link
UNRESOLVED: g++.dg/compat/break/bitfield7 x_tst.o-y_tst.o execute
FAIL: g++.dg/opt/vtgc1.C scan-assembler-dem .vtable_inherit[ ]*vtable for Multivv3.*0
FAIL: g++.dg/opt/vtgc1.C scan-assembler-dem .vtable_inherit[ ]*VTT for Multivv3.*0
FAIL: g++.dg/opt/vtgc1.C scan-assembler-dem .vtable_inherit[ ]*vtable for Multiss2.*vtable for Base2
FAIL: g++.dg/opt/vtgc1.C scan-assembler-dem .vtable_inherit[ ]*vtable for Multivs1.*vtable for Base2
FAIL: g++.dg/opt/vtgc1.C scan-assembler-dem .vtable_inherit[ ]*VTT for Multivs1.*vtable for Base2
FAIL: g++.dg/opt/vtgc1.C scan-assembler-dem .vtable_inherit[ ]*vtable for Multisv0.*vtable for Side0
FAIL: g++.dg/opt/vtgc1.C scan-assembler-dem .vtable_inherit[ ]*VTT for Multisv0.*vtable for Side0
FAIL: g++.dg/opt/vtgc1.C scan-assembler-dem .vtable_inherit[ ]*vtable for Side0.*0
FAIL: g++.dg/opt/vtgc1.C scan-assembler-dem .vtable_inherit[ ]*vtable for VbasedA.*0
FAIL: g++.dg/opt/vtgc1.C scan-assembler-dem .vtable_inherit[ ]*VTT for VbasedA.*0
FAIL: g++.dg/opt/vtgc1.C scan-assembler-dem .vtable_inherit[ ]*vtable for Base2.*vtable for Base1
FAIL: g++.dg/opt/vtgc1.C scan-assembler-dem .vtable_inherit[ ]*vtable for Base1.*vtable for Base0
FAIL: g++.dg/opt/vtgc1.C scan-assembler-dem .vtable_inherit[ ]*vtable for Base0.*0
FAIL: g++.dg/warn/Wunused-2.C (test for warnings, line 5)
=== g++ Summary ===
# of expected passes 8074
# of unexpected failures 15
# of expected failures 73
# of unresolved testcases 2
# of untested testcases 21
# of unsupported tests 15
/export/share1/gccbuild/gcc/testsuite/../g++ version 3.4 20030106 (experimental)
=== g77 tests ===
Running target unix
=== g77 Summary ===
# of expected passes 1638
# of unsupported tests 8
/export/share1/gccbuild/gcc/testsuite/../g77 version 3.4 20030106 (experimental)
=== gcc tests ===
Running target unix
WARNING: program timed out.
FAIL: gcc.c-torture/compile/20001226-1.c, -O2
WARNING: program timed out.
FAIL: gcc.c-torture/compile/20001226-1.c, -O3 -fomit-frame-pointer
WARNING: program timed out.
FAIL: gcc.c-torture/compile/20001226-1.c, -O3 -g
WARNING: program timed out.
FAIL: gcc.c-torture/compile/20001226-1.c, -Os
FAIL: gcc.c-torture/execute/builtin-constant.c execution, -O1
FAIL: gcc.c-torture/execute/builtin-constant.c execution, -O2
FAIL: gcc.c-torture/execute/builtin-constant.c execution, -O3 -fomit-frame-pointer
FAIL: gcc.c-torture/execute/builtin-constant.c execution, -O3 -g
FAIL: gcc.c-torture/execute/builtin-constant.c execution, -Os
WARNING: gcc.dg/20021014-1.c compilation failed to produce executable
FAIL: gcc.dg/duff-2.c (test for excess errors)
=== gcc Summary ===
# of expected passes 20600
# of unexpected failures 10
# of expected failures 62
# of unsupported tests 163
/export/share1/gccbuild/gcc/xgcc version 3.4 20030106 (experimental)
=== objc tests ===
Running target unix
=== objc Summary ===
# of expected passes 1153
/export/share1/gccbuild/gcc/xgcc version 3.4 20030106 (experimental)
=== libstdc++-v3 tests ===
Running target unix
XPASS: 22_locale/collate_members_wchar_t.cc execution test
XPASS: 22_locale/ctype_is_wchar_t.cc execution test
XPASS: 22_locale/money_get_members_wchar_t.cc execution test
XPASS: 22_locale/money_put_members_wchar_t.cc execution test
XPASS: 22_locale/moneypunct_members_wchar_t.cc execution test
XPASS: 22_locale/num_get_members_wchar_t.cc execution test
XPASS: 22_locale/num_put_members_wchar_t.cc execution test
XPASS: 22_locale/numpunct_members_wchar_t.cc execution test
XPASS: 22_locale/time_get_members_wchar_t.cc execution test
XPASS: 22_locale/time_put_members_wchar_t.cc execution test
WARNING: program timed out.
FAIL: thread/pthread4.cc execution test
=== libstdc++-v3 Summary ===
# of expected passes 438
# of unexpected failures 1
# of unexpected successes 10
# of expected failures 18
Compiler version: 3.4 20030106 (experimental)
Platform: sparc-sun-solaris2.8
More information about the Gcc-testresults
mailing list