Results for 3.3 20030227 (prerelease) testsuite on mips-sgi-irix6.5
Billinghurst, David (CRTS)
David.Billinghurst@riotinto.com
Thu Feb 27 21:59:00 GMT 2003
LAST_UPDATED: Thu Feb 27 11:07:35 GMT 2003
Native configuration is mips-sgi-irix6.5
=== g++ tests ===
Running target unix
FAIL: g++.dg/opt/vtgc1.C scan-assembler-dem .vtable_inherit[ ]*vtable for Multivv3.*0
FAIL: g++.dg/opt/vtgc1.C scan-assembler-dem .vtable_inherit[ ]*VTT for Multivv3.*0
FAIL: g++.dg/opt/vtgc1.C scan-assembler-dem .vtable_inherit[ ]*vtable for Multiss2.*vtable for Base2
FAIL: g++.dg/opt/vtgc1.C scan-assembler-dem .vtable_inherit[ ]*vtable for Multivs1.*vtable for Base2
FAIL: g++.dg/opt/vtgc1.C scan-assembler-dem .vtable_inherit[ ]*VTT for Multivs1.*vtable for Base2
FAIL: g++.dg/opt/vtgc1.C scan-assembler-dem .vtable_inherit[ ]*vtable for Multisv0.*vtable for Side0
FAIL: g++.dg/opt/vtgc1.C scan-assembler-dem .vtable_inherit[ ]*VTT for Multisv0.*vtable for Side0
FAIL: g++.dg/opt/vtgc1.C scan-assembler-dem .vtable_inherit[ ]*vtable for Side0.*0
FAIL: g++.dg/opt/vtgc1.C scan-assembler-dem .vtable_inherit[ ]*vtable for VbasedA.*0
FAIL: g++.dg/opt/vtgc1.C scan-assembler-dem .vtable_inherit[ ]*VTT for VbasedA.*0
FAIL: g++.dg/opt/vtgc1.C scan-assembler-dem .vtable_inherit[ ]*vtable for Base2.*vtable for Base1
FAIL: g++.dg/opt/vtgc1.C scan-assembler-dem .vtable_inherit[ ]*vtable for Base1.*vtable for Base0
FAIL: g++.dg/opt/vtgc1.C scan-assembler-dem .vtable_inherit[ ]*vtable for Base0.*0
FAIL: g++.dg/warn/Wunused-2.C (test for warnings, line 5)
FAIL: g++.pt/static9.C caused compiler crash
=== g++ Summary for unix ===
# of expected passes 7633
# of unexpected failures 15
# of expected failures 100
# of untested testcases 23
# of unsupported tests 17
Running target unix/-mabi=64
FAIL: g++.dg/opt/vtgc1.C scan-assembler-dem .vtable_inherit[ ]*vtable for Multivv3.*0
FAIL: g++.dg/opt/vtgc1.C scan-assembler-dem .vtable_inherit[ ]*VTT for Multivv3.*0
FAIL: g++.dg/opt/vtgc1.C scan-assembler-dem .vtable_inherit[ ]*vtable for Multiss2.*vtable for Base2
FAIL: g++.dg/opt/vtgc1.C scan-assembler-dem .vtable_inherit[ ]*vtable for Multivs1.*vtable for Base2
FAIL: g++.dg/opt/vtgc1.C scan-assembler-dem .vtable_inherit[ ]*VTT for Multivs1.*vtable for Base2
FAIL: g++.dg/opt/vtgc1.C scan-assembler-dem .vtable_inherit[ ]*vtable for Multisv0.*vtable for Side0
FAIL: g++.dg/opt/vtgc1.C scan-assembler-dem .vtable_inherit[ ]*VTT for Multisv0.*vtable for Side0
FAIL: g++.dg/opt/vtgc1.C scan-assembler-dem .vtable_inherit[ ]*vtable for Side0.*0
FAIL: g++.dg/opt/vtgc1.C scan-assembler-dem .vtable_inherit[ ]*vtable for VbasedA.*0
FAIL: g++.dg/opt/vtgc1.C scan-assembler-dem .vtable_inherit[ ]*VTT for VbasedA.*0
FAIL: g++.dg/opt/vtgc1.C scan-assembler-dem .vtable_inherit[ ]*vtable for Base2.*vtable for Base1
FAIL: g++.dg/opt/vtgc1.C scan-assembler-dem .vtable_inherit[ ]*vtable for Base1.*vtable for Base0
FAIL: g++.dg/opt/vtgc1.C scan-assembler-dem .vtable_inherit[ ]*vtable for Base0.*0
FAIL: g++.dg/warn/Wunused-2.C (test for warnings, line 5)
FAIL: g++.pt/static9.C caused compiler crash
=== g++ Summary for unix/-mabi=64 ===
# of expected passes 7633
# of unexpected failures 15
# of expected failures 100
# of untested testcases 23
# of unsupported tests 17
=== g++ Summary ===
# of expected passes 15266
# of unexpected failures 30
# of expected failures 200
# of untested testcases 46
# of unsupported tests 34
/exd6/billingd/obj/gcc-3.3/gcc/testsuite/../g++ version 3.3 20030227 (prerelease)
=== g77 tests ===
Running target unix
=== g77 Summary for unix ===
# of expected passes 1644
# of unsupported tests 8
Running target unix/-mabi=64
=== g77 Summary for unix/-mabi=64 ===
# of expected passes 1644
# of unsupported tests 8
=== g77 Summary ===
# of expected passes 3288
# of unsupported tests 16
/exd6/billingd/obj/gcc-3.3/gcc/testsuite/../g77 version 3.3 20030227 (prerelease)
=== gcc tests ===
Running target unix
WARNING: program timed out.
FAIL: gcc.c-torture/compile/20001226-1.c, -O2
WARNING: program timed out.
FAIL: gcc.c-torture/compile/20001226-1.c, -O3 -fomit-frame-pointer
WARNING: program timed out.
FAIL: gcc.c-torture/compile/20001226-1.c, -O3 -g
WARNING: program timed out.
FAIL: gcc.c-torture/compile/20001226-1.c, -Os
FAIL: gcc.c-torture/execute/20020412-1.c execution, -O0
FAIL: gcc.c-torture/execute/20020412-1.c execution, -O1
FAIL: gcc.c-torture/execute/20020412-1.c execution, -O2
FAIL: gcc.c-torture/execute/20020412-1.c execution, -O3 -fomit-frame-pointer
FAIL: gcc.c-torture/execute/20020412-1.c execution, -O3 -fomit-frame-pointer -funroll-loops
FAIL: gcc.c-torture/execute/20020412-1.c execution, -O3 -fomit-frame-pointer -funroll-all-loops -finline-functions
FAIL: gcc.c-torture/execute/20020412-1.c execution, -O3 -g
FAIL: gcc.c-torture/execute/20020412-1.c execution, -Os
WARNING: gcc.dg/20021014-1.c compilation failed to produce executable
FAIL: gcc.dg/duff-2.c (test for excess errors)
WARNING: gcc.dg/nest.c compilation failed to produce executable
=== gcc Summary for unix ===
# of expected passes 20291
# of unexpected failures 13
# of expected failures 100
# of unsupported tests 164
Running target unix/-mabi=64
WARNING: program timed out.
FAIL: gcc.c-torture/compile/20001226-1.c, -O2
WARNING: program timed out.
FAIL: gcc.c-torture/compile/20001226-1.c, -O3 -fomit-frame-pointer
WARNING: program timed out.
FAIL: gcc.c-torture/compile/20001226-1.c, -O3 -g
WARNING: program timed out.
FAIL: gcc.c-torture/compile/20001226-1.c, -Os
FAIL: gcc.c-torture/execute/20020412-1.c execution, -O0
FAIL: gcc.c-torture/execute/20020412-1.c execution, -O1
FAIL: gcc.c-torture/execute/20020412-1.c execution, -O2
FAIL: gcc.c-torture/execute/20020412-1.c execution, -O3 -fomit-frame-pointer
FAIL: gcc.c-torture/execute/20020412-1.c execution, -O3 -fomit-frame-pointer -funroll-loops
FAIL: gcc.c-torture/execute/20020412-1.c execution, -O3 -fomit-frame-pointer -funroll-all-loops -finline-functions
FAIL: gcc.c-torture/execute/20020412-1.c execution, -O3 -g
FAIL: gcc.c-torture/execute/20020412-1.c execution, -Os
WARNING: gcc.dg/20021014-1.c compilation failed to produce executable
FAIL: gcc.dg/duff-2.c (test for excess errors)
WARNING: gcc.dg/nest.c compilation failed to produce executable
=== gcc Summary for unix/-mabi=64 ===
# of expected passes 20291
# of unexpected failures 13
# of expected failures 100
# of unsupported tests 164
=== gcc Summary ===
# of expected passes 40582
# of unexpected failures 26
# of expected failures 200
# of unsupported tests 328
/exd6/billingd/obj/gcc-3.3/gcc/xgcc version 3.3 20030227 (prerelease)
=== objc tests ===
Running target unix
=== objc Summary for unix ===
# of expected passes 1153
Running target unix/-mabi=64
=== objc Summary for unix/-mabi=64 ===
# of expected passes 1153
=== objc Summary ===
# of expected passes 2306
/exd6/billingd/obj/gcc-3.3/gcc/xgcc version 3.3 20030227 (prerelease)
=== libstdc++-v3 tests ===
Running target unix
XPASS: 22_locale/ctype_is_wchar_t.cc execution test
FAIL: 27_io/fstream.cc (test for excess errors)
=== libstdc++-v3 Summary for unix ===
# of expected passes 432
# of unexpected failures 1
# of unexpected successes 1
# of expected failures 26
# of unsupported tests 6
Running target unix/-mabi=64
XPASS: 22_locale/ctype_is_wchar_t.cc execution test
=== libstdc++-v3 Summary for unix/-mabi=64 ===
# of expected passes 433
# of unexpected successes 1
# of expected failures 26
# of unsupported tests 6
=== libstdc++-v3 Summary ===
# of expected passes 865
# of unexpected failures 1
# of unexpected successes 2
# of expected failures 52
# of unsupported tests 12
Compiler version: 3.3 20030227 (prerelease)
Platform: mips-sgi-irix6.5
configure flags: --host=mips-sgi-irix6.5 --enable-shared --enable-haifa --disable-libgcj --enable-threads=single --disable-nls --prefix=/exd6/billingd/tmp/gcc-3.3
Counting all warnings,
there are 26 warnings in stage3 of this bootstrap.
Number of warnings per file:
11 gcc/config/mips/mips.md
5 /usr/local/share/bison/bison.simple
2 tp-bit.c
2 insn-conditions.c
2 gcc/gcc.c
2 gcc/f/sta.c
1 gcc/regclass.c
1 gcc/java/jvspec.c
Number of warning types:
6 operand 1 missing mode?
5 string length \`???' is greater than the length \`???' ISO C89 compilers are required to support
5 operand 0 missing mode?
3 label \`???' defined but not used
2 traditional C rejects ISO C style function definitions
2 no previous prototype for \`???'
2 dereferencing type-punned pointer will break strict-aliasing rules
1 unused variable \`???'
More information about the Gcc-testresults
mailing list