Results for 3.4 20030227 (experimental) testsuite on ia64-suse-linux-gnu
Andreas Schwab
schwab@suse.de
Thu Feb 27 13:37:00 GMT 2003
LAST_UPDATED: Thu Feb 27 09:01:03 UTC 2003
Native configuration is ia64-suse-linux-gnu
=== g++ tests ===
Running target unix
FAIL: g++.dg/other/error2.C (test for errors, line 14)
FAIL: g++.dg/other/error2.C (test for excess errors)
FAIL: g++.dg/parse/saved1.C (test for errors, line 6)
FAIL: g++.dg/warn/Wunused-2.C (test for warnings, line 5)
FAIL: g++.dg/warn/implicit-typename1.C (test for warnings, line 16)
FAIL: pch/system-1.C -g assembly comparison
FAIL: pch/system-1.C -O2 -g assembly comparison
FAIL: g++.brendan/array-refs.C caused compiler crash
FAIL: g++.bugs/900519_07.C caused compiler crash
FAIL: g++.oliva/template9.C caused compiler crash
FAIL: g++.pt/defarg8.C caused compiler crash
FAIL: g++.pt/repo3.C (test for excess errors)
FAIL: g++.pt/static9.C caused compiler crash
=== g++ Summary ===
# of expected passes 8063
# of unexpected failures 13
# of expected failures 67
# of untested testcases 23
# of unsupported tests 17
/tmp/cvs/gcc-20030227/Build/gcc/testsuite/../g++ version 3.4 20030227 (experimental)
=== g77 tests ===
Running target unix
=== g77 Summary ===
# of expected passes 1644
# of unsupported tests 8
/tmp/cvs/gcc-20030227/Build/gcc/testsuite/../g77 version 3.4 20030227 (experimental)
=== gcc tests ===
Running target unix
XPASS: gcc.c-torture/compile/981223-1.c, -O2
XPASS: gcc.c-torture/compile/981223-1.c, -O3 -fomit-frame-pointer
XPASS: gcc.c-torture/compile/981223-1.c, -O3 -g
XPASS: gcc.c-torture/compile/981223-1.c, -Os
XPASS: gcc.c-torture/compile/920625-1.c, -O2
XPASS: gcc.c-torture/compile/920625-1.c, -O3 -fomit-frame-pointer
XPASS: gcc.c-torture/compile/920625-1.c, -O3 -fomit-frame-pointer -funroll-loops
XPASS: gcc.c-torture/compile/920625-1.c, -O3 -fomit-frame-pointer -funroll-all-loops -finline-functions
XPASS: gcc.c-torture/compile/920625-1.c, -O3 -g
XPASS: gcc.c-torture/execute/990208-1.c execution, -O3 -fomit-frame-pointer
XPASS: gcc.c-torture/execute/990208-1.c execution, -O3 -g
FAIL: gcc.c-torture/execute/builtin-bitops-1.c compilation, -O0
UNRESOLVED: gcc.c-torture/execute/builtin-bitops-1.c execution, -O0
FAIL: gcc.c-torture/execute/builtin-bitops-1.c compilation, -O1
UNRESOLVED: gcc.c-torture/execute/builtin-bitops-1.c execution, -O1
FAIL: gcc.c-torture/execute/builtin-bitops-1.c compilation, -O2
UNRESOLVED: gcc.c-torture/execute/builtin-bitops-1.c execution, -O2
FAIL: gcc.c-torture/execute/builtin-bitops-1.c compilation, -O3 -fomit-frame-pointer
UNRESOLVED: gcc.c-torture/execute/builtin-bitops-1.c execution, -O3 -fomit-frame-pointer
FAIL: gcc.c-torture/execute/builtin-bitops-1.c compilation, -O3 -fomit-frame-pointer -funroll-loops
UNRESOLVED: gcc.c-torture/execute/builtin-bitops-1.c execution, -O3 -fomit-frame-pointer -funroll-loops
FAIL: gcc.c-torture/execute/builtin-bitops-1.c compilation, -O3 -fomit-frame-pointer -funroll-all-loops -finline-functions
UNRESOLVED: gcc.c-torture/execute/builtin-bitops-1.c execution, -O3 -fomit-frame-pointer -funroll-all-loops -finline-functions
FAIL: gcc.c-torture/execute/builtin-bitops-1.c compilation, -O3 -g
UNRESOLVED: gcc.c-torture/execute/builtin-bitops-1.c execution, -O3 -g
FAIL: gcc.c-torture/execute/builtin-bitops-1.c compilation, -Os
UNRESOLVED: gcc.c-torture/execute/builtin-bitops-1.c execution, -Os
FAIL: gcc.dg/duff-2.c (test for excess errors)
FAIL: gcc.dg/noreturn-1.c detect falling off end of noreturn (test for warnings, line 11)
FAIL: gcc.dg/noreturn-1.c (test for excess errors)
FAIL: gcc.dg/return-type-1.c warning for falling off end of non-void function (test for warnings, line 9)
FAIL: gcc.dg/return-type-1.c (test for excess errors)
FAIL: gcc.dg/pch/inline-1.c (test for excess errors)
=== gcc Summary ===
# of expected passes 20962
# of unexpected failures 14
# of unexpected successes 11
# of expected failures 78
# of unresolved testcases 8
# of untested testcases 1
# of unsupported tests 174
/tmp/cvs/gcc-20030227/Build/gcc/xgcc version 3.4 20030227 (experimental)
=== objc tests ===
Running target unix
=== objc Summary ===
# of expected passes 1153
/tmp/cvs/gcc-20030227/Build/gcc/xgcc version 3.4 20030227 (experimental)
=== libjava tests ===
Running target unix
=== libjava Summary ===
# of expected passes 2943
# of expected failures 16
# of untested testcases 12
=== libstdc++-v3 tests ===
Running target unix
FAIL: 21_strings/element_access.cc execution test
FAIL: 22_locale/codecvt/always_noconv/wchar_t/3.cc execution test
FAIL: 22_locale/codecvt/encoding/wchar_t/3.cc execution test
FAIL: 22_locale/codecvt/encoding/wchar_t/wrapped_locale.cc execution test
FAIL: 22_locale/codecvt/in/wchar_t/3.cc execution test
FAIL: 22_locale/codecvt/length/wchar_t/3.cc execution test
FAIL: 22_locale/codecvt/max_length/wchar_t/3.cc execution test
FAIL: 22_locale/codecvt/max_length/wchar_t/wrapped_locale.cc execution test
FAIL: 22_locale/codecvt/out/wchar_t/3.cc execution test
FAIL: 22_locale/codecvt/unshift/wchar_t/3.cc execution test
FAIL: 23_containers/vector_element_access.cc execution test
FAIL: 25_algorithms/min_max.cc (test for excess errors)
=== libstdc++-v3 Summary ===
# of expected passes 1033
# of unexpected failures 12
# of expected failures 3
Compiler version: 3.4 20030227 (experimental)
Platform: ia64-suse-linux-gnu
configure flags: --host=ia64-suse-linux --enable-shared --enable-threads --with-system-zlib
More information about the Gcc-testresults
mailing list