Results for 3.4 20030225 (experimental) testsuite on i486-suse-linux-gnu
Robert Schiele
rschiele@uni-mannheim.de
Wed Feb 26 05:53:00 GMT 2003
LAST_UPDATED: Wed Feb 26 00:39:10 UTC 2003
Native configuration is i486-suse-linux-gnu
=== g++ tests ===
Running target unix
FAIL: g++.dg/other/error2.C (test for errors, line 14)
FAIL: g++.dg/other/error2.C (test for excess errors)
FAIL: g++.dg/parse/saved1.C (test for errors, line 6)
FAIL: g++.dg/warn/Wunused-2.C (test for warnings, line 5)
FAIL: g++.dg/warn/implicit-typename1.C (test for warnings, line 16)
FAIL: pch/system-1.C -g assembly comparison
FAIL: pch/system-1.C -O2 -g assembly comparison
FAIL: g++.bugs/900519_07.C missed (test for errors, line 16)
FAIL: g++.oliva/template1.C instantiated from here (test for errors, line 15)
FAIL: g++.oliva/template9.C caused compiler crash
XPASS: g++.other/init5.C Execution test
FAIL: g++.pt/defarg8.C caused compiler crash
=== g++ Summary ===
# of expected passes 8315
# of unexpected failures 11
# of unexpected successes 1
# of expected failures 65
# of untested testcases 9
# of unsupported tests 3
/local/build/gcc/testsuite/../g++ version 3.4 20030225 (experimental)
=== g77 tests ===
Running target unix
=== g77 Summary ===
# of expected passes 1644
# of unsupported tests 8
/local/build/gcc/testsuite/../g77 version 3.4 20030225 (experimental)
=== gcc tests ===
Running target unix
FAIL: gcc.dg/20020531-1.c (test for excess errors)
FAIL: gcc.dg/duff-2.c (test for excess errors)
FAIL: gcc.dg/noreturn-1.c detect falling off end of noreturn (test for warnings, line 11)
FAIL: gcc.dg/noreturn-1.c (test for excess errors)
FAIL: gcc.dg/return-type-1.c warning for falling off end of non-void function (test for warnings, line 9)
FAIL: gcc.dg/return-type-1.c (test for excess errors)
FAIL: gcc.dg/uninit-C.c (test for excess errors)
FAIL: gcc.dg/pch/inline-1.c (test for excess errors)
=== gcc Summary ===
# of expected passes 21546
# of unexpected failures 8
# of expected failures 66
# of untested testcases 1
# of unsupported tests 82
/local/build/gcc/xgcc version 3.4 20030225 (experimental)
=== objc tests ===
Running target unix
=== objc Summary ===
# of expected passes 1153
/local/build/gcc/xgcc version 3.4 20030225 (experimental)
=== libstdc++-v3 tests ===
Running target unix
FAIL: 22_locale/codecvt/always_noconv/wchar_t/3.cc execution test
FAIL: 22_locale/codecvt/encoding/wchar_t/3.cc execution test
FAIL: 22_locale/codecvt/encoding/wchar_t/wrapped_locale.cc execution test
FAIL: 22_locale/codecvt/in/wchar_t/3.cc execution test
FAIL: 22_locale/codecvt/length/wchar_t/3.cc execution test
FAIL: 22_locale/codecvt/max_length/wchar_t/3.cc execution test
FAIL: 22_locale/codecvt/max_length/wchar_t/wrapped_locale.cc execution test
FAIL: 22_locale/codecvt/out/wchar_t/3.cc execution test
FAIL: 22_locale/codecvt/unshift/wchar_t/3.cc execution test
FAIL: 24_iterators/iterator.cc execution test
=== libstdc++-v3 Summary ===
# of expected passes 1035
# of unexpected failures 10
# of expected failures 3
Compiler version: 3.4 20030225 (experimental)
Platform: i486-suse-linux-gnu
configure flags: --enable-threads=posix --prefix=/local/inst/gcc34 --enable-languages=c,c++,f77,objc --disable-checking --disable-libgcj --with-gxx-include-dir=/local/inst/gcc34/include/g++ --with-system-zlib --enable-shared --enable-__cxa_atexit i486-suse-linux
More information about the Gcc-testresults
mailing list