Results for 3.420030225(experimental) g++ testsuite on i686-pc-linux-gnu
Autocrasher
autocrasher@devphil.com
Tue Feb 25 22:36:00 GMT 2003
The configure/build/test log and libstdc++-v3 regression plots can be
found at http://www.devphil.com/build/
Host was specified as athlon_mp-pc-linux-gnu.
This particular run used standard (previously installed) binutils.
- The Autocrasher (Phil's Builder Bot, version 1.1)
LAST_UPDATED: Mon Feb 3 09:55:58 UTC 2003
Native configuration is i686-pc-linux-gnu
=== g++ tests ===
Running target unix
FAIL: g++.dg/warn/Wunused-2.C -Wunused -O3 (test for warnings, line 5)
FAIL: g++.dg/warn/implicit-typename1.C (test for warnings, line 16)
XPASS: g++.other/init5.C Execution test
=== g++ Summary ===
# of expected passes 8305
# of unexpected failures 2
# of unexpected successes 1
# of expected failures 69
# of untested testcases 9
# of unsupported tests 3
/home/pme/build/build-2003-02-25-trunk/gcc/testsuite/../g++ version 3.4 20030225 (experimental)
Compiler version: 3.420030225(experimental) g++
Platform: i686-pc-linux-gnu
configure flags: --prefix=/home/pme/build/install-2003-02-25-trunk --enable-shared --disable-nls --disable-werror --host=athlon_mp-pc-linux-gnu --enable-threads=posix --enable-__cxa_atexit --enable-languages=c++ --with-dwarf2 --enable-cxx-flags=-march=athlon-mp
More information about the Gcc-testresults
mailing list