Results for 3.3 20030222 (prerelease) testsuite on ia64-unknown-linux-gnu
Matthias Klose
doko@auric.debian.org
Mon Feb 24 22:54:00 GMT 2003
LAST_UPDATED: Sat Feb 22 05:29:16 UTC 2003
Native configuration is ia64-unknown-linux-gnu
=== g++ tests ===
Running target unix
FAIL: g++.dg/warn/Wunused-2.C (test for warnings, line 5)
FAIL: g++.dg/tls/init-2.C (test for excess errors)
XPASS: g++.other/init5.C Execution test
FAIL: g++.pt/repo3.C (test for excess errors)
=== g++ Summary ===
# of expected passes 7677
# of unexpected failures 3
# of unexpected successes 1
# of expected failures 91
# of untested testcases 23
# of unsupported tests 16
/build/buildd/gcc-snapshot-20030221/build/gcc/testsuite/../g++ version 3.3 20030222 (prerelease)
=== g77 tests ===
Running target unix
=== g77 Summary ===
# of expected passes 1644
# of unsupported tests 8
/build/buildd/gcc-snapshot-20030221/build/gcc/testsuite/../g77 version 3.3 20030222 (prerelease)
=== gcc tests ===
Running target unix
XPASS: gcc.c-torture/compile/981223-1.c, -O2
XPASS: gcc.c-torture/compile/981223-1.c, -O3 -fomit-frame-pointer
XPASS: gcc.c-torture/compile/981223-1.c, -O3 -g
XPASS: gcc.c-torture/compile/981223-1.c, -Os
FAIL: gcc.dg/duff-2.c (test for excess errors)
=== gcc Summary ===
# of expected passes 20348
# of unexpected failures 1
# of unexpected successes 4
# of expected failures 83
# of unsupported tests 149
/build/buildd/gcc-snapshot-20030221/build/gcc/xgcc version 3.3 20030222 (prerelease)
=== objc tests ===
Running target unix
FAIL: objc.dg/naming-1.m (test for errors, line 20)
FAIL: objc.dg/naming-1.m (test for excess errors)
FAIL: objc.dg/naming-2.m (test for errors, line 7)
FAIL: objc.dg/naming-2.m (test for excess errors)
=== objc Summary ===
# of expected passes 1149
# of unexpected failures 4
/build/buildd/gcc-snapshot-20030221/build/gcc/xgcc version 3.3 20030222 (prerelease)
=== libjava tests ===
Running target unix
WARNING: program timed out.
FAIL: SyncTest execution - gij test
WARNING: program timed out.
FAIL: SyncTest execution - bytecode->native test
WARNING: program timed out.
FAIL: SyncTest execution - gij test
WARNING: program timed out.
FAIL: SyncTest -O execution - bytecode->native test
FAIL: Thread_Join execution - gij test
=== libjava Summary ===
# of expected passes 2915
# of unexpected failures 5
# of expected failures 16
# of untested testcases 17
=== libstdc++-v3 tests ===
Running target unix
XPASS: 22_locale/collate_byname.cc execution test
XPASS: 22_locale/collate_members_char.cc execution test
XPASS: 22_locale/collate_members_wchar_t.cc execution test
XPASS: 22_locale/ctype_is_char.cc execution test
XPASS: 22_locale/ctype_is_wchar_t.cc execution test
XPASS: 22_locale/members.cc execution test
XPASS: 22_locale/messages_byname.cc execution test
XPASS: 22_locale/messages_members_char.cc execution test
XPASS: 22_locale/moneypunct_byname.cc execution test
XPASS: 22_locale/moneypunct_members_char.cc execution test
XPASS: 22_locale/moneypunct_members_wchar_t.cc execution test
XPASS: 22_locale/numpunct_byname.cc execution test
XPASS: 22_locale/numpunct_members_char.cc execution test
XPASS: 22_locale/numpunct_members_wchar_t.cc execution test
FAIL: 25_algorithms/sort.cc (test for excess errors)
FAIL: 26_numerics/c99_classification_macros_c.cc (test for excess errors)
=== libstdc++-v3 Summary ===
# of expected passes 443
# of unexpected failures 2
# of unexpected successes 14
# of expected failures 13
Compiler version: 3.3 20030222 (prerelease)
Platform: ia64-unknown-linux-gnu
configure flags: --host=ia64-linux -v --enable-languages=c,c++,java,f77,objc,ada --prefix=/usr/lib/gcc-snapshot --infodir=/share/info --mandir=/share/man --enable-shared --with-system-zlib --enable-nls --enable-__cxa_atexit --without-included-gettext --enable-clocale=gnu --enable-java-gc=boehm --enable-java-awt=xlib --with-cpp-install-dir=bin --enable-objc-gc
BOOT_CFLAGS=-O2
Patches that Debian applied in this version:
gcc-m68k-config:
2002-11-25 Andreas Schwab <schwab@suse.de>
* config.gcc (m68k-*-linux*): Don't set extra_parts and gnu_ld,
should come from the generic *-*-linux* entry.
gcc-m68k-update:
Tue Jan 7 18:30:35 CET 2003 Jan Hubicka <jh@suse.cz>
PR target/8343
* m68k.md (umulsidi, mulsidi expanders): Use register operand.
deb-protoize:
build protoize/unprotoize by default
objc-testsuite:
Run objc tests with -lpthread.
libobjc:
Find header file for Boehm garbage collector.
More information about the Gcc-testresults
mailing list