Results for 3.4 20030223 (experimental) testsuite on i486-suse-linux-gnu
Robert Schiele
rschiele@uni-mannheim.de
Mon Feb 24 05:57:00 GMT 2003
LAST_UPDATED: Mon Feb 24 00:34:14 UTC 2003
Native configuration is i486-suse-linux-gnu
=== g++ tests ===
Running target unix
FAIL: g++.dg/warn/Wunused-2.C (test for warnings, line 5)
FAIL: g++.dg/warn/implicit-typename1.C (test for warnings, line 16)
FAIL: pch/system-1.C -g assembly comparison
FAIL: pch/system-1.C -O2 -g assembly comparison
FAIL: g++.oliva/template1.C instantiated from here (test for errors, line 15)
XPASS: g++.other/init5.C Execution test
=== g++ Summary ===
# of expected passes 8316
# of unexpected failures 5
# of unexpected successes 1
# of expected failures 68
# of untested testcases 9
# of unsupported tests 3
/local/build/gcc/testsuite/../g++ version 3.4 20030223 (experimental)
=== g77 tests ===
Running target unix
=== g77 Summary ===
# of expected passes 1644
# of unsupported tests 8
/local/build/gcc/testsuite/../g77 version 3.4 20030223 (experimental)
=== gcc tests ===
Running target unix
FAIL: gcc.c-torture/execute/20030125-1.c compilation, -O3 -fomit-frame-pointer
UNRESOLVED: gcc.c-torture/execute/20030125-1.c execution, -O3 -fomit-frame-pointer
FAIL: gcc.dg/20020531-1.c (test for excess errors)
FAIL: gcc.dg/duff-2.c (test for excess errors)
FAIL: gcc.dg/noreturn-1.c detect falling off end of noreturn (test for warnings, line 11)
FAIL: gcc.dg/noreturn-1.c (test for excess errors)
FAIL: gcc.dg/return-type-1.c warning for falling off end of non-void function (test for warnings, line 9)
FAIL: gcc.dg/return-type-1.c (test for excess errors)
FAIL: gcc.dg/uninit-C.c (test for excess errors)
FAIL: gcc.dg/pch/inline-1.c (test for excess errors)
=== gcc Summary ===
# of expected passes 21534
# of unexpected failures 9
# of expected failures 66
# of unresolved testcases 1
# of untested testcases 1
# of unsupported tests 82
/local/build/gcc/xgcc version 3.4 20030223 (experimental)
=== objc tests ===
Running target unix
=== objc Summary ===
# of expected passes 1153
/local/build/gcc/xgcc version 3.4 20030223 (experimental)
=== libstdc++-v3 tests ===
Running target unix
FAIL: 22_locale/codecvt/always_noconv/wchar_t/3.cc execution test
FAIL: 22_locale/codecvt/encoding/wchar_t/3.cc execution test
FAIL: 22_locale/codecvt/encoding/wchar_t/wrapped_locale.cc execution test
FAIL: 22_locale/codecvt/in/wchar_t/3.cc execution test
FAIL: 22_locale/codecvt/length/wchar_t/3.cc execution test
FAIL: 22_locale/codecvt/max_length/wchar_t/3.cc execution test
FAIL: 22_locale/codecvt/max_length/wchar_t/wrapped_locale.cc execution test
FAIL: 22_locale/codecvt/out/wchar_t/3.cc execution test
FAIL: 22_locale/codecvt/unshift/wchar_t/3.cc execution test
FAIL: 24_iterators/iterator.cc execution test
=== libstdc++-v3 Summary ===
# of expected passes 1035
# of unexpected failures 10
# of expected failures 3
Compiler version: 3.4 20030223 (experimental)
Platform: i486-suse-linux-gnu
configure flags: --enable-threads=posix --prefix=/local/inst/gcc34 --enable-languages=c,c++,f77,objc --disable-checking --disable-libgcj --with-gxx-include-dir=/local/inst/gcc34/include/g++ --with-system-zlib --enable-shared --enable-__cxa_atexit i486-suse-linux
More information about the Gcc-testresults
mailing list