Results for 3.5-tree-ssa20030209(experimental) testsuite on alphaev6-unknown-linux-gnu
Toon Moene
toon@laptop.moene.indiv.nluug.nl
Sun Feb 23 20:12:00 GMT 2003
LAST_UPDATED:
Native configuration is alphaev6-unknown-linux-gnu
=== g77 tests ===
Running target unix
=== g77 Summary ===
# of expected passes 1644
# of unsupported tests 8
/home/toon/gcc-g95/obj/gcc/testsuite/../g77 version 3.5-tree-ssa 20030209 (experimental)
=== g95 tests ===
Running target unix
FAIL: g95.f95-torture/execute/arrayarg.f90 execution, -O0
FAIL: g95.f95-torture/execute/arrayarg.f90 execution, -O1
FAIL: g95.f95-torture/execute/arrayarg.f90 execution, -O2
FAIL: g95.f95-torture/execute/arrayarg.f90 execution, -O2 -fomit-frame-pointer -finline-functions
FAIL: g95.f95-torture/execute/arrayarg.f90 execution, -O2 -fomit-frame-pointer -finline-functions -funroll-loops
FAIL: g95.f95-torture/execute/arrayarg.f90 execution, -O2 -fomit-frame-pointer -finline-functions -funroll-all-loops
FAIL: g95.f95-torture/execute/arrayarg.f90 execution, -O3 -g
FAIL: g95.f95-torture/execute/arrayarg.f90 execution, -Os
FAIL: g95.f95-torture/execute/arrayarg2.f90 execution, -O0
FAIL: g95.f95-torture/execute/arrayarg2.f90 execution, -O1
FAIL: g95.f95-torture/execute/arrayarg2.f90 execution, -O2
FAIL: g95.f95-torture/execute/arrayarg2.f90 execution, -O2 -fomit-frame-pointer -finline-functions
FAIL: g95.f95-torture/execute/arrayarg2.f90 execution, -O2 -fomit-frame-pointer -finline-functions -funroll-loops
FAIL: g95.f95-torture/execute/arrayarg2.f90 execution, -O2 -fomit-frame-pointer -finline-functions -funroll-all-loops
FAIL: g95.f95-torture/execute/arrayarg2.f90 execution, -O3 -g
FAIL: g95.f95-torture/execute/arrayarg2.f90 execution, -Os
FAIL: g95.f95-torture/execute/bounds.f90 execution, -O0
FAIL: g95.f95-torture/execute/bounds.f90 execution, -O1
FAIL: g95.f95-torture/execute/bounds.f90 execution, -O2
FAIL: g95.f95-torture/execute/bounds.f90 execution, -O2 -fomit-frame-pointer -finline-functions
FAIL: g95.f95-torture/execute/bounds.f90 execution, -O2 -fomit-frame-pointer -finline-functions -funroll-loops
FAIL: g95.f95-torture/execute/bounds.f90 execution, -O2 -fomit-frame-pointer -finline-functions -funroll-all-loops
FAIL: g95.f95-torture/execute/bounds.f90 execution, -O3 -g
FAIL: g95.f95-torture/execute/bounds.f90 execution, -Os
FAIL: g95.f95-torture/execute/character_select_1.f90 compilation, -O0
FAIL: g95.f95-torture/execute/character_select_1.f90 compilation, -O1
FAIL: g95.f95-torture/execute/character_select_1.f90 compilation, -O2
FAIL: g95.f95-torture/execute/character_select_1.f90 compilation, -O2 -fomit-frame-pointer -finline-functions
FAIL: g95.f95-torture/execute/character_select_1.f90 compilation, -O2 -fomit-frame-pointer -finline-functions -funroll-loops
FAIL: g95.f95-torture/execute/character_select_1.f90 compilation, -O2 -fomit-frame-pointer -finline-functions -funroll-all-loops
FAIL: g95.f95-torture/execute/character_select_1.f90 compilation, -O3 -g
FAIL: g95.f95-torture/execute/character_select_1.f90 compilation, -Os
FAIL: g95.f95-torture/execute/intrinsic_anyall.f90 execution, -O0
FAIL: g95.f95-torture/execute/intrinsic_anyall.f90 execution, -O1
FAIL: g95.f95-torture/execute/intrinsic_anyall.f90 execution, -O2
FAIL: g95.f95-torture/execute/intrinsic_anyall.f90 execution, -O2 -fomit-frame-pointer -finline-functions
FAIL: g95.f95-torture/execute/intrinsic_anyall.f90 execution, -O2 -fomit-frame-pointer -finline-functions -funroll-loops
FAIL: g95.f95-torture/execute/intrinsic_anyall.f90 execution, -O2 -fomit-frame-pointer -finline-functions -funroll-all-loops
FAIL: g95.f95-torture/execute/intrinsic_anyall.f90 execution, -O3 -g
FAIL: g95.f95-torture/execute/intrinsic_anyall.f90 execution, -Os
FAIL: g95.f95-torture/execute/intrinsic_count.f90 execution, -O0
FAIL: g95.f95-torture/execute/intrinsic_count.f90 execution, -O1
FAIL: g95.f95-torture/execute/intrinsic_count.f90 execution, -O2
FAIL: g95.f95-torture/execute/intrinsic_count.f90 execution, -O2 -fomit-frame-pointer -finline-functions
FAIL: g95.f95-torture/execute/intrinsic_count.f90 execution, -O2 -fomit-frame-pointer -finline-functions -funroll-loops
FAIL: g95.f95-torture/execute/intrinsic_count.f90 execution, -O2 -fomit-frame-pointer -finline-functions -funroll-all-loops
FAIL: g95.f95-torture/execute/intrinsic_count.f90 execution, -O3 -g
FAIL: g95.f95-torture/execute/intrinsic_count.f90 execution, -Os
FAIL: g95.f95-torture/execute/intrinsic_dotprod.f90 execution, -O0
FAIL: g95.f95-torture/execute/intrinsic_dotprod.f90 execution, -O1
FAIL: g95.f95-torture/execute/intrinsic_dotprod.f90 execution, -O2
FAIL: g95.f95-torture/execute/intrinsic_dotprod.f90 execution, -O2 -fomit-frame-pointer -finline-functions
FAIL: g95.f95-torture/execute/intrinsic_dotprod.f90 execution, -O2 -fomit-frame-pointer -finline-functions -funroll-loops
FAIL: g95.f95-torture/execute/intrinsic_dotprod.f90 execution, -O2 -fomit-frame-pointer -finline-functions -funroll-all-loops
FAIL: g95.f95-torture/execute/intrinsic_dotprod.f90 execution, -O3 -g
FAIL: g95.f95-torture/execute/intrinsic_dotprod.f90 execution, -Os
FAIL: g95.f95-torture/execute/intrinsic_matmul.f90 execution, -O0
FAIL: g95.f95-torture/execute/intrinsic_matmul.f90 execution, -O1
FAIL: g95.f95-torture/execute/intrinsic_matmul.f90 execution, -O2
FAIL: g95.f95-torture/execute/intrinsic_matmul.f90 execution, -O2 -fomit-frame-pointer -finline-functions
FAIL: g95.f95-torture/execute/intrinsic_matmul.f90 execution, -O2 -fomit-frame-pointer -finline-functions -funroll-loops
FAIL: g95.f95-torture/execute/intrinsic_matmul.f90 execution, -O2 -fomit-frame-pointer -finline-functions -funroll-all-loops
FAIL: g95.f95-torture/execute/intrinsic_matmul.f90 execution, -O3 -g
FAIL: g95.f95-torture/execute/intrinsic_matmul.f90 execution, -Os
FAIL: g95.f95-torture/execute/intrinsic_mmloc.f90 execution, -O0
FAIL: g95.f95-torture/execute/intrinsic_mmloc.f90 execution, -O1
FAIL: g95.f95-torture/execute/intrinsic_mmloc.f90 execution, -O2
FAIL: g95.f95-torture/execute/intrinsic_mmloc.f90 execution, -O2 -fomit-frame-pointer -finline-functions
FAIL: g95.f95-torture/execute/intrinsic_mmloc.f90 execution, -O2 -fomit-frame-pointer -finline-functions -funroll-loops
FAIL: g95.f95-torture/execute/intrinsic_mmloc.f90 execution, -O2 -fomit-frame-pointer -finline-functions -funroll-all-loops
FAIL: g95.f95-torture/execute/intrinsic_mmloc.f90 execution, -O3 -g
FAIL: g95.f95-torture/execute/intrinsic_mmloc.f90 execution, -Os
FAIL: g95.f95-torture/execute/intrinsic_mmval.f90 execution, -O0
FAIL: g95.f95-torture/execute/intrinsic_mmval.f90 execution, -O1
FAIL: g95.f95-torture/execute/intrinsic_mmval.f90 execution, -O2
FAIL: g95.f95-torture/execute/intrinsic_mmval.f90 execution, -O2 -fomit-frame-pointer -finline-functions
FAIL: g95.f95-torture/execute/intrinsic_mmval.f90 execution, -O2 -fomit-frame-pointer -finline-functions -funroll-loops
FAIL: g95.f95-torture/execute/intrinsic_mmval.f90 execution, -O2 -fomit-frame-pointer -finline-functions -funroll-all-loops
FAIL: g95.f95-torture/execute/intrinsic_mmval.f90 execution, -O3 -g
FAIL: g95.f95-torture/execute/intrinsic_mmval.f90 execution, -Os
FAIL: g95.f95-torture/execute/intrinsic_product.f90 execution, -O0
FAIL: g95.f95-torture/execute/intrinsic_product.f90 execution, -O1
FAIL: g95.f95-torture/execute/intrinsic_product.f90 execution, -O2
FAIL: g95.f95-torture/execute/intrinsic_product.f90 execution, -O2 -fomit-frame-pointer -finline-functions
FAIL: g95.f95-torture/execute/intrinsic_product.f90 execution, -O2 -fomit-frame-pointer -finline-functions -funroll-loops
FAIL: g95.f95-torture/execute/intrinsic_product.f90 execution, -O2 -fomit-frame-pointer -finline-functions -funroll-all-loops
FAIL: g95.f95-torture/execute/intrinsic_product.f90 execution, -O3 -g
FAIL: g95.f95-torture/execute/intrinsic_product.f90 execution, -Os
FAIL: g95.f95-torture/execute/intrinsic_shape.f90 execution, -O0
FAIL: g95.f95-torture/execute/intrinsic_shape.f90 execution, -O1
FAIL: g95.f95-torture/execute/intrinsic_shape.f90 execution, -O2
FAIL: g95.f95-torture/execute/intrinsic_shape.f90 execution, -O2 -fomit-frame-pointer -finline-functions
FAIL: g95.f95-torture/execute/intrinsic_shape.f90 execution, -O2 -fomit-frame-pointer -finline-functions -funroll-loops
FAIL: g95.f95-torture/execute/intrinsic_shape.f90 execution, -O2 -fomit-frame-pointer -finline-functions -funroll-all-loops
FAIL: g95.f95-torture/execute/intrinsic_shape.f90 execution, -O3 -g
FAIL: g95.f95-torture/execute/intrinsic_shape.f90 execution, -Os
FAIL: g95.f95-torture/execute/intrinsic_size.f90 execution, -O0
FAIL: g95.f95-torture/execute/intrinsic_size.f90 execution, -O1
FAIL: g95.f95-torture/execute/intrinsic_size.f90 execution, -O2
FAIL: g95.f95-torture/execute/intrinsic_size.f90 execution, -O2 -fomit-frame-pointer -finline-functions
FAIL: g95.f95-torture/execute/intrinsic_size.f90 execution, -O2 -fomit-frame-pointer -finline-functions -funroll-loops
FAIL: g95.f95-torture/execute/intrinsic_size.f90 execution, -O2 -fomit-frame-pointer -finline-functions -funroll-all-loops
FAIL: g95.f95-torture/execute/intrinsic_size.f90 execution, -O3 -g
FAIL: g95.f95-torture/execute/intrinsic_size.f90 execution, -Os
FAIL: g95.f95-torture/execute/intrinsic_sum.f90 execution, -O0
FAIL: g95.f95-torture/execute/intrinsic_sum.f90 execution, -O1
FAIL: g95.f95-torture/execute/intrinsic_sum.f90 execution, -O2
FAIL: g95.f95-torture/execute/intrinsic_sum.f90 execution, -O2 -fomit-frame-pointer -finline-functions
FAIL: g95.f95-torture/execute/intrinsic_sum.f90 execution, -O2 -fomit-frame-pointer -finline-functions -funroll-loops
FAIL: g95.f95-torture/execute/intrinsic_sum.f90 execution, -O2 -fomit-frame-pointer -finline-functions -funroll-all-loops
FAIL: g95.f95-torture/execute/intrinsic_sum.f90 execution, -O3 -g
FAIL: g95.f95-torture/execute/intrinsic_sum.f90 execution, -Os
FAIL: g95.f95-torture/execute/scalarize2.f90 execution, -O0
FAIL: g95.f95-torture/execute/scalarize2.f90 execution, -O1
FAIL: g95.f95-torture/execute/scalarize2.f90 execution, -O2
FAIL: g95.f95-torture/execute/scalarize2.f90 execution, -O2 -fomit-frame-pointer -finline-functions
FAIL: g95.f95-torture/execute/scalarize2.f90 execution, -O2 -fomit-frame-pointer -finline-functions -funroll-loops
FAIL: g95.f95-torture/execute/scalarize2.f90 execution, -O2 -fomit-frame-pointer -finline-functions -funroll-all-loops
FAIL: g95.f95-torture/execute/scalarize2.f90 execution, -O3 -g
FAIL: g95.f95-torture/execute/scalarize2.f90 execution, -Os
FAIL: g95.f95-torture/execute/strlen.f90 execution, -O0
FAIL: g95.f95-torture/execute/strlen.f90 execution, -O1
FAIL: g95.f95-torture/execute/strlen.f90 execution, -O2
FAIL: g95.f95-torture/execute/strlen.f90 execution, -O2 -fomit-frame-pointer -finline-functions
FAIL: g95.f95-torture/execute/strlen.f90 execution, -O2 -fomit-frame-pointer -finline-functions -funroll-loops
FAIL: g95.f95-torture/execute/strlen.f90 execution, -O2 -fomit-frame-pointer -finline-functions -funroll-all-loops
FAIL: g95.f95-torture/execute/strlen.f90 execution, -O3 -g
FAIL: g95.f95-torture/execute/strlen.f90 execution, -Os
=== g95 Summary ===
# of expected passes 856
# of unexpected failures 128
# of untested testcases 8
/home/toon/gcc-g95/obj/gcc/testsuite/../g95 version 3.5-tree-ssa 20030209 (experimental)
=== gcc tests ===
Running target unix
WARNING: program timed out.
FAIL: gcc.c-torture/compile/20001226-1.c, -O1
WARNING: program timed out.
FAIL: gcc.c-torture/compile/20001226-1.c, -O2
WARNING: program timed out.
FAIL: gcc.c-torture/compile/20001226-1.c, -O3 -fomit-frame-pointer
WARNING: program timed out.
FAIL: gcc.c-torture/compile/20001226-1.c, -O3 -g
WARNING: program timed out.
FAIL: gcc.c-torture/compile/20001226-1.c, -Os
FAIL: gcc.c-torture/execute/20000603-1.c execution, -O3 -fomit-frame-pointer
FAIL: gcc.c-torture/execute/20000603-1.c execution, -O3 -g
FAIL: gcc.c-torture/execute/20030125-1.c execution, -O1
FAIL: gcc.c-torture/execute/20030125-1.c execution, -O2
FAIL: gcc.c-torture/execute/20030125-1.c execution, -O3 -fomit-frame-pointer
FAIL: gcc.c-torture/execute/20030125-1.c execution, -O3 -g
FAIL: gcc.c-torture/execute/20030125-1.c execution, -Os
XPASS: gcc.c-torture/execute/930529-1.c execution, -O3 -fomit-frame-pointer
XPASS: gcc.c-torture/execute/930529-1.c execution, -O3 -fomit-frame-pointer -funroll-loops
XPASS: gcc.c-torture/execute/930529-1.c execution, -O3 -fomit-frame-pointer -funroll-all-loops -finline-functions
XPASS: gcc.c-torture/execute/930529-1.c execution, -O3 -g
FAIL: gcc.c-torture/execute/stdio-opt-1.c execution, -O1
FAIL: gcc.c-torture/execute/stdio-opt-1.c execution, -O2
FAIL: gcc.c-torture/execute/stdio-opt-1.c execution, -O3 -fomit-frame-pointer
FAIL: gcc.c-torture/execute/stdio-opt-1.c execution, -O3 -g
FAIL: gcc.c-torture/execute/stdio-opt-1.c execution, -Os
FAIL: gcc.c-torture/execute/string-opt-1.c execution, -O1
FAIL: gcc.c-torture/execute/string-opt-1.c execution, -O2
FAIL: gcc.c-torture/execute/string-opt-1.c execution, -O3 -fomit-frame-pointer
FAIL: gcc.c-torture/execute/string-opt-1.c execution, -O3 -g
FAIL: gcc.c-torture/execute/string-opt-1.c execution, -Os
FAIL: gcc.c-torture/execute/string-opt-10.c execution, -O1
FAIL: gcc.c-torture/execute/string-opt-10.c execution, -O2
FAIL: gcc.c-torture/execute/string-opt-10.c execution, -O3 -fomit-frame-pointer
FAIL: gcc.c-torture/execute/string-opt-10.c execution, -O3 -g
FAIL: gcc.c-torture/execute/string-opt-10.c execution, -Os
FAIL: gcc.c-torture/execute/string-opt-11.c execution, -O1
FAIL: gcc.c-torture/execute/string-opt-11.c execution, -O2
FAIL: gcc.c-torture/execute/string-opt-11.c execution, -O3 -fomit-frame-pointer
FAIL: gcc.c-torture/execute/string-opt-11.c execution, -O3 -g
FAIL: gcc.c-torture/execute/string-opt-11.c execution, -Os
FAIL: gcc.c-torture/execute/string-opt-12.c execution, -O1
FAIL: gcc.c-torture/execute/string-opt-12.c execution, -O2
FAIL: gcc.c-torture/execute/string-opt-12.c execution, -O3 -fomit-frame-pointer
FAIL: gcc.c-torture/execute/string-opt-12.c execution, -O3 -g
FAIL: gcc.c-torture/execute/string-opt-12.c execution, -Os
FAIL: gcc.c-torture/execute/string-opt-3.c execution, -O1
FAIL: gcc.c-torture/execute/string-opt-3.c execution, -O2
FAIL: gcc.c-torture/execute/string-opt-3.c execution, -O3 -fomit-frame-pointer
FAIL: gcc.c-torture/execute/string-opt-3.c execution, -O3 -g
FAIL: gcc.c-torture/execute/string-opt-3.c execution, -Os
FAIL: gcc.c-torture/execute/string-opt-4.c execution, -O1
FAIL: gcc.c-torture/execute/string-opt-4.c execution, -O2
FAIL: gcc.c-torture/execute/string-opt-4.c execution, -O3 -fomit-frame-pointer
FAIL: gcc.c-torture/execute/string-opt-4.c execution, -O3 -g
FAIL: gcc.c-torture/execute/string-opt-4.c execution, -Os
FAIL: gcc.c-torture/execute/string-opt-6.c execution, -O1
FAIL: gcc.c-torture/execute/string-opt-6.c execution, -O2
FAIL: gcc.c-torture/execute/string-opt-6.c execution, -O3 -fomit-frame-pointer
FAIL: gcc.c-torture/execute/string-opt-6.c execution, -O3 -g
FAIL: gcc.c-torture/execute/string-opt-6.c execution, -Os
FAIL: gcc.c-torture/execute/string-opt-7.c execution, -O1
FAIL: gcc.c-torture/execute/string-opt-7.c execution, -O2
FAIL: gcc.c-torture/execute/string-opt-7.c execution, -O3 -fomit-frame-pointer
FAIL: gcc.c-torture/execute/string-opt-7.c execution, -O3 -g
FAIL: gcc.c-torture/execute/string-opt-7.c execution, -Os
FAIL: gcc.c-torture/execute/string-opt-9.c execution, -O1
FAIL: gcc.c-torture/execute/string-opt-9.c execution, -O2
FAIL: gcc.c-torture/execute/string-opt-9.c execution, -O3 -fomit-frame-pointer
FAIL: gcc.c-torture/execute/string-opt-9.c execution, -O3 -g
FAIL: gcc.c-torture/execute/string-opt-9.c execution, -Os
FAIL: gcc.c-torture/execute/ieee/fp-cmp-4.c compilation, -O0
UNRESOLVED: gcc.c-torture/execute/ieee/fp-cmp-4.c execution, -O0
FAIL: gcc.c-torture/execute/ieee/fp-cmp-4.c compilation, -O1
UNRESOLVED: gcc.c-torture/execute/ieee/fp-cmp-4.c execution, -O1
FAIL: gcc.c-torture/execute/ieee/fp-cmp-4.c compilation, -O2
UNRESOLVED: gcc.c-torture/execute/ieee/fp-cmp-4.c execution, -O2
FAIL: gcc.c-torture/execute/ieee/fp-cmp-4.c compilation, -O3 -fomit-frame-pointer
UNRESOLVED: gcc.c-torture/execute/ieee/fp-cmp-4.c execution, -O3 -fomit-frame-pointer
FAIL: gcc.c-torture/execute/ieee/fp-cmp-4.c compilation, -O3 -fomit-frame-pointer -funroll-loops
UNRESOLVED: gcc.c-torture/execute/ieee/fp-cmp-4.c execution, -O3 -fomit-frame-pointer -funroll-loops
FAIL: gcc.c-torture/execute/ieee/fp-cmp-4.c compilation, -O3 -fomit-frame-pointer -funroll-all-loops -finline-functions
UNRESOLVED: gcc.c-torture/execute/ieee/fp-cmp-4.c execution, -O3 -fomit-frame-pointer -funroll-all-loops -finline-functions
FAIL: gcc.c-torture/execute/ieee/fp-cmp-4.c compilation, -O3 -g
UNRESOLVED: gcc.c-torture/execute/ieee/fp-cmp-4.c execution, -O3 -g
FAIL: gcc.c-torture/execute/ieee/fp-cmp-4.c compilation, -Os
UNRESOLVED: gcc.c-torture/execute/ieee/fp-cmp-4.c execution, -Os
FAIL: gcc.c-torture/execute/ieee/fp-cmp-5.c compilation, -O0
UNRESOLVED: gcc.c-torture/execute/ieee/fp-cmp-5.c execution, -O0
FAIL: gcc.c-torture/execute/ieee/fp-cmp-5.c compilation, -O1
UNRESOLVED: gcc.c-torture/execute/ieee/fp-cmp-5.c execution, -O1
FAIL: gcc.c-torture/execute/ieee/fp-cmp-5.c compilation, -O2
UNRESOLVED: gcc.c-torture/execute/ieee/fp-cmp-5.c execution, -O2
FAIL: gcc.c-torture/execute/ieee/fp-cmp-5.c compilation, -O3 -fomit-frame-pointer
UNRESOLVED: gcc.c-torture/execute/ieee/fp-cmp-5.c execution, -O3 -fomit-frame-pointer
FAIL: gcc.c-torture/execute/ieee/fp-cmp-5.c compilation, -O3 -fomit-frame-pointer -funroll-loops
UNRESOLVED: gcc.c-torture/execute/ieee/fp-cmp-5.c execution, -O3 -fomit-frame-pointer -funroll-loops
FAIL: gcc.c-torture/execute/ieee/fp-cmp-5.c compilation, -O3 -fomit-frame-pointer -funroll-all-loops -finline-functions
UNRESOLVED: gcc.c-torture/execute/ieee/fp-cmp-5.c execution, -O3 -fomit-frame-pointer -funroll-all-loops -finline-functions
FAIL: gcc.c-torture/execute/ieee/fp-cmp-5.c compilation, -O3 -g
UNRESOLVED: gcc.c-torture/execute/ieee/fp-cmp-5.c execution, -O3 -g
FAIL: gcc.c-torture/execute/ieee/fp-cmp-5.c compilation, -Os
UNRESOLVED: gcc.c-torture/execute/ieee/fp-cmp-5.c execution, -Os
FAIL: gcc.dg/20020304-1.c (test for excess errors)
FAIL: gcc.dg/Wswitch-2.c enum e4 (test for warnings, line 20)
FAIL: gcc.dg/Wswitch-2.c enum e1 (test for warnings, line 29)
FAIL: gcc.dg/Wswitch-default.c (test for warnings, line 14)
FAIL: gcc.dg/Wswitch-default.c (test for warnings, line 22)
FAIL: gcc.dg/Wswitch-default.c (test for warnings, line 31)
FAIL: gcc.dg/Wswitch-default.c (test for warnings, line 41)
FAIL: gcc.dg/Wswitch-default.c (test for warnings, line 53)
FAIL: gcc.dg/Wswitch-default.c (test for excess errors)
FAIL: gcc.dg/Wswitch-enum.c enum e1 (test for warnings, line 23)
FAIL: gcc.dg/Wswitch-enum.c enum e2 (test for warnings, line 23)
FAIL: gcc.dg/Wswitch-enum.c enum e1 (test for warnings, line 28)
FAIL: gcc.dg/Wswitch-enum.c enum e2 (test for warnings, line 28)
FAIL: gcc.dg/Wswitch-enum.c enum e2 (test for warnings, line 32)
FAIL: gcc.dg/Wswitch-enum.c enum e2 (test for warnings, line 37)
FAIL: gcc.dg/Wswitch-enum.c excess 3 (test for warnings, line 54)
FAIL: gcc.dg/Wswitch-enum.c excess 3 (test for warnings, line 61)
FAIL: gcc.dg/Wswitch.c enum e1 (test for warnings, line 23)
FAIL: gcc.dg/Wswitch.c enum e2 (test for warnings, line 23)
FAIL: gcc.dg/Wswitch.c enum e2 (test for warnings, line 32)
FAIL: gcc.dg/Wswitch.c excess 3 (test for warnings, line 54)
FAIL: gcc.dg/Wunreachable-1.c (test for warnings, line 21)
WARNING: program timed out.
FAIL: gcc.dg/c99-intconst-1.c (test for excess errors)
FAIL: gcc.dg/noreturn-1.c detect noreturn candidate (test for warnings, line 31)
FAIL: gcc.dg/noreturn-1.c detect return from noreturn (test for warnings, line 38)
FAIL: gcc.dg/noreturn-1.c detect return from tail call (test for warnings, line 59)
FAIL: gcc.dg/noreturn-1.c (test for excess errors)
FAIL: gcc.dg/noreturn-4.c warn for main (test for warnings, line 10)
FAIL: gcc.dg/noreturn-4.c (test for excess errors)
FAIL: gcc.dg/old-style-asm-1.c scan-assembler L2
FAIL: gcc.dg/typespec-1.c unsigned long long int signed (test for errors, line 935)
FAIL: gcc.dg/typespec-1.c unsigned long long int unsigned (test for errors, line 936)
FAIL: gcc.dg/typespec-1.c unsigned long long int _Bool (test for errors, line 937)
XPASS: gcc.dg/uninit-4.c uninitialized variable warning (test for bogus messages, line 26)
XPASS: gcc.dg/uninit-5.c uninitialized variable warning (test for bogus messages, line 13)
XPASS: gcc.dg/uninit-5.c uninitialized variable warning (test for bogus messages, line 27)
XPASS: gcc.dg/uninit-8.c uninitialized variable warning (test for bogus messages, line 14)
FAIL: gcc.dg/unordered-1.c (test for excess errors)
FAIL: gcc.dg/warn-1.c (test for warnings, line 8)
FAIL: gcc.dg/warn-1.c (test for warnings, line 15)
FAIL: gcc.dg/warn-1.c (test for excess errors)
FAIL: gcc.dg/noncompile/20010425-1.c (test for excess errors)
FAIL: gcc.dg/noncompile/20010425-1.c (test for excess errors)
FAIL: gcc.dg/noncompile/20010425-1.c (test for excess errors)
FAIL: gcc.dg/noncompile/20010425-1.c (test for excess errors)
FAIL: gcc.dg/noncompile/20010425-1.c (test for excess errors)
FAIL: 165: expected branch percentages not found: 11
FAIL: gcc.misc-tests/gcov-4b.c gcov: 0 failures in line counts, 1 in branch percentages, 0 in return percentages
=== gcc Summary ===
# of expected passes 21120
# of unexpected failures 122
# of unexpected successes 8
# of expected failures 64
# of unresolved testcases 16
# of unsupported tests 168
/home/toon/gcc-g95/obj/gcc/xgcc version 3.5-tree-ssa 20030209 (experimental)
Compiler version: 3.5-tree-ssa20030209(experimental)
Platform: alphaev6-unknown-linux-gnu
configure flags: --prefix=/home/toon/gcc-g95/install --disable-nls --disable-multilib --enable-languages=f77,f95 --with-libbanshee
More information about the Gcc-testresults
mailing list