Results for 3.4 20030215 (experimental) testsuite on alpha-unknown-linux-gnu
Richard Henderson
rth@dorothy.sfbay.redhat.com
Sat Feb 15 20:54:00 GMT 2003
LAST_UPDATED: Sat Feb 15 01:33:24 UTC 2003
Native configuration is alpha-unknown-linux-gnu
=== libjava tests ===
Running target unix
WARNING: program timed out.
FAIL: SyncTest execution - gij test
WARNING: program timed out.
FAIL: SyncTest execution - bytecode->native test
WARNING: program timed out.
FAIL: SyncTest execution - gij test
WARNING: program timed out.
FAIL: SyncTest -O execution - bytecode->native test
FAIL: initexc execution - gij test
FAIL: initexc execution - gij test
=== libjava Summary ===
# of expected passes 2913
# of unexpected failures 6
# of expected failures 16
# of untested testcases 18
=== libstdc++-v3 tests ===
Running target unix
FAIL: 22_locale/codecvt/always_noconv/wchar_t/3.cc execution test
FAIL: 22_locale/codecvt/encoding/wchar_t/3.cc execution test
FAIL: 22_locale/codecvt/encoding/wchar_t/wrapped_locale.cc execution test
FAIL: 22_locale/codecvt/in/wchar_t/3.cc execution test
FAIL: 22_locale/codecvt/length/wchar_t/3.cc execution test
FAIL: 22_locale/codecvt/max_length/wchar_t/3.cc execution test
FAIL: 22_locale/codecvt/max_length/wchar_t/wrapped_locale.cc execution test
FAIL: 22_locale/codecvt/out/wchar_t/3.cc execution test
FAIL: 22_locale/codecvt/unshift/wchar_t/3.cc execution test
FAIL: 22_locale/collate/transform/char/2.cc execution test
FAIL: 22_locale/collate/transform/char/wrapped_env.cc execution test
FAIL: 22_locale/collate/transform/char/wrapped_locale.cc execution test
FAIL: 22_locale/collate/transform/wchar_t/2.cc execution test
FAIL: 22_locale/collate/transform/wchar_t/wrapped_env.cc execution test
FAIL: 22_locale/collate/transform/wchar_t/wrapped_locale.cc execution test
FAIL: 22_locale/collate_byname/1.cc execution test
FAIL: 26_numerics/fabs_inline.cc (test for excess errors)
WARNING: 26_numerics/fabs_inline.cc compilation failed to produce executable
=== libstdc++-v3 Summary ===
# of expected passes 1027
# of unexpected failures 17
# of expected failures 3
=== g++ tests ===
Running target unix
FAIL: g++.dg/warn/Wunused-2.C (test for warnings, line 5)
FAIL: pch/system-1.C -g assembly comparison
FAIL: pch/system-1.C -O2 -g assembly comparison
FAIL: g++.pt/repo3.C (test for excess errors)
=== g++ Summary ===
# of expected passes 8268
# of unexpected failures 4
# of expected failures 70
# of untested testcases 22
# of unsupported tests 17
/dorothy/rth/gcc/build/ev4/gcc/testsuite/../g++ version 3.4 20030215 (experimental)
=== g77 tests ===
Running target unix
FAIL: g77.f-torture/noncompile/check0.f
=== g77 Summary ===
# of expected passes 1643
# of unexpected failures 1
# of unsupported tests 8
/dorothy/rth/gcc/build/ev4/gcc/testsuite/../g77 version 3.4 20030215 (experimental)
=== gcc tests ===
Running target unix
WARNING: program timed out.
FAIL: gcc.c-torture/compile/20001226-1.c, -O3 -g
FAIL: gcc.c-torture/execute/simd-2.c compilation, -O3 -fomit-frame-pointer
UNRESOLVED: gcc.c-torture/execute/simd-2.c execution, -O3 -fomit-frame-pointer
FAIL: gcc.c-torture/execute/simd-2.c compilation, -O3 -g
UNRESOLVED: gcc.c-torture/execute/simd-2.c execution, -O3 -g
FAIL: gcc.dg/duff-2.c (test for excess errors)
FAIL: gcc.dg/pch/inline-1.c (test for excess errors)
=== gcc Summary ===
# of expected passes 21709
# of unexpected failures 5
# of expected failures 74
# of unresolved testcases 2
# of untested testcases 1
# of unsupported tests 169
/dorothy/rth/gcc/build/ev4/gcc/xgcc version 3.4 20030215 (experimental)
=== objc tests ===
Running target unix
=== objc Summary ===
# of expected passes 1153
/dorothy/rth/gcc/build/ev4/gcc/xgcc version 3.4 20030215 (experimental)
Compiler version: 3.4 20030215 (experimental)
Platform: alpha-unknown-linux-gnu
configure flags: --prefix=/dorothy/H-alpha-linux-gnu --enable-threads alpha-unknown-linux-gnu
More information about the Gcc-testresults
mailing list