Results for 3.3 20030213 (prerelease) testsuite on powerpc64-unknown-linux-gnu (cross)
Janis Johnson
janis187@us.ibm.com
Thu Feb 13 18:33:00 GMT 2003
LAST_UPDATED: Thu Feb 13 00:50:09 UTC 2003
binutils: 2.13.90.0.4
glibc: 2.2.5
kernel: 2.4.19-ul1-ppc64-SMP
Target is powerpc64-unknown-linux-gnu
Host is powerpc-unknown-linux-gnu
=== g++ tests ===
Running target unix
WARNING: Assuming target board is the local machine (which is probably wrong).
FAIL: g++.dg/abi/mangle17.C (test for excess errors)
FAIL: g++.dg/warn/Wunused-2.C (test for warnings, line 5)
FAIL: g++.pt/instantiate4.C (test for excess errors)
FAIL: g++.pt/instantiate6.C (test for excess errors)
FAIL: g++.pt/repo1.C (test for excess errors)
FAIL: g++.pt/repo2.C (test for excess errors)
FAIL: g++.pt/repo4.C (test for excess errors)
=== g++ Summary ===
# of expected passes 7838
# of unexpected failures 7
# of expected failures 92
# of untested testcases 29
# of unsupported tests 20
/home/janis/nightly/gcc_3.3-branch/gcc-obj-cross/gcc/testsuite/../g++ version 3.3 20030213 (prerelease)
Host is powerpc-unknown-linux-gnu
=== g77 tests ===
Running target unix
WARNING: Assuming target board is the local machine (which is probably wrong).
=== g77 Summary ===
# of expected passes 1641
# of unsupported tests 9
/home/janis/nightly/gcc_3.3-branch/gcc-obj-cross/gcc/testsuite/../g77 version 3.3 20030213 (prerelease)
Host is powerpc-unknown-linux-gnu
=== gcc tests ===
Running target unix
WARNING: Assuming target board is the local machine (which is probably wrong).
FAIL: gcc.c-torture/compile/simd-5.c, -O0
FAIL: gcc.c-torture/compile/simd-5.c, -O1
FAIL: gcc.c-torture/compile/simd-5.c, -O2
FAIL: gcc.c-torture/compile/simd-5.c, -O3 -fomit-frame-pointer
FAIL: gcc.c-torture/compile/simd-5.c, -O3 -g
FAIL: gcc.c-torture/compile/simd-5.c, -Os
XPASS: gcc.c-torture/execute/20020227-1.c execution, -O0
XPASS: gcc.c-torture/execute/20020227-1.c execution, -O1
XPASS: gcc.c-torture/execute/20020227-1.c execution, -O2
XPASS: gcc.c-torture/execute/20020227-1.c execution, -O3 -fomit-frame-pointer
XPASS: gcc.c-torture/execute/20020227-1.c execution, -O3 -g
XPASS: gcc.c-torture/execute/20020227-1.c execution, -Os
FAIL: gcc.c-torture/execute/20020412-1.c execution, -O0
FAIL: gcc.c-torture/execute/20020412-1.c execution, -O1
FAIL: gcc.c-torture/execute/20020412-1.c execution, -O2
FAIL: gcc.c-torture/execute/20020412-1.c execution, -O3 -fomit-frame-pointer
FAIL: gcc.c-torture/execute/20020412-1.c execution, -O3 -fomit-frame-pointer -funroll-loops
FAIL: gcc.c-torture/execute/20020412-1.c execution, -O3 -fomit-frame-pointer -funroll-all-loops -finline-functions
FAIL: gcc.c-torture/execute/20020412-1.c execution, -O3 -g
FAIL: gcc.c-torture/execute/20020412-1.c execution, -Os
WARNING: program timed out.
FAIL: gcc.c-torture/execute/991202-1.c execution, -O2
WARNING: program timed out.
FAIL: gcc.c-torture/execute/991202-1.c execution, -O3 -fomit-frame-pointer
FAIL: gcc.c-torture/execute/991202-1.c execution, -O3 -fomit-frame-pointer -funroll-loops
WARNING: program timed out.
FAIL: gcc.c-torture/execute/991202-1.c execution, -O3 -g
WARNING: program timed out.
FAIL: gcc.c-torture/execute/991202-1.c execution, -Os
FAIL: gcc.c-torture/execute/pure-1.c compilation, -O1
UNRESOLVED: gcc.c-torture/execute/pure-1.c execution, -O1
FAIL: gcc.c-torture/execute/pure-1.c compilation, -O2
UNRESOLVED: gcc.c-torture/execute/pure-1.c execution, -O2
FAIL: gcc.c-torture/execute/pure-1.c compilation, -O3 -fomit-frame-pointer
UNRESOLVED: gcc.c-torture/execute/pure-1.c execution, -O3 -fomit-frame-pointer
FAIL: gcc.c-torture/execute/pure-1.c compilation, -O3 -g
UNRESOLVED: gcc.c-torture/execute/pure-1.c execution, -O3 -g
FAIL: gcc.c-torture/execute/pure-1.c compilation, -Os
UNRESOLVED: gcc.c-torture/execute/pure-1.c execution, -Os
FAIL: gcc.dg/debug/20020327-1.c (test for excess errors)
FAIL: gcc.dg/debug/20020327-1.c (test for excess errors)
FAIL: gcc.dg/debug/20020327-1.c (test for excess errors)
FAIL: gcc.dg/debug/20020327-1.c (test for excess errors)
FAIL: gcc.dg/debug/20020327-1.c (test for excess errors)
FAIL: gcc.dg/debug/20020327-1.c (test for excess errors)
FAIL: gcc.dg/debug/20020327-1.c (test for excess errors)
FAIL: gcc.dg/debug/20020327-1.c (test for excess errors)
FAIL: gcc.dg/debug/20020327-1.c (test for excess errors)
FAIL: gcc.dg/debug/20020327-1.c (test for excess errors)
FAIL: gcc.dg/debug/20020327-1.c (test for excess errors)
FAIL: gcc.dg/debug/20020327-1.c (test for excess errors)
FAIL: gcc.dg/debug/20020327-1.c (test for excess errors)
FAIL: gcc.dg/debug/20020327-1.c (test for excess errors)
FAIL: gcc.dg/debug/20020327-1.c (test for excess errors)
FAIL: gcc.dg/debug/20020327-1.c (test for excess errors)
FAIL: gcc.dg/debug/20020327-1.c (test for excess errors)
FAIL: gcc.dg/debug/20020327-1.c (test for excess errors)
FAIL: gcc.dg/duff-2.c (test for excess errors)
FAIL: gcc.dg/format/c99-printf-1.c %hhn unsigned char (test for warnings, line 196)
FAIL: gcc.dg/format/c99-printf-1.c (test for excess errors)
FAIL: gcc.dg/format/c99-printf-1.c %hhn unsigned char (test for warnings, line 196)
FAIL: gcc.dg/format/c99-printf-1.c (test for excess errors)
FAIL: gcc.dg/format/warnll-1.c scanf %LX (test for warnings, line 44)
FAIL: gcc.dg/format/warnll-1.c (test for excess errors)
FAIL: gcc.dg/format/warnll-1.c scanf %LX (test for warnings, line 44)
FAIL: gcc.dg/format/warnll-1.c (test for excess errors)
=== gcc Summary ===
# of expected passes 20542
# of unexpected failures 51
# of unexpected successes 6
# of expected failures 67
# of unresolved testcases 5
# of unsupported tests 164
/home/janis/nightly/gcc_3.3-branch/gcc-obj-cross/gcc/xgcc version 3.3 20030213 (prerelease)
Host is powerpc-unknown-linux-gnu
=== objc tests ===
Running target unix
WARNING: Assuming target board is the local machine (which is probably wrong).
=== objc Summary ===
# of expected passes 1153
/home/janis/nightly/gcc_3.3-branch/gcc-obj-cross/gcc/xgcc version 3.3 20030213 (prerelease)
Host is powerpc64-unknown-linux-gnu
=== libstdc++-v3 tests ===
Running target unix
WARNING: Assuming target board is the local machine (which is probably wrong).
XPASS: 22_locale/collate_byname.cc execution test
XPASS: 22_locale/collate_members_char.cc execution test
XPASS: 22_locale/collate_members_wchar_t.cc execution test
XPASS: 22_locale/ctype_is_char.cc execution test
XPASS: 22_locale/ctype_is_wchar_t.cc execution test
XPASS: 22_locale/members.cc execution test
XPASS: 22_locale/money_get_members_char.cc execution test
XPASS: 22_locale/money_get_members_wchar_t.cc execution test
XPASS: 22_locale/money_put_members_char.cc execution test
XPASS: 22_locale/money_put_members_wchar_t.cc execution test
XPASS: 22_locale/moneypunct_byname.cc execution test
XPASS: 22_locale/moneypunct_members_char.cc execution test
XPASS: 22_locale/moneypunct_members_wchar_t.cc execution test
XPASS: 22_locale/num_get_members_char.cc execution test
XPASS: 22_locale/num_get_members_wchar_t.cc execution test
XPASS: 22_locale/num_put_members_char.cc execution test
XPASS: 22_locale/num_put_members_wchar_t.cc execution test
XPASS: 22_locale/numpunct_byname.cc execution test
XPASS: 22_locale/numpunct_members_char.cc execution test
XPASS: 22_locale/numpunct_members_wchar_t.cc execution test
XPASS: 22_locale/time_get_members_char.cc execution test
XPASS: 22_locale/time_get_members_wchar_t.cc execution test
XPASS: 22_locale/time_put_members_char.cc execution test
XPASS: 22_locale/time_put_members_wchar_t.cc execution test
FAIL: 26_numerics/c99_classification_macros_c.cc (test for excess errors)
=== libstdc++-v3 Summary ===
# of expected passes 443
# of unexpected failures 1
# of unexpected successes 24
# of expected failures 3
Compiler version: 3.3 20030213 (prerelease)
Platform: powerpc64-unknown-linux-gnu
configure flags: --prefix=/home/janis/nightly/tools/cross-3.3-branch --build=powerpc-linux --host=powerpc-linux --target=powerpc64-linux --with-headers=/opt/cross/powerpc64-linux/include --with-libs=/opt/cross/powerpc64-linux/lib --disable-nls --enable-shared --enable-threads --enable-languages=c,c++,f77,java,objc
More information about the Gcc-testresults
mailing list