Results for 3.2.2 testsuite on sparc-unknown-linux-gnu
shopadm@toffoli.rd.francetelecom.fr
shopadm@toffoli.rd.francetelecom.fr
Thu Feb 13 09:22:00 GMT 2003
LAST_UPDATED:
Native configuration is sparc-unknown-linux-gnu
=== g++ tests ===
Running target unix
=== g++ Summary ===
# of expected passes 7343
# of expected failures 89
# of untested testcases 22
# of unsupported tests 5
/export/shop/build/toffoli/build-gcc-3.2.2-sparc-unknown-linux-gnu/gcc/testsuite/../g++ version 3.2.2
=== g77 tests ===
Running target unix
=== g77 Summary ===
# of expected passes 1458
# of unsupported tests 8
/export/shop/build/toffoli/build-gcc-3.2.2-sparc-unknown-linux-gnu/gcc/testsuite/../g77 version 3.2.2
=== gcc tests ===
Running target unix
WARNING: program timed out.
FAIL: gcc.c-torture/compile/20001226-1.c, -O1
WARNING: program timed out.
FAIL: gcc.c-torture/compile/20001226-1.c, -O2
WARNING: program timed out.
FAIL: gcc.c-torture/compile/20001226-1.c, -O3 -fomit-frame-pointer
WARNING: program timed out.
FAIL: gcc.c-torture/compile/20001226-1.c, -O3 -g
WARNING: program timed out.
FAIL: gcc.c-torture/compile/20001226-1.c, -Os
=== gcc Summary ===
# of expected passes 18498
# of unexpected failures 5
# of expected failures 66
# of unsupported tests 111
/export/shop/build/toffoli/build-gcc-3.2.2-sparc-unknown-linux-gnu/gcc/xgcc version 3.2.2
=== objc tests ===
Running target unix
=== objc Summary ===
# of expected passes 1035
# of expected failures 6
/export/shop/build/toffoli/build-gcc-3.2.2-sparc-unknown-linux-gnu/gcc/xgcc version 3.2.2
=== libjava tests ===
Running target unix
FAIL: Array_3 execution from source compiled test
FAIL: Array_3 execution from bytecode->native test
FAIL: Array_3 -O execution from source compiled test
FAIL: Array_3 -O execution from bytecode->native test
WARNING: program timed out.
FAIL: Thread_Monitor execution from source compiled test
WARNING: program timed out.
FAIL: Thread_Monitor execution from bytecode->native test
WARNING: program timed out.
FAIL: Thread_Monitor -O execution from source compiled test
FAIL: PR218 execution from source compiled test
FAIL: PR218 execution from bytecode->native test
FAIL: PR218 -O execution from source compiled test
FAIL: PR218 -O execution from bytecode->native test
FAIL: Invoke_1 execution from source compiled test
FAIL: Invoke_1 execution from bytecode->native test
FAIL: Invoke_1 -O execution from source compiled test
FAIL: Invoke_1 -O execution from bytecode->native test
FAIL: Throw_2 execution from source compiled test
FAIL: Throw_2 execution from bytecode->native test
FAIL: Throw_2 -O execution from source compiled test
FAIL: Throw_2 -O execution from bytecode->native test
WARNING: program timed out.
FAIL: SyncTest execution from source compiled test
WARNING: program timed out.
FAIL: SyncTest execution from bytecode->native test
WARNING: program timed out.
FAIL: SyncTest -O execution from source compiled test
WARNING: program timed out.
FAIL: SyncTest -O execution from bytecode->native test
=== libjava Summary ===
# of expected passes 2015
# of unexpected failures 23
# of expected failures 18
# of untested testcases 37
=== libstdc++-v3 tests ===
Running target unix
XPASS: 22_locale/ctype_is_wchar_t.cc execution test
FAIL: 26_numerics/c99_classification_macros_c.cc (test for excess errors)
WARNING: program timed out.
FAIL: thread/pthread1.cc execution test
WARNING: program timed out.
FAIL: thread/pthread4.cc execution test
WARNING: program timed out.
FAIL: thread/pthread5.cc execution test
WARNING: program timed out.
FAIL: thread/pthread6.cc execution test
=== libstdc++-v3 Summary ===
# of expected passes 428
# of unexpected failures 5
# of unexpected successes 1
# of expected failures 25
Compiler version: 3.2.2
Platform: sparc-unknown-linux-gnu
configure flags: --host=sparc-unknown-linux-gnu --prefix=/export/shop/stow/gcc-3.2.2/sparc-unknown-linux-gnu --infodir=/export/shop/stow/gcc-3.2.2/info --mandir=/export/shop/stow/gcc-3.2.2/man --datadir=/export/shop/stow/gcc-3.2.2/share --enable-threads=posix --enable-long-long --enable-namespaces --enable-multilib --with-as=/export/shop/stow/binutils-2.13.1/sparc-unknown-linux-gnu/bin/as --with-ld=/export/shop/stow/binutils-2.13.1/sparc-unknown-linux-gnu/bin/ld --enable-nls --with-included-gettext
More information about the Gcc-testresults
mailing list