Results for 3.2.2 testsuite on arm-unknown-linux-gnu
Matthias Klose
doko@auric.debian.org
Tue Feb 11 22:54:00 GMT 2003
LAST_UPDATED:
Native configuration is arm-unknown-linux-gnu
=== libjava tests ===
Running target unix
WARNING: program timed out.
FAIL: Thread_Monitor execution from source compiled test
WARNING: program timed out.
FAIL: Thread_Monitor execution from bytecode->native test
WARNING: program timed out.
FAIL: Thread_Monitor -O execution from source compiled test
WARNING: program timed out.
FAIL: Thread_Monitor -O execution from bytecode->native test
WARNING: program timed out.
FAIL: SyncTest execution from source compiled test
WARNING: program timed out.
FAIL: SyncTest execution from bytecode->native test
WARNING: program timed out.
FAIL: SyncTest -O execution from source compiled test
WARNING: program timed out.
FAIL: SyncTest -O execution from bytecode->native test
FAIL: InvokeReturn output from source compiled test
FAIL: InvokeReturn output from bytecode->native test
FAIL: InvokeReturn -O output from source compiled test
FAIL: InvokeReturn -O output from bytecode->native test
=== libjava Summary ===
# of expected passes 2041
# of unexpected failures 12
# of expected failures 18
# of untested testcases 22
=== libstdc++-v3 tests ===
Running target unix
FAIL: 18_support/numeric_limits.cc execution test
XPASS: 22_locale/collate_byname.cc execution test
XPASS: 22_locale/collate_members_char.cc execution test
XPASS: 22_locale/collate_members_wchar_t.cc execution test
XPASS: 22_locale/ctype_is_char.cc execution test
XPASS: 22_locale/ctype_is_wchar_t.cc execution test
XPASS: 22_locale/members.cc execution test
XPASS: 22_locale/messages_byname.cc execution test
XPASS: 22_locale/messages_members_char.cc execution test
XPASS: 22_locale/moneypunct_byname.cc execution test
XPASS: 22_locale/moneypunct_members_char.cc execution test
XPASS: 22_locale/moneypunct_members_wchar_t.cc execution test
XPASS: 22_locale/numpunct_byname.cc execution test
XPASS: 22_locale/numpunct_members_char.cc execution test
XPASS: 22_locale/numpunct_members_wchar_t.cc execution test
FAIL: 26_numerics/c99_classification_macros_c.cc (test for excess errors)
WARNING: program timed out.
FAIL: thread/pthread1.cc execution test
WARNING: program timed out.
FAIL: thread/pthread4.cc execution test
WARNING: program timed out.
FAIL: thread/pthread5.cc execution test
WARNING: program timed out.
FAIL: thread/pthread6.cc execution test
=== libstdc++-v3 Summary ===
# of expected passes 427
# of unexpected failures 6
# of unexpected successes 14
# of expected failures 12
=== g++ tests ===
Running target unix
FAIL: g++.dg/abi/vbase10.C (test for warnings, line 6)
XPASS: g++.other/init5.C Execution test
=== g++ Summary ===
# of expected passes 7338
# of unexpected failures 1
# of unexpected successes 1
# of expected failures 88
# of untested testcases 23
# of unsupported tests 6
/build/buildd/gcc-3.2-3.2.2ds8/build/gcc/testsuite/../g++ version 3.2.2
=== g77 tests ===
Running target unix
=== g77 Summary ===
# of expected passes 1458
# of unsupported tests 8
/build/buildd/gcc-3.2-3.2.2ds8/build/gcc/testsuite/../g77 version 3.2.2
=== gcc tests ===
Running target unix
FAIL: gcc.c-torture/execute/20020307-2.c execution, -O0
FAIL: gcc.c-torture/execute/20020307-2.c execution, -O1
FAIL: gcc.c-torture/execute/20020307-2.c execution, -O2
FAIL: gcc.c-torture/execute/20020307-2.c execution, -O3 -fomit-frame-pointer
FAIL: gcc.c-torture/execute/20020307-2.c execution, -O3 -fomit-frame-pointer -funroll-loops
FAIL: gcc.c-torture/execute/20020307-2.c execution, -O3 -fomit-frame-pointer -funroll-all-loops -finline-functions
FAIL: gcc.c-torture/execute/20020307-2.c execution, -O3 -g
FAIL: gcc.c-torture/execute/20020307-2.c execution, -Os
FAIL: gcc.c-torture/execute/990208-1.c execution, -O3 -fomit-frame-pointer
FAIL: gcc.c-torture/execute/990208-1.c execution, -O3 -g
FAIL: gcc.dg/20021014-1.c execution test
FAIL: gcc.dg/pack-test-1.c (test for excess errors)
FAIL: gcc.dg/pack-test-2.c (test for errors, line 7)
FAIL: gcc.dg/pack-test-2.c (test for errors, line 14)
FAIL: gcc.dg/pack-test-2.c (test for errors, line 19)
FAIL: gcc.dg/pack-test-2.c (test for excess errors)
FAIL: gcc.misc-tests/gcov-4b.c gcov: 309: expected branch percentages not found: 25
=== gcc Summary ===
# of expected passes 18474
# of unexpected failures 17
# of expected failures 66
# of unsupported tests 118
/build/buildd/gcc-3.2-3.2.2ds8/build/gcc/xgcc version 3.2.2
=== objc tests ===
Running target unix
=== objc Summary ===
# of expected passes 1035
# of expected failures 6
/build/buildd/gcc-3.2-3.2.2ds8/build/gcc/xgcc version 3.2.2
Compiler version: 3.2.2
Platform: arm-unknown-linux-gnu
configure flags: --host=arm-linux -v --enable-languages=c,c++,java,f77,proto,pascal,objc --prefix=/usr --mandir=/usr/share/man --infodir=/usr/share/info --with-gxx-include-dir=/usr/include/c++/3.2 --enable-shared --with-system-zlib --enable-nls --without-included-gettext --enable-__cxa_atexit --enable-clocale=gnu --enable-java-gc=boehm --enable-objc-gc
BOOT_CFLAGS=-O2
Patches that Debian applied in this version:
gcc-names:
versioned gcc names
gcc-version:
Add "(Debian)" to the gcc version string
fastjar-doc:
Add fastjar(1) and grepjar(1) documentation
libstdc++-incdir:
Propagate gxx_include_dir to the libstdc++ subdirectory.
libstdc++-codecvt:
libstdc++-v3/include/bits/codecvt_specializations.h: add missing qualifiers
libstdc++-pic:
Build and install libstdc++_pic.a library.
libstdc++-doclink:
link local libstdc++ documentation to local source-level documentation
gcj-debian-policy:
add /usr/share/java/repository to the classpath.
gcj-names:
versioned gcj info names
gcj-without-rpath:
don't define runtime link path for java binaries and libraries
gcj-manpage:
Fix typo in gcj documentation.
gij-classpath:
Add -cp and -classpath options for gij(1).
backport-java-6865:
2002-06-09 Tom Tromey <tromey@redhat.com>
* parse.y (method_header): Give error message in all cases.
Fixes PR java/6865.
libffi-install:
Allows libffi to be installed
deb-protoize:
build protoize/unprotoize by default
libobjc:
Find header file for Boehm garbage collector.
g77-names:
versioned g77 names
gpc-3.x:
The gpc patch from the gpc tarball.
gpc-names:
versioned gpc names
gpc-update:
gpc-testsuite:
Log the gpc test results
libgpc-shared:
build shared libgpc (pascal runtime library)
arm-libstdc++:
add definition of _GNU_SOURCE to CPLUSPLUS_CPP_SPEC
arm-tune:
ARM patch for default tuning
arm-const-double:
ARM patch for const_double, courtesy Richard Earnshaw
reporting:
<compiler> --help gives hint to /usr/share/doc/debian/bug-reporting.txt
autoreconf:
autoreconf several directories for proper mipsen libtool support
Counting all warnings,
there are 355 warnings in stage3 of this bootstrap.
Number of warnings per file:
223 SYSCALLS.c
23 gcc/combine.c
16 gcc/p/lang-specs.h
12 gcc/regclass.c
12 gcc/dwarf2out.c
9 gcc/config/arm/arm.md
4 gcc/stor-layout.c
4 gcc/reload1.c
4 gcc/p/gpc.c
4 gcc/gcc.c
4 gcc/fold-const.c
4 gcc/dbxout.c
4 ./intdoc.texi
3 gcc/cp/class.c
2 gcc/varasm.c
2 gcc/reload.c
2 gcc/objc/lang-specs.h
2 gcc/function.c
2 gcc/flow.c
2 gcc/expr.c
2 gcc/emit-rtl.c
2 gcc/crtstuff.c
2 gcc/cp/lang-specs.h
2 gcc/config/arm/arm.c
1 multilib.h
1 gcc/unwind-pe.h
1 gcc/sched-deps.c
1 gcc/regmove.c
1 gcc/profile.c
1 gcc/p/gpc-decl.c
1 gcc/java/jvspec.c
1 gcc/cp/init.c
1 gcc/calls.c
Number of warning types:
224 function declaration isn't a prototype
63 comparison between signed and unsigned
16 traditional C rejects string concatenation
13 string length `???' is greater than the length `???' ISO C89 compilers are required to support
9 signed and unsigned type in conditional expression
6 `???' defined but not used
5 constraints not supported in define_split
4 unused variable `???'
4 constraints not supported in define_peephole2
2 unlikely character ) in @var.
2 unlikely character ( in @var.
2 assignment discards qualifiers from pointer target type
2 `???' might be used uninitialized in this function
1 unused parameter `???'
1 pointer targets in passing arg ??? of `???' differ in signedness
1 comparison of unsigned expression < 0 is always false
More information about the Gcc-testresults
mailing list