Results for 3.3 20030210 (prerelease) testsuite on i486-suse-linux-gnu
Robert Schiele
schiele@pi3.informatik.uni-mannheim.de
Tue Feb 11 01:59:00 GMT 2003
LAST_UPDATED: Mon Feb 10 23:22:09 UTC 2003
Native configuration is i486-suse-linux-gnu
=== g++ tests ===
Running target unix
FAIL: g++.dg/warn/Wunused-2.C (test for warnings, line 5)
XPASS: g++.other/init5.C Execution test
=== g++ Summary ===
# of expected passes 7912
# of unexpected failures 1
# of unexpected successes 1
# of expected failures 91
# of untested testcases 9
# of unsupported tests 3
/local/gccbuild/gcc/testsuite/../g++ version 3.3 20030210 (prerelease)
=== g77 tests ===
Running target unix
=== g77 Summary ===
# of expected passes 1644
# of unsupported tests 8
/local/gccbuild/gcc/testsuite/../g77 version 3.3 20030210 (prerelease)
=== gcc tests ===
Running target unix
FAIL: gcc.dg/duff-2.c (test for excess errors)
FAIL: gcc.dg/i386-mmx-3.c (test for excess errors)
FAIL: gcc.dg/i386-ssetype-1.c (test for excess errors)
ERROR: gcc.dg/i386-ssetype-1.c: error executing dg-final: couldn't open "i386-ssetype-1.s": no such file or directory
UNRESOLVED: gcc.dg/i386-ssetype-1.c: error executing dg-final: couldn't open "i386-ssetype-1.s": no such file or directory
FAIL: gcc.dg/i386-ssetype-2.c (test for excess errors)
ERROR: gcc.dg/i386-ssetype-2.c: error executing dg-final: couldn't open "i386-ssetype-2.s": no such file or directory
UNRESOLVED: gcc.dg/i386-ssetype-2.c: error executing dg-final: couldn't open "i386-ssetype-2.s": no such file or directory
FAIL: gcc.dg/i386-ssetype-3.c (test for excess errors)
ERROR: gcc.dg/i386-ssetype-3.c: error executing dg-final: couldn't open "i386-ssetype-3.s": no such file or directory
UNRESOLVED: gcc.dg/i386-ssetype-3.c: error executing dg-final: couldn't open "i386-ssetype-3.s": no such file or directory
FAIL: gcc.dg/i386-ssetype-4.c (test for excess errors)
ERROR: gcc.dg/i386-ssetype-4.c: error executing dg-final: couldn't open "i386-ssetype-4.s": no such file or directory
UNRESOLVED: gcc.dg/i386-ssetype-4.c: error executing dg-final: couldn't open "i386-ssetype-4.s": no such file or directory
FAIL: gcc.dg/i386-ssetype-5.c (test for excess errors)
ERROR: gcc.dg/i386-ssetype-5.c: error executing dg-final: couldn't open "i386-ssetype-5.s": no such file or directory
UNRESOLVED: gcc.dg/i386-ssetype-5.c: error executing dg-final: couldn't open "i386-ssetype-5.s": no such file or directory
FAIL: gcc.dg/uninit-C.c (test for excess errors)
=== gcc Summary ===
# of expected passes 20808
# of unexpected failures 8
# of expected failures 68
# of unresolved testcases 5
# of unsupported tests 76
/local/gccbuild/gcc/xgcc version 3.3 20030210 (prerelease)
=== objc tests ===
Running target unix
=== objc Summary ===
# of expected passes 1153
/local/gccbuild/gcc/xgcc version 3.3 20030210 (prerelease)
=== libstdc++-v3 tests ===
Running target unix
XPASS: 22_locale/collate_byname.cc execution test
XPASS: 22_locale/collate_members_char.cc execution test
XPASS: 22_locale/collate_members_wchar_t.cc execution test
XPASS: 22_locale/ctype_is_char.cc execution test
XPASS: 22_locale/ctype_is_wchar_t.cc execution test
XPASS: 22_locale/members.cc execution test
XPASS: 22_locale/messages_byname.cc execution test
XPASS: 22_locale/messages_members_char.cc execution test
XPASS: 22_locale/money_get_members_char.cc execution test
XPASS: 22_locale/money_get_members_wchar_t.cc execution test
XPASS: 22_locale/money_put_members_char.cc execution test
XPASS: 22_locale/money_put_members_wchar_t.cc execution test
XPASS: 22_locale/moneypunct_byname.cc execution test
XPASS: 22_locale/moneypunct_members_char.cc execution test
XPASS: 22_locale/moneypunct_members_wchar_t.cc execution test
XPASS: 22_locale/num_get_members_char.cc execution test
XPASS: 22_locale/num_get_members_wchar_t.cc execution test
XPASS: 22_locale/num_put_members_char.cc execution test
XPASS: 22_locale/num_put_members_wchar_t.cc execution test
XPASS: 22_locale/numpunct_byname.cc execution test
XPASS: 22_locale/numpunct_members_char.cc execution test
XPASS: 22_locale/numpunct_members_wchar_t.cc execution test
XPASS: 22_locale/time_get_members_char.cc execution test
XPASS: 22_locale/time_get_members_wchar_t.cc execution test
XPASS: 22_locale/time_put_members_char.cc execution test
XPASS: 22_locale/time_put_members_wchar_t.cc execution test
FAIL: 26_numerics/c99_classification_macros_c.cc (test for excess errors)
=== libstdc++-v3 Summary ===
# of expected passes 441
# of unexpected failures 1
# of unexpected successes 26
# of expected failures 1
Compiler version: 3.3 20030210 (prerelease)
Platform: i486-suse-linux-gnu
configure flags: --host=i486-suse-linux --enable-threads=posix --prefix=/opt/Pkg/Linux/i686/gcc33 --enable-languages=c,c++,f77,objc --disable-libgcj --with-gxx-include-dir=/opt/Pkg/Linux/i686/gcc33/include/g++ --with-system-zlib --enable-shared --enable-__cxa_atexit
More information about the Gcc-testresults
mailing list