Results for 3.3 20030204 (prerelease) testsuite on sparc64-sun-solaris2.8
Robert Schiele
schiele@pi3.informatik.uni-mannheim.de
Wed Feb 5 19:53:00 GMT 2003
LAST_UPDATED: Tue Feb 4 23:23:56 UTC 2003
Native configuration is sparc64-sun-solaris2.8
=== g++ tests ===
Running target unix
FAIL: g++.dg/warn/Wunused-2.C (test for warnings, line 5)
=== g++ Summary ===
# of expected passes 7860
# of unexpected failures 1
# of expected failures 95
# of untested testcases 23
# of unsupported tests 15
/export/gccbuild/gcc/testsuite/../g++ version 3.3 20030204 (prerelease)
=== g77 tests ===
Running target unix
=== g77 Summary ===
# of expected passes 1644
# of unsupported tests 8
/export/gccbuild/gcc/testsuite/../g77 version 3.3 20030204 (prerelease)
=== gcc tests ===
Running target unix
WARNING: program timed out.
FAIL: gcc.c-torture/compile/20001226-1.c, -O1
WARNING: program timed out.
FAIL: gcc.c-torture/compile/20001226-1.c, -O2
WARNING: program timed out.
FAIL: gcc.c-torture/compile/20001226-1.c, -O3 -fomit-frame-pointer
WARNING: program timed out.
FAIL: gcc.c-torture/compile/20001226-1.c, -O3 -g
WARNING: program timed out.
FAIL: gcc.c-torture/compile/20001226-1.c, -Os
FAIL: gcc.c-torture/compile/simd-5.c, -O0
FAIL: gcc.c-torture/compile/simd-5.c, -O1
FAIL: gcc.c-torture/compile/simd-5.c, -O2
FAIL: gcc.c-torture/compile/simd-5.c, -O3 -fomit-frame-pointer
FAIL: gcc.c-torture/compile/simd-5.c, -O3 -g
FAIL: gcc.c-torture/compile/simd-5.c, -Os
XPASS: gcc.c-torture/execute/20020227-1.c execution, -O0
XPASS: gcc.c-torture/execute/20020227-1.c execution, -O1
FAIL: gcc.c-torture/execute/930921-1.c compilation, -O3 -fomit-frame-pointer -funroll-loops
UNRESOLVED: gcc.c-torture/execute/930921-1.c execution, -O3 -fomit-frame-pointer -funroll-loops
FAIL: gcc.c-torture/execute/930921-1.c compilation, -O3 -fomit-frame-pointer -funroll-all-loops -finline-functions
UNRESOLVED: gcc.c-torture/execute/930921-1.c execution, -O3 -fomit-frame-pointer -funroll-all-loops -finline-functions
WARNING: gcc.dg/20021014-1.c compilation failed to produce executable
FAIL: gcc.dg/duff-2.c (test for excess errors)
=== gcc Summary ===
# of expected passes 20607
# of unexpected failures 14
# of unexpected successes 2
# of expected failures 71
# of unresolved testcases 2
# of unsupported tests 151
/export/gccbuild/gcc/xgcc version 3.3 20030204 (prerelease)
=== objc tests ===
Running target unix
=== objc Summary ===
# of expected passes 1153
/export/gccbuild/gcc/xgcc version 3.3 20030204 (prerelease)
=== libstdc++-v3 tests ===
Running target unix
FAIL: 26_numerics/valarray_name_lookup.cc (test for excess errors)
WARNING: program timed out.
FAIL: thread/pthread4.cc execution test
=== libstdc++-v3 Summary ===
# of expected passes 415
# of unexpected failures 2
# of expected failures 18
Compiler version: 3.3 20030204 (prerelease)
Platform: sparc64-sun-solaris2.8
configure flags: --host=sparc64-sun-solaris2.8 --enable-threads=posix --prefix=/opt/Pkg/SunOS/gcc33_64 --enable-languages=c,c++,f77,objc --disable-libgcj --with-gxx-include-dir=/opt/Pkg/SunOS/gcc33_64/include/g++ --with-system-zlib --enable-shared
More information about the Gcc-testresults
mailing list