Results for 3.4 20030204 (experimental) testsuite on i386-unknown-freebsd5.0
Loren James Rittle
ljrittle@FreeBSD.org
Wed Feb 5 12:49:00 GMT 2003
Using gmake with objdir configuration on ref5 (see key)
LAST_UPDATED: Tue Feb 4 21:52:06 GMT 2003
Native configuration is i386-unknown-freebsd5.0
=== g++ tests ===
Running target unix/-pthread
WARNING: program timed out.
FAIL: g++.dg/parse/stack1.C (test for excess errors)
FAIL: g++.dg/warn/Wunused-2.C (test for warnings, line 5)
FAIL: pch/system-1.C -g assembly comparison
FAIL: pch/system-1.C -O2 -g assembly comparison
FAIL: g++.eh/badalloc1.C Execution test
FAIL: g++.law/profile1.C (test for excess errors)
=== g++ Summary ===
# of expected passes 8281
# of unexpected failures 6
# of expected failures 71
# of untested testcases 12
# of unsupported tests 3
/local0/scratch/ljrittle/gcc-build-ref5-0204/gcc/testsuite/../g++ version 3.4 20030204 (experimental)
=== g77 tests ===
Running target unix/-pthread
FAIL: g77.f-torture/execute/io1.f execution, -O0
FAIL: g77.f-torture/execute/io1.f execution, -O1
FAIL: g77.f-torture/execute/io1.f execution, -O2
FAIL: g77.f-torture/execute/io1.f execution, -O3 -fomit-frame-pointer
FAIL: g77.f-torture/execute/io1.f execution, -O3 -g
FAIL: g77.f-torture/execute/io1.f execution, -Os
=== g77 Summary ===
# of expected passes 1638
# of unexpected failures 6
# of unsupported tests 8
/local0/scratch/ljrittle/gcc-build-ref5-0204/gcc/testsuite/../g77 version 3.4 20030204 (experimental)
=== gcc tests ===
Running target unix/-pthread
WARNING: program timed out.
FAIL: gcc.c-torture/compile/20001226-1.c, -O3 -g
FAIL: gcc.c-torture/execute/conversion.c execution, -O0
FAIL: gcc.c-torture/execute/conversion.c execution, -O1
FAIL: gcc.c-torture/execute/conversion.c execution, -O2
FAIL: gcc.c-torture/execute/conversion.c execution, -Os
FAIL: gcc.dg/cpp/Wunused.c (test for excess errors)
FAIL: gcc.dg/cpp/trad/Wunused.c (test for excess errors)
FAIL: gcc.dg/duff-2.c (test for excess errors)
FAIL: gcc.dg/nest.c (test for excess errors)
WARNING: gcc.dg/nest.c compilation failed to produce executable
FAIL: gcc.dg/uninit-C.c (test for excess errors)
FAIL: gcc.dg/pch/inline-1.c (test for excess errors)
=== gcc Summary ===
# of expected passes 21465
# of unexpected failures 11
# of expected failures 65
# of untested testcases 1
# of unsupported tests 81
/local0/scratch/ljrittle/gcc-build-ref5-0204/gcc/xgcc version 3.4 20030204 (experimental)
=== objc tests ===
Running target unix/-pthread
=== objc Summary ===
# of expected passes 1153
/local0/scratch/ljrittle/gcc-build-ref5-0204/gcc/xgcc version 3.4 20030204 (experimental)
=== libjava tests ===
Running target unix/-pthread
FAIL: PR1343 compilation from bytecode
FAIL: PR1343 -O compilation from bytecode
WARNING: program timed out.
FAIL: SyncTest execution - gij test
WARNING: program timed out.
FAIL: SyncTest execution - bytecode->native test
WARNING: program timed out.
FAIL: SyncTest execution - gij test
WARNING: program timed out.
FAIL: SyncTest -O execution - bytecode->native test
FAIL: Thread_Sleep -O output - source compiled test
FAIL: Thread_Sleep -O output - bytecode->native test
FAIL: Throw_2 execution - source compiled test
FAIL: Throw_2 execution - gij test
FAIL: Throw_2 execution - bytecode->native test
FAIL: Throw_2 -O execution - source compiled test
FAIL: Throw_2 execution - gij test
FAIL: Throw_2 -O execution - bytecode->native test
=== libjava Summary ===
# of expected passes 2901
# of unexpected failures 14
# of expected failures 16
# of untested testcases 22
=== libstdc++-v3 tests ===
Running target unix/-pthread
FAIL: 22_locale/codecvt/always_noconv/char/wrapped_locale.cc execution test
FAIL: 22_locale/codecvt/encoding/char/wrapped_locale.cc execution test
FAIL: 22_locale/codecvt/in/char/wrapped_locale.cc execution test
FAIL: 22_locale/codecvt/length/char/wrapped_locale.cc execution test
FAIL: 22_locale/codecvt/max_length/char/wrapped_locale.cc execution test
FAIL: 22_locale/codecvt/out/char/wrapped_locale.cc execution test
FAIL: 22_locale/codecvt/unshift/char/wrapped_locale.cc execution test
FAIL: 22_locale/collate/compare/char/2.cc execution test
FAIL: 22_locale/collate/compare/char/wrapped_env.cc execution test
FAIL: 22_locale/collate/compare/char/wrapped_locale.cc execution test
FAIL: 22_locale/collate/hash/char/wrapped_locale.cc execution test
FAIL: 22_locale/collate/transform/char/2.cc execution test
FAIL: 22_locale/collate/transform/char/wrapped_env.cc execution test
FAIL: 22_locale/collate/transform/char/wrapped_locale.cc execution test
FAIL: 22_locale/collate_byname/1.cc execution test
FAIL: 22_locale/ctype/cons/char/1.cc execution test
FAIL: 22_locale/ctype/cons/char/wrapped_env.cc execution test
FAIL: 22_locale/ctype/cons/char/wrapped_locale.cc execution test
FAIL: 22_locale/ctype/is/char/2.cc execution test
FAIL: 22_locale/ctype/is/char/3.cc execution test
FAIL: 22_locale/ctype/is/char/wrapped_env.cc execution test
FAIL: 22_locale/ctype/is/char/wrapped_locale.cc execution test
FAIL: 22_locale/ctype/narrow/char/wrapped_locale.cc execution test
FAIL: 22_locale/ctype/scan/char/wrapped_locale.cc execution test
FAIL: 22_locale/ctype/to/char/wrapped_locale.cc execution test
FAIL: 22_locale/ctype/widen/char/wrapped_locale.cc execution test
FAIL: 22_locale/locale/cons/7.cc execution test
FAIL: 22_locale/messages/members/char/1.cc execution test
FAIL: 22_locale/messages/members/char/2.cc execution test
FAIL: 22_locale/messages/members/char/wrapped_env.cc execution test
FAIL: 22_locale/messages/members/char/wrapped_locale.cc execution test
FAIL: 22_locale/messages_byname/1.cc execution test
FAIL: 22_locale/money_get/get/char/1.cc execution test
FAIL: 22_locale/money_get/get/char/2.cc execution test
FAIL: 22_locale/money_get/get/char/3.cc execution test
FAIL: 22_locale/money_get/get/char/4.cc execution test
FAIL: 22_locale/money_get/get/char/wrapped_env.cc execution test
FAIL: 22_locale/money_get/get/char/wrapped_locale.cc execution test
FAIL: 22_locale/money_put/put/char/1.cc execution test
FAIL: 22_locale/money_put/put/char/2.cc execution test
FAIL: 22_locale/money_put/put/char/3.cc execution test
FAIL: 22_locale/money_put/put/char/wrapped_env.cc execution test
FAIL: 22_locale/money_put/put/char/wrapped_locale.cc execution test
FAIL: 22_locale/moneypunct/members/char/2.cc execution test
FAIL: 22_locale/moneypunct/members/char/wrapped_env.cc execution test
FAIL: 22_locale/moneypunct/members/char/wrapped_locale.cc execution test
FAIL: 22_locale/moneypunct_byname/1.cc execution test
FAIL: 22_locale/num_get/get/char/1.cc execution test
FAIL: 22_locale/num_get/get/char/3.cc execution test
FAIL: 22_locale/num_get/get/char/5.cc execution test
FAIL: 22_locale/num_get/get/char/6.cc execution test
FAIL: 22_locale/num_get/get/char/wrapped_env.cc execution test
FAIL: 22_locale/num_get/get/char/wrapped_locale.cc execution test
FAIL: 22_locale/num_put/put/char/1.cc execution test
FAIL: 22_locale/num_put/put/char/3.cc execution test
FAIL: 22_locale/num_put/put/char/wrapped_env.cc execution test
FAIL: 22_locale/num_put/put/char/wrapped_locale.cc execution test
FAIL: 22_locale/numpunct/members/char/2.cc execution test
FAIL: 22_locale/numpunct/members/char/wrapped_env.cc execution test
FAIL: 22_locale/numpunct/members/char/wrapped_locale.cc execution test
FAIL: 22_locale/numpunct_byname/1.cc execution test
FAIL: 22_locale/time_get/date_order/char/wrapped_locale.cc execution test
FAIL: 22_locale/time_get/get_date/char/2.cc execution test
FAIL: 22_locale/time_get/get_date/char/wrapped_env.cc execution test
FAIL: 22_locale/time_get/get_date/char/wrapped_locale.cc execution test
FAIL: 22_locale/time_get/get_monthname/char/wrapped_locale.cc execution test
FAIL: 22_locale/time_get/get_time/char/2.cc execution test
FAIL: 22_locale/time_get/get_time/char/wrapped_env.cc execution test
FAIL: 22_locale/time_get/get_time/char/wrapped_locale.cc execution test
FAIL: 22_locale/time_get/get_weekday/char/2.cc execution test
FAIL: 22_locale/time_get/get_weekday/char/wrapped_env.cc execution test
FAIL: 22_locale/time_get/get_weekday/char/wrapped_locale.cc execution test
FAIL: 22_locale/time_get/get_year/char/wrapped_locale.cc execution test
FAIL: 22_locale/time_put/put/char/2.cc execution test
FAIL: 22_locale/time_put/put/char/4.cc execution test
FAIL: 22_locale/time_put/put/char/6.cc execution test
FAIL: 22_locale/time_put/put/char/8.cc execution test
FAIL: 22_locale/time_put/put/char/wrapped_env.cc execution test
FAIL: 22_locale/time_put/put/char/wrapped_locale.cc execution test
FAIL: 24_iterators/iterator.cc execution test
FAIL: 26_numerics/c99_classification_macros_c.cc (test for errors, line 35)
XPASS: 26_numerics/c99_classification_macros_c.cc (test for excess errors)
=== libstdc++-v3 Summary ===
# of expected passes 630
# of unexpected failures 81
# of unexpected successes 1
# of expected failures 1
Compiler version: 3.4 20030204 (experimental)
Platform: i386-unknown-freebsd5.0
configure flags: --prefix=/home/ljrittle/tmp-ref5/install-ref5 --with-gnu-as --with-as=/usr/bin/as --with-gnu-ld --with-ld=/usr/bin/ld
BOOT_CFLAGS=-g -O2
Key: gmake is GNU make
make is BSD make as shipped on i386-unknown-freebsd5.0
srcdir means in-source configuration was done within the gcc source tree
objdir means out-source configuration was done within a fresh directory
ref4 (3.3) and ref5 (mainline) attempt to build gcc twice daily;
once for srcdir configuration and once for objdir configuration;
odd number days use GNU make; even days use BSD make; missing
reports infer breakage; partial reports are made when bootstap
completes in gcc but fails in a support library.
beast (3.3) builds gcc once daily using gmake with objdir conf.
See http://people.freebsd.org/~ljrittle/daily-gcc-bootstrap-reports
for all related transcript logs and log.sent files (not staged
until after all daily bootstraps for a machine complete).
More information about the Gcc-testresults
mailing list