Results for 3.4 20030205 (experimental) testsuite on i686-pc-linux-gnu
Bradley Lucier
lucier@dsl-207-066.resnet.purdue.edu
Wed Feb 5 12:31:00 GMT 2003
LAST_UPDATED: Wed Feb 5 03:50:49 UTC 2003
Native configuration is i686-pc-linux-gnu
=== g77 tests ===
Running target unix
=== g77 Summary ===
# of expected passes 1660
/home/lucier/programs/gcc/objdir/gcc/testsuite/../g77 version 3.4 20030205 (experimental)
=== gcc tests ===
Running target unix
WARNING: program timed out.
FAIL: gcc.c-torture/compile/20001226-1.c, -O0
WARNING: program timed out.
FAIL: gcc.c-torture/compile/20001226-1.c, -O1
WARNING: program timed out.
FAIL: gcc.c-torture/compile/20001226-1.c, -O2
WARNING: program timed out.
FAIL: gcc.c-torture/compile/20001226-1.c, -O3 -fomit-frame-pointer
WARNING: program timed out.
FAIL: gcc.c-torture/compile/20001226-1.c, -O3 -g
WARNING: program timed out.
FAIL: gcc.c-torture/compile/20001226-1.c, -Os
FAIL: gcc.dg/duff-2.c (test for excess errors)
FAIL: gcc.dg/uninit-C.c (test for excess errors)
FAIL: gcc.dg/pch/inline-1.c (test for excess errors)
=== gcc Summary ===
# of expected passes 21449
# of unexpected failures 9
# of expected failures 64
# of untested testcases 1
# of unsupported tests 80
/home/lucier/programs/gcc/objdir/gcc/xgcc version 3.4 20030205 (experimental)
=== g++ tests ===
Running target unix
WARNING: program timed out.
FAIL: g++.dg/parse/stack1.C (test for excess errors)
FAIL: g++.dg/warn/Wunused-2.C (test for warnings, line 5)
FAIL: pch/system-1.C -g assembly comparison
FAIL: pch/system-1.C -O2 -g assembly comparison
WARNING: program timed out.
FAIL: g++.brendan/crash49.C return type for main (test for errors, line 9)
FAIL: g++.brendan/crash49.C (test for excess errors)
FAIL: g++.oliva/template1.C instantiated from here (test for errors, line 15)
=== g++ Summary ===
# of expected passes 8279
# of unexpected failures 7
# of expected failures 69
# of untested testcases 9
# of unsupported tests 3
/home/lucier/programs/gcc/objdir/gcc/testsuite/../g++ version 3.4 20030205 (experimental)
=== objc tests ===
Running target unix
=== objc Summary ===
# of expected passes 1153
/home/lucier/programs/gcc/objdir/gcc/xgcc version 3.4 20030205 (experimental)
=== libjava tests ===
Running target unix
FAIL: PR1343 compilation from bytecode
FAIL: PR1343 -O compilation from bytecode
WARNING: program timed out.
FAIL: SyncTest execution - gij test
WARNING: program timed out.
FAIL: SyncTest execution - bytecode->native test
WARNING: program timed out.
FAIL: SyncTest execution - gij test
WARNING: program timed out.
FAIL: SyncTest -O execution - bytecode->native test
WARNING: program timed out.
FAIL: Thread_Alive execution - source compiled test
WARNING: program timed out.
FAIL: Thread_Alive -O execution - bytecode->native test
FAIL: Thread_Interrupt output - source compiled test
FAIL: Thread_Interrupt output - gij test
FAIL: Thread_Interrupt output - bytecode->native test
FAIL: Thread_Interrupt -O output - source compiled test
FAIL: Thread_Wait_Interrupt -O output - bytecode->native test
=== libjava Summary ===
# of expected passes 2906
# of unexpected failures 13
# of expected failures 16
# of untested testcases 18
=== libstdc++-v3 tests ===
Running target unix
WARNING: program timed out.
FAIL: 22_locale/codecvt/in/wchar_t/wrapped_locale.cc (test for excess errors)
WARNING: 22_locale/codecvt/in/wchar_t/wrapped_locale.cc compilation failed to produce executable
WARNING: program timed out.
FAIL: 22_locale/codecvt/max_length/char/wrapped_locale.cc (test for excess errors)
WARNING: 22_locale/codecvt/max_length/char/wrapped_locale.cc compilation failed to produce executable
WARNING: program timed out.
FAIL: 22_locale/codecvt/max_length/wchar_t/1.cc (test for excess errors)
WARNING: 22_locale/codecvt/max_length/wchar_t/1.cc compilation failed to produce executable
WARNING: program timed out.
FAIL: 22_locale/codecvt/max_length/wchar_t/wrapped_env.cc (test for excess errors)
WARNING: 22_locale/codecvt/max_length/wchar_t/wrapped_env.cc compilation failed to produce executable
WARNING: program timed out.
FAIL: 22_locale/ctype/scan/char/wrapped_locale.cc (test for excess errors)
WARNING: 22_locale/ctype/scan/char/wrapped_locale.cc compilation failed to produce executable
WARNING: program timed out.
FAIL: 22_locale/ctype/scan/wchar_t/1.cc (test for excess errors)
WARNING: 22_locale/ctype/scan/wchar_t/1.cc compilation failed to produce executable
WARNING: program timed out.
FAIL: 22_locale/ctype/scan/wchar_t/wrapped_env.cc (test for excess errors)
WARNING: 22_locale/ctype/scan/wchar_t/wrapped_env.cc compilation failed to produce executable
FAIL: 24_iterators/iterator.cc execution test
=== libstdc++-v3 Summary ===
# of expected passes 955
# of unexpected failures 8
# of expected failures 3
Compiler version: 3.4 20030205 (experimental)
Platform: i686-pc-linux-gnu
configure flags: --prefix=/usr/local/gcc-3.4 --disable-checking
Counting all warnings,
there are 14 warnings in stage3 of this bootstrap.
Number of warnings per file:
4 insn-conditions.c
2 /usr/share/bison/bison.simple
2 gcc/gcc.c
2 gcc/f/sta.c
2 gcc/crtstuff.c
1 gcc/java/jvspec.c
1 gcc/config/i386/i386.md
Number of warning types:
7 string length \`???' is greater than the length \`???' ISO C89 compilers are required to support
2 passing arg ??? of \`???' discards qualifiers from pointer target type
2 label \`???' defined but not used
2 dereferencing type-punned pointer will break strict-aliasing rules
1 operand 1 missing mode?
More information about the Gcc-testresults
mailing list