Results for 3.2.1 20030127 (Red Hat Linux 8.0 3.2.1-5) testsuite on i686-pc-linux-gnu
H. J. Lu
hjl@lucon.org
Mon Feb 3 20:54:00 GMT 2003
LAST_UPDATED: Mon Feb 3 19:24:51 UTC 2003
Native configuration is i686-pc-linux-gnu
=== g77 tests ===
Running target unix
=== g77 Summary ===
# of expected passes 1474
/export/build/gnu/gcc-3.2-redhat-8/build-i686-linux/gcc/testsuite/../g77 version 3.2.1 20030127 (Red Hat Linux 8.0 3.2.1-5)
=== gcc tests ===
Running target unix
XPASS: gcc.c-torture/execute/loop-3c.c execution, -Os
=== gcc Summary ===
# of expected passes 18803
# of unexpected successes 1
# of expected failures 68
# of unsupported tests 46
/export/build/gnu/gcc-3.2-redhat-8/build-i686-linux/gcc/xgcc version 3.2.1 20030127 (Red Hat Linux 8.0 3.2.1-5)
=== g++ tests ===
Running target unix
XPASS: g++.other/init5.C Execution test
=== g++ Summary ===
# of expected passes 7453
# of unexpected successes 1
# of expected failures 88
# of untested testcases 9
# of unsupported tests 3
/export/build/gnu/gcc-3.2-redhat-8/build-i686-linux/gcc/testsuite/../g++ version 3.2.1 20030127 (Red Hat Linux 8.0 3.2.1-5)
=== objc tests ===
Running target unix
=== objc Summary ===
# of expected passes 1047
# of expected failures 6
/export/build/gnu/gcc-3.2-redhat-8/build-i686-linux/gcc/xgcc version 3.2.1 20030127 (Red Hat Linux 8.0 3.2.1-5)
=== libjava tests ===
Running target unix
FAIL: Array_3 -O execution from source compiled test
=== libjava Summary ===
# of expected passes 2085
# of unexpected failures 1
# of expected failures 18
# of untested testcases 15
=== libstdc++-v3 tests ===
Running target unix
FAIL: 22_locale/codecvt_members_char_char.cc execution test
FAIL: 22_locale/codecvt_members_wchar_t_char.cc execution test
FAIL: 22_locale/ctor_copy_dtor.cc execution test
FAIL: 22_locale/ctype_to_char.cc execution test
FAIL: 22_locale/ctype_to_wchar_t.cc execution test
FAIL: 22_locale/facet.cc execution test
FAIL: 26_numerics/c99_classification_macros_c.cc (test for excess errors)
FAIL: 27_io/filebuf_virtuals.cc execution test
FAIL: 27_io/ostream_inserter_arith.cc execution test
FAIL: 27_io/streambuf_members.cc execution test
FAIL: 27_io/stringbuf_virtuals.cc execution test
=== libstdc++-v3 Summary ===
# of expected passes 400
# of unexpected failures 11
# of expected failures 26
Compiler version: 3.2.1 20030127 (Red Hat Linux 8.0 3.2.1-5)
Platform: i686-pc-linux-gnu
configure flags: --host=i686-pc-linux-gnu --enable-clocale=gnu --with-system-zlib --enable-shared --enable-threads=posix --enable-haifa --disable-checking --prefix=/usr/gcc-3.2-redhat-8 --with-local-prefix=/usr/local
More information about the Gcc-testresults
mailing list